{"id":14844,"date":"2014-04-10T13:47:03","date_gmt":"2014-04-10T13:47:03","guid":{"rendered":"https:\/\/www.urlaubcornwall.de\/blog\/?page_id=14844"},"modified":"2026-01-06T14:01:34","modified_gmt":"2026-01-06T14:01:34","slug":"adrenalin-quarry-abenteuern-im-freien-und-extremsport-in-cornwall","status":"publish","type":"page","link":"https:\/\/www.urlaubcornwall.de\/blog\/adrenalin-quarry-abenteuern-im-freien-und-extremsport-in-cornwall\/","title":{"rendered":"Adrenalin Quarry: Abenteuern im Freien und Extremsport in Cornwall."},"content":{"rendered":"<p><strong>Adrenalinstoss Adrenalin Quarry: Seit 2009 werden Menschen die Klippen hinunter geworfen!<\/strong><\/p>\n<p>Falls es Ihnen nach Abenteuern im Freien und Extremsport zumute ist, so ist Cornwall nun DER geeignete Ort schlechthin im Vereinten K\u00f6nigreich. Cornwall kann mit allem aufwarten, sei es Klettern mit und ohne Seil, Coasteering, Surfen, Motorsport, Quad Fahren, Kajaken, selbst Zorbing.<\/p>\n<p>Keines davon jedoch verursacht einen derartigen Kick wie das Rei\u00dfverschlussseil beim Adrenalin Quarry in S\u00fcdostcornwall. Es ist <strong>490m lang<\/strong>, Sie schwingen sich <strong>50m<\/strong> \u00fcber einem See in die L\u00fcfte und erreichen eine Geschwindigkeit von <strong>65 km\/h<\/strong>. Es ist das verr\u00fcckteste <strong>REISSVERSCHLUSSSEIL IN GANZ GROSSBRITANNIEN<\/strong>.<\/p>\n<p>Zwei parallele Drahtseile kreuzen die gefluteten Tiefen des alten Stollens, blanke Klippen erheben sich auf beiden Seiten. <strong>KEINE VORBUCHUNG N\u00d6TIG<\/strong>; The Zip ist der einzige Ort im Vereinigten K\u00f6nigreich, wo Sie einfach aufkreuzen und springen k\u00f6nnen. Keinerlei Aufhebens, keine Vorbuchung.<\/p>\n<p>Im vergangenen Jahr haben sie Tausende von Besuchern \u2013 jeden Alters, Typs, jeder Form und Gr\u00f6\u00dfe \u2013 Cornwalls neueste und erfindungsreichste Attraktion hinuntergeworfen. Zur Er\u00f6ffnung des Zip beim Adrenalin Quarry 2009 kamen Adrenalin Junkies, Aufregung Suchende, wagemutige M\u00fctter und V\u00e4ter, ganze Familien, von Kleinkindern bis zu Gro\u00dfv\u00e4tern, kleinen Jungs bis hin zu alten Damen, alle kamen sie nach S\u00fcdostcornwall, um einen der l\u00e4ngsten Rei\u00dfverschlussseile des Vereinigten K\u00f6nigreiches hinunter zu fliegen.<\/p>\n<p>Um N\u00e4heres herauszufinden oder online Tickets zu buchen, besuchen Sie bitte die <span style=\"text-decoration: underline;\"><strong><a href=\"http:\/\/www.adrenalinquarry.co.uk\/\" target=\"_blank\" rel=\"nofollow noopener noreferrer\">Website von Adrenalin Quarry &gt;<\/a><\/strong><\/span><\/p>\n<p><b> Die Riesenschaukeld<\/b><\/p>\n<p>WIDERSETZTEN SIE SICH DER SCHWERKRAFT 50m \u00dcBER UNSEREN KLIPPEN<\/p>\n<p>Steigern Sie sich von max. G zum schieren Freifall auf unserer supergro\u00dfen Schaukel. Der erste Kunde war 5 Jahre alt. Wenn er das geschafft hat, k\u00f6nnen Sie das auch!<\/p>\n<p>Die Seilwinde zieht Sie langsam genug nach oben, so dass Sie erkennen, dass dies keine besonders gute Idee ist &#8230;dann folgen ein paar Sekunden spannungsgeladener Erwartung. Mit wem auch immer Sie da hoch gehen, Sie sind alleine. Sie sp\u00fcren den entsetzlichsten, krank machenden Fall. Sie sind kurzzeitig schwerelos, bevor Sie dann aufgrund doppelter Schwerkraft beschleunigen und sich am Ende auspendeln.<\/p>\n<p>Wenn Sie gerade beginnen zu denken \u201cIch werde es \u00fcberleben!\u201d, schnellen Sie empor und \u00fcber den Klippenrand hinweg, 50m \u00fcber dem See. Dort wird es noch schlimmer, indem Sie wieder schwerelos werden und r\u00fcckw\u00e4rts den Klippen entgegen schleudern.<\/p>\n<p>Manch einer m\u00f6chte es nochmal tun, aber nicht viele! Die Riesenschaukel ist geeignet f\u00fcr Menschen von 5 &#8211; 96 Jahren.<\/p>\n<p>Um N\u00e4heres herauszufinden oder online Tickets zu buchen, besuchen Sie bitte die <span style=\"text-decoration: underline;\"><strong><a href=\"http:\/\/www.adrenalinquarry.co.uk\/\" target=\"_blank\" rel=\"nofollow noopener noreferrer\">Website von Adrenalin Quarry &gt;<\/a><\/strong><\/span><\/p>\n<p><strong> Quarry Coasteering<\/strong><\/p>\n<p>STARTEN SIE AM STEILENDE&#8230;Grenzenlos wildes Schwimmen, Klettern &amp; Tombstoning f\u00fcr Menschen ab 10 Jahren<\/p>\n<p>WESHALB ADRENALIN QUARRY = DAS NUMMER1 ANGEBOT AN COASTEERING IN CORNWALL<\/p>\n<p>Es ist das beste Coasteering Ereignis in Cornwall f\u00fcr Familien und Abenteuersuchende, da alles eine Herausforderung darstellt, die Sie selbst w\u00e4hlen. Gehen Sie mit den Spr\u00fcngen nur so weit wie Sie wollen, sacht beginnend und total verr\u00fcckt endend, dabei immer mit Spa\u00dffaktor. S\u00fc\u00dfwasser Coasteering bietet dieselbe Aufregung wie Meerescoasteering, jedoch ohne jeglichen Aufwand.<\/p>\n<p>Die ADRENALIN QUARRY GARANTIE:<br \/>\n\u2022 Ihr Termin wird NIEMALS kurzfristig abgesagt aufgrund ung\u00fcnstiger Gezeiten oder des Wetters.<br \/>\n\u2022 Wir teilen unsere Klippen nicht mit anderen Anbietern, so dass es nicht \u00fcberf\u00fcllt wird.<br \/>\n\u2022 Wie auch immer die Bedingungen, bieten wir ma\u00dfgeschneiderte Coasteering Stunden an, um s\u00e4mtlichen Talenten gerecht zu werden. (Sie sollten 10 Jahre alt oder \u00e4lter sein und in der Lage, 50m ohne Hilfe zu schwimmen.)<br \/>\nUm N\u00e4heres herauszufinden oder online Tickets zu buchen, besuchen Sie bitte die Website von Adrenalin Quarry &gt;<\/p>\n<p><strong>Speisen<\/strong><\/p>\n<p>Bestellen Sie im Voraus und nehmen sie Ihre Nahrungsmittel bei Ihrer Ankunft in Empfang (von Ostern an)<\/p>\n<p>PICKNICKS: Frisch angerichtet direkt vor Ihnen.<br \/>\nGRILLEN: Alles vorhanden, einschlie\u00dflich Grill.<\/p>\n<p>GANZJ\u00c4HRIGE SPEISEKARTE&#8230;<br \/>\n\u2022 hei\u00dfe, hausgemachte Suppe &amp; Br\u00f6tchen<br \/>\n\u2022 guter Kaffee<br \/>\n\u2022 starker Tee<br \/>\n\u2022 schnelle Wiederaufladung: Kuchen, Schokolade &amp; Chips<\/p>\n<p><strong>\u00d6rtlichkeit<\/strong><br \/>\nLEICHT ZU FINDEN AN DER A38 und lediglich 45 Minuten von Newquay oder Falmouth entfernt<\/p>\n<p>NAVIGATIONSSYSTEM PL14 3PJ<\/p>\n<p><iframe loading=\"lazy\" src=\"https:\/\/maps.google.com\/maps?t=m&amp;hl=en-GB&amp;gl=US&amp;mapclient=embed&amp;ie=UTF8&amp;ll=50.427463,-4.418616&amp;spn=0.065943,0.169086&amp;z=13&amp;iwloc=lyrftr:m,8478853156699706196,,&amp;output=embed\" width=\"740\" height=\"609\" frameborder=\"0\" marginwidth=\"0\" marginheight=\"0\" scrolling=\"no\"><\/iframe><br \/>\n<small><a style=\"color: #0000ff; text-align: left;\" href=\"https:\/\/maps.google.com\/maps?t=m&amp;hl=en-GB&amp;gl=US&amp;mapclient=embed&amp;ie=UTF8&amp;ll=50.427463,-4.418616&amp;spn=0.065943,0.169086&amp;z=13&amp;iwloc=lyrftr:m,8478853156699706196,,&amp;source=embed\">View Larger Map<\/a><\/small><\/p>\n","protected":false},"excerpt":{"rendered":"<p>Adrenalinstoss Adrenalin Quarry: Seit 2009 werden Menschen die Klippen hinunter geworfen! Falls es Ihnen nach Abenteuern im Freien und Extremsport zumute ist, so ist Cornwall nun DER geeignete Ort schlechthin im Vereinten K\u00f6nigreich. Cornwall kann mit allem aufwarten, sei es Klettern mit und ohne Seil, Coasteering, Surfen, Motorsport, Quad Fahren, Kajaken, selbst Zorbing. Keines davon [&hellip;]<\/p>\n","protected":false},"author":1,"featured_media":0,"parent":0,"menu_order":0,"comment_status":"closed","ping_status":"closed","template":"single-two.php","meta":[],"acf":[],"yoast_head":"<!-- This site is optimized with the Yoast SEO plugin v19.4 - https:\/\/yoast.com\/wordpress\/plugins\/seo\/ -->\n<title>Adrenalin Quarry: Abenteuern im Freien und Extremsport in Cornwall. - Urlaub &amp; Reisen<\/title>\n<meta name=\"robots\" content=\"index, follow, max-snippet:-1, max-image-preview:large, max-video-preview:-1\" \/>\n<link rel=\"canonical\" href=\"https:\/\/www.urlaubcornwall.de\/blog\/adrenalin-quarry-abenteuern-im-freien-und-extremsport-in-cornwall\/\" \/>\n<meta property=\"og:locale\" content=\"en_US\" \/>\n<meta property=\"og:type\" content=\"article\" \/>\n<meta property=\"og:title\" content=\"Adrenalin Quarry: Abenteuern im Freien und Extremsport in Cornwall. - Urlaub &amp; Reisen\" \/>\n<meta property=\"og:description\" content=\"Adrenalinstoss Adrenalin Quarry: Seit 2009 werden Menschen die Klippen hinunter geworfen! Falls es Ihnen nach Abenteuern im Freien und Extremsport zumute ist, so ist Cornwall nun DER geeignete Ort schlechthin im Vereinten K\u00f6nigreich. Cornwall kann mit allem aufwarten, sei es Klettern mit und ohne Seil, Coasteering, Surfen, Motorsport, Quad Fahren, Kajaken, selbst Zorbing. Keines davon [&hellip;]\" \/>\n<meta property=\"og:url\" content=\"https:\/\/www.urlaubcornwall.de\/blog\/adrenalin-quarry-abenteuern-im-freien-und-extremsport-in-cornwall\/\" \/>\n<meta property=\"og:site_name\" content=\"Urlaub &amp; Reisen\" \/>\n<meta property=\"article:modified_time\" content=\"2026-01-06T14:01:34+00:00\" \/>\n<meta name=\"twitter:card\" content=\"summary\" \/>\n<meta name=\"twitter:label1\" content=\"Est. reading time\" \/>\n\t<meta name=\"twitter:data1\" content=\"3 minutes\" \/>\n<script type=\"application\/ld+json\" class=\"yoast-schema-graph\">{\"@context\":\"https:\/\/schema.org\",\"@graph\":[{\"@type\":\"WebSite\",\"@id\":\"https:\/\/www.urlaubcornwall.de\/blog\/#website\",\"url\":\"https:\/\/www.urlaubcornwall.de\/blog\/\",\"name\":\"Urlaub &amp; Reisen\",\"description\":\"Urlaub, Reisen, Cornwall und S\u00fcdengland: eine perfekte Kombination\",\"potentialAction\":[{\"@type\":\"SearchAction\",\"target\":{\"@type\":\"EntryPoint\",\"urlTemplate\":\"https:\/\/www.urlaubcornwall.de\/blog\/?s={search_term_string}\"},\"query-input\":\"required name=search_term_string\"}],\"inLanguage\":\"en-US\"},{\"@type\":\"WebPage\",\"@id\":\"https:\/\/www.urlaubcornwall.de\/blog\/adrenalin-quarry-abenteuern-im-freien-und-extremsport-in-cornwall\/\",\"url\":\"https:\/\/www.urlaubcornwall.de\/blog\/adrenalin-quarry-abenteuern-im-freien-und-extremsport-in-cornwall\/\",\"name\":\"Adrenalin Quarry: Abenteuern im Freien und Extremsport in Cornwall. - Urlaub &amp; Reisen\",\"isPartOf\":{\"@id\":\"https:\/\/www.urlaubcornwall.de\/blog\/#website\"},\"datePublished\":\"2014-04-10T13:47:03+00:00\",\"dateModified\":\"2026-01-06T14:01:34+00:00\",\"breadcrumb\":{\"@id\":\"https:\/\/www.urlaubcornwall.de\/blog\/adrenalin-quarry-abenteuern-im-freien-und-extremsport-in-cornwall\/#breadcrumb\"},\"inLanguage\":\"en-US\",\"potentialAction\":[{\"@type\":\"ReadAction\",\"target\":[\"https:\/\/www.urlaubcornwall.de\/blog\/adrenalin-quarry-abenteuern-im-freien-und-extremsport-in-cornwall\/\"]}]},{\"@type\":\"BreadcrumbList\",\"@id\":\"https:\/\/www.urlaubcornwall.de\/blog\/adrenalin-quarry-abenteuern-im-freien-und-extremsport-in-cornwall\/#breadcrumb\",\"itemListElement\":[{\"@type\":\"ListItem\",\"position\":1,\"name\":\"Home\",\"item\":\"https:\/\/www.urlaubcornwall.de\/blog\/\"},{\"@type\":\"ListItem\",\"position\":2,\"name\":\"Adrenalin Quarry: Abenteuern im Freien und Extremsport in Cornwall.\"}]}]}<\/script>\n<!-- \/ Yoast SEO plugin. -->","yoast_head_json":{"title":"Adrenalin Quarry: Abenteuern im Freien und Extremsport in Cornwall. - Urlaub &amp; Reisen","robots":{"index":"index","follow":"follow","max-snippet":"max-snippet:-1","max-image-preview":"max-image-preview:large","max-video-preview":"max-video-preview:-1"},"canonical":"https:\/\/www.urlaubcornwall.de\/blog\/adrenalin-quarry-abenteuern-im-freien-und-extremsport-in-cornwall\/","og_locale":"en_US","og_type":"article","og_title":"Adrenalin Quarry: Abenteuern im Freien und Extremsport in Cornwall. - Urlaub &amp; Reisen","og_description":"Adrenalinstoss Adrenalin Quarry: Seit 2009 werden Menschen die Klippen hinunter geworfen! Falls es Ihnen nach Abenteuern im Freien und Extremsport zumute ist, so ist Cornwall nun DER geeignete Ort schlechthin im Vereinten K\u00f6nigreich. Cornwall kann mit allem aufwarten, sei es Klettern mit und ohne Seil, Coasteering, Surfen, Motorsport, Quad Fahren, Kajaken, selbst Zorbing. Keines davon [&hellip;]","og_url":"https:\/\/www.urlaubcornwall.de\/blog\/adrenalin-quarry-abenteuern-im-freien-und-extremsport-in-cornwall\/","og_site_name":"Urlaub &amp; Reisen","article_modified_time":"2026-01-06T14:01:34+00:00","twitter_card":"summary","twitter_misc":{"Est. reading time":"3 minutes"},"schema":{"@context":"https:\/\/schema.org","@graph":[{"@type":"WebSite","@id":"https:\/\/www.urlaubcornwall.de\/blog\/#website","url":"https:\/\/www.urlaubcornwall.de\/blog\/","name":"Urlaub &amp; Reisen","description":"Urlaub, Reisen, Cornwall und S\u00fcdengland: eine perfekte Kombination","potentialAction":[{"@type":"SearchAction","target":{"@type":"EntryPoint","urlTemplate":"https:\/\/www.urlaubcornwall.de\/blog\/?s={search_term_string}"},"query-input":"required name=search_term_string"}],"inLanguage":"en-US"},{"@type":"WebPage","@id":"https:\/\/www.urlaubcornwall.de\/blog\/adrenalin-quarry-abenteuern-im-freien-und-extremsport-in-cornwall\/","url":"https:\/\/www.urlaubcornwall.de\/blog\/adrenalin-quarry-abenteuern-im-freien-und-extremsport-in-cornwall\/","name":"Adrenalin Quarry: Abenteuern im Freien und Extremsport in Cornwall. - Urlaub &amp; Reisen","isPartOf":{"@id":"https:\/\/www.urlaubcornwall.de\/blog\/#website"},"datePublished":"2014-04-10T13:47:03+00:00","dateModified":"2026-01-06T14:01:34+00:00","breadcrumb":{"@id":"https:\/\/www.urlaubcornwall.de\/blog\/adrenalin-quarry-abenteuern-im-freien-und-extremsport-in-cornwall\/#breadcrumb"},"inLanguage":"en-US","potentialAction":[{"@type":"ReadAction","target":["https:\/\/www.urlaubcornwall.de\/blog\/adrenalin-quarry-abenteuern-im-freien-und-extremsport-in-cornwall\/"]}]},{"@type":"BreadcrumbList","@id":"https:\/\/www.urlaubcornwall.de\/blog\/adrenalin-quarry-abenteuern-im-freien-und-extremsport-in-cornwall\/#breadcrumb","itemListElement":[{"@type":"ListItem","position":1,"name":"Home","item":"https:\/\/www.urlaubcornwall.de\/blog\/"},{"@type":"ListItem","position":2,"name":"Adrenalin Quarry: Abenteuern im Freien und Extremsport in Cornwall."}]}]}},"_links":{"self":[{"href":"https:\/\/www.urlaubcornwall.de\/blog\/wp-json\/wp\/v2\/pages\/14844"}],"collection":[{"href":"https:\/\/www.urlaubcornwall.de\/blog\/wp-json\/wp\/v2\/pages"}],"about":[{"href":"https:\/\/www.urlaubcornwall.de\/blog\/wp-json\/wp\/v2\/types\/page"}],"author":[{"embeddable":true,"href":"https:\/\/www.urlaubcornwall.de\/blog\/wp-json\/wp\/v2\/users\/1"}],"replies":[{"embeddable":true,"href":"https:\/\/www.urlaubcornwall.de\/blog\/wp-json\/wp\/v2\/comments?post=14844"}],"version-history":[{"count":14,"href":"https:\/\/www.urlaubcornwall.de\/blog\/wp-json\/wp\/v2\/pages\/14844\/revisions"}],"predecessor-version":[{"id":51953,"href":"https:\/\/www.urlaubcornwall.de\/blog\/wp-json\/wp\/v2\/pages\/14844\/revisions\/51953"}],"wp:attachment":[{"href":"https:\/\/www.urlaubcornwall.de\/blog\/wp-json\/wp\/v2\/media?parent=14844"}],"curies":[{"name":"wp","href":"https:\/\/api.w.org\/{rel}","templated":true}]}}