{"id":13943,"date":"2014-03-17T13:04:01","date_gmt":"2014-03-17T13:04:01","guid":{"rendered":"https:\/\/www.urlaubcornwall.de\/blog\/?page_id=13943"},"modified":"2018-11-12T09:43:38","modified_gmt":"2018-11-12T09:43:38","slug":"das-bay-restaurant-mit-meerblick-penzance","status":"publish","type":"page","link":"https:\/\/www.urlaubcornwall.de\/blog\/das-bay-restaurant-mit-meerblick-penzance\/","title":{"rendered":"Das Bay Restaurant mit Meerblick Penzance"},"content":{"rendered":"<p>The Bay Restaurant, angeschlossen an das Hotel Penzance, genie\u00dft atemberaubenden Meeresblick \u00fcber Penzance hinweg zur gesch\u00e4ftigen Promenade, dem Hafen und St Michael\u2019s Mount.<\/p>\n<p>In friedlicher Lage nahe des Stadtzentrums bietet dieses stilvolle moderne Restaurant seinen G\u00e4sten die frischesten lokalen Zutaten von \u00f6rtlich ans\u00e4ssigen Bauernh\u00f6fen, sowie Fisch und Schalentiere von den nahe gelegenen H\u00e4fen St Ives und Newlyn.<\/p>\n<p>Das Ganztagesmen\u00fc erhalten Sie von 12 Uhr bis 18.15 Uhr, montags bis samstags, und es bietet etwas f\u00fcr Jedermann, von k\u00f6stlichen Sandwiches bis zum Men\u00fc des Tages zu einem Festpreis. Sie bekommen auch einen traditionellen Nachmittagskaffee und k\u00f6nnen dabei den Blick genie\u00dfen.<\/p>\n<p>An den Abenden von 18.45 Uhr an bietet Ihnen das 2 AA Rosetten Restaurant das Allerbeste eines feinen modern englischen Speiseerlebnisses. Dabei werden qualitativ beste Zutaten verwendet, um einfallsreiche, frische, k\u00f6stliche Speisen zu kreieren.<\/p>\n<p><strong>Unser Tipp<\/strong>: eine gro\u00dfartige Lage mit Blick hin\u00fcber zum St Michael\u2019s Mount, einen kurzen Spaziergang vom Zentrum Penzances entfernt, falls Sie in der N\u00e4he wohnen. Sein Ruf bez\u00fcglich feiner Speisen ist eines Besuches wert f\u00fcr all jene, die irgendwo in Westcornwall untergebracht sind. Verschiedene Men\u00fcs sind von The Bay w\u00e4hrend des Tages erh\u00e4ltlich, von leichten Mittagshappen bis zum abendlichen a la carte-Men\u00fc.<\/p>\n<p><span style=\"text-decoration: underline;\"><strong><a href=\" https:\/\/www.booking.com\/hotel\/gb\/mountprospect.en.html?aid=1320750&amp;no_rooms=1&amp;group_adults=2&amp;room1=A%2CA\" rel=\"nofollow\">Restaurant-Webseite <\/a><\/strong><\/span><strong><a href=\" https:\/\/www.booking.com\/hotel\/gb\/mountprospect.en.html?aid=1320750&amp;no_rooms=1&amp;group_adults=2&amp;room1=A%2CA \" target=\"_blank\" rel=\"nofollow\">&gt;<\/a><\/strong><\/p>\n<p>BEISPIEL-MEN\u00dcS<\/p>\n<p>GANZTAGESESSEN<\/p>\n<p>Men\u00fc des Tages \u2013 entsprechend der Erh\u00e4ltlichkeiten<br \/>\n2 G\u00e4nge \u00a313.45<br \/>\n3 G\u00e4nge \u00a317.45<\/p>\n<p>Sandwiches \u2013 serviert mit k\u00f6stlichem Brot und cornischen Chips<br \/>\nKlassisch zusammengestellt &#8211; \u00a37.75<br \/>\nHandverlesene Krabbe &#8211; \u00a310.95<\/p>\n<p>Ged\u00e4mpfte West Country Miesmuscheln &#8211; \u00a36.75\/\u00a39.25<br \/>\nThe Bay Burger &#8211; \u00a39.95<br \/>\nFischerpastete &#8211; \u00a39.50<\/p>\n<p>klassischer Cornish Cream Tea &#8211; \u00a37.50 pro Person<\/p>\n<p>ABENDSPEISEKARTE<\/p>\n<p>2 G\u00c4NGE \u00a325.50<br \/>\n3 G\u00c4NGE \u00a333.45<br \/>\nVorspeisen \u2013 Cornische Makrele<br \/>\nCreedy Carver Ente<br \/>\nGed\u00e4mpfte cornische Miesmuscheln<\/p>\n<p>Hauptgang &#8211; Marktfisch des Tages<br \/>\nPochierte Brust vom Freiland-Huhn<\/p>\n<p>Nachspeisen \u2013 dunkles Schokoladenfondant<br \/>\nRosenmakrone<br \/>\nCornische K\u00e4seauswahl<\/p>\n<p>Lobster und Schalentiere- Men\u00fc \u2013 bitte 24 Stunden zuvor bestellen, so dass es dann frisch vom Markt gebracht werden kann<\/p>\n<p>Dies ist nur eine sehr kleine Auswahl der erh\u00e4ltlichen Men\u00fcs.<\/p>\n<div id=\"google_blog_map\" style=\"width: 100%; height: 700px; margin-top: 25px;\" data-location=\"https:\/\/www.urlaubcornwall.de\/listings\/restaurants_blog.xml\" data-lat=\"50.123863\" data-lng=\"-5.531546\" data-zoom=\"13\">&nbsp;<\/div>\n<p style=\"text-align: left;\"><b>Klicken Sie <\/b><b>hier<\/b><b>, um sich unser vollst\u00e4ndiges Angebot der besten <a href=\"http:\/\/www.urlaubcornwall.de\/restaurants-and-gastronomie.php\"><span style=\"text-decoration: underline;\">Restaurants in Cornwall <\/span><\/a> anzusehen.<\/b><\/p>\n\n","protected":false},"excerpt":{"rendered":"<p>The Bay Restaurant, angeschlossen an das Hotel Penzance, genie\u00dft atemberaubenden Meeresblick \u00fcber Penzance hinweg zur gesch\u00e4ftigen Promenade, dem Hafen und St Michael\u2019s Mount. In friedlicher Lage nahe des Stadtzentrums bietet dieses stilvolle moderne Restaurant seinen G\u00e4sten die frischesten lokalen Zutaten von \u00f6rtlich ans\u00e4ssigen Bauernh\u00f6fen, sowie Fisch und Schalentiere von den nahe gelegenen H\u00e4fen St Ives [&hellip;]<\/p>\n","protected":false},"author":1,"featured_media":0,"parent":0,"menu_order":0,"comment_status":"closed","ping_status":"closed","template":"single-three.php","meta":[],"acf":[],"yoast_head":"<!-- This site is optimized with the Yoast SEO plugin v19.4 - https:\/\/yoast.com\/wordpress\/plugins\/seo\/ -->\n<title>Das Bay Restaurant mit Meerblick Penzance - Urlaub &amp; Reisen<\/title>\n<meta name=\"robots\" content=\"index, follow, max-snippet:-1, max-image-preview:large, max-video-preview:-1\" \/>\n<link rel=\"canonical\" href=\"https:\/\/www.urlaubcornwall.de\/blog\/das-bay-restaurant-mit-meerblick-penzance\/\" \/>\n<meta property=\"og:locale\" content=\"en_US\" \/>\n<meta property=\"og:type\" content=\"article\" \/>\n<meta property=\"og:title\" content=\"Das Bay Restaurant mit Meerblick Penzance - Urlaub &amp; Reisen\" \/>\n<meta property=\"og:description\" content=\"The Bay Restaurant, angeschlossen an das Hotel Penzance, genie\u00dft atemberaubenden Meeresblick \u00fcber Penzance hinweg zur gesch\u00e4ftigen Promenade, dem Hafen und St Michael\u2019s Mount. In friedlicher Lage nahe des Stadtzentrums bietet dieses stilvolle moderne Restaurant seinen G\u00e4sten die frischesten lokalen Zutaten von \u00f6rtlich ans\u00e4ssigen Bauernh\u00f6fen, sowie Fisch und Schalentiere von den nahe gelegenen H\u00e4fen St Ives [&hellip;]\" \/>\n<meta property=\"og:url\" content=\"https:\/\/www.urlaubcornwall.de\/blog\/das-bay-restaurant-mit-meerblick-penzance\/\" \/>\n<meta property=\"og:site_name\" content=\"Urlaub &amp; Reisen\" \/>\n<meta property=\"article:modified_time\" content=\"2018-11-12T09:43:38+00:00\" \/>\n<meta name=\"twitter:card\" content=\"summary\" \/>\n<meta name=\"twitter:label1\" content=\"Est. reading time\" \/>\n\t<meta name=\"twitter:data1\" content=\"2 minutes\" \/>\n<script type=\"application\/ld+json\" class=\"yoast-schema-graph\">{\"@context\":\"https:\/\/schema.org\",\"@graph\":[{\"@type\":\"WebSite\",\"@id\":\"https:\/\/www.urlaubcornwall.de\/blog\/#website\",\"url\":\"https:\/\/www.urlaubcornwall.de\/blog\/\",\"name\":\"Urlaub &amp; Reisen\",\"description\":\"Urlaub, Reisen, Cornwall und S\u00fcdengland: eine perfekte Kombination\",\"potentialAction\":[{\"@type\":\"SearchAction\",\"target\":{\"@type\":\"EntryPoint\",\"urlTemplate\":\"https:\/\/www.urlaubcornwall.de\/blog\/?s={search_term_string}\"},\"query-input\":\"required name=search_term_string\"}],\"inLanguage\":\"en-US\"},{\"@type\":\"WebPage\",\"@id\":\"https:\/\/www.urlaubcornwall.de\/blog\/das-bay-restaurant-mit-meerblick-penzance\/\",\"url\":\"https:\/\/www.urlaubcornwall.de\/blog\/das-bay-restaurant-mit-meerblick-penzance\/\",\"name\":\"Das Bay Restaurant mit Meerblick Penzance - Urlaub &amp; Reisen\",\"isPartOf\":{\"@id\":\"https:\/\/www.urlaubcornwall.de\/blog\/#website\"},\"datePublished\":\"2014-03-17T13:04:01+00:00\",\"dateModified\":\"2018-11-12T09:43:38+00:00\",\"breadcrumb\":{\"@id\":\"https:\/\/www.urlaubcornwall.de\/blog\/das-bay-restaurant-mit-meerblick-penzance\/#breadcrumb\"},\"inLanguage\":\"en-US\",\"potentialAction\":[{\"@type\":\"ReadAction\",\"target\":[\"https:\/\/www.urlaubcornwall.de\/blog\/das-bay-restaurant-mit-meerblick-penzance\/\"]}]},{\"@type\":\"BreadcrumbList\",\"@id\":\"https:\/\/www.urlaubcornwall.de\/blog\/das-bay-restaurant-mit-meerblick-penzance\/#breadcrumb\",\"itemListElement\":[{\"@type\":\"ListItem\",\"position\":1,\"name\":\"Home\",\"item\":\"https:\/\/www.urlaubcornwall.de\/blog\/\"},{\"@type\":\"ListItem\",\"position\":2,\"name\":\"Das Bay Restaurant mit Meerblick Penzance\"}]}]}<\/script>\n<!-- \/ Yoast SEO plugin. -->","yoast_head_json":{"title":"Das Bay Restaurant mit Meerblick Penzance - Urlaub &amp; Reisen","robots":{"index":"index","follow":"follow","max-snippet":"max-snippet:-1","max-image-preview":"max-image-preview:large","max-video-preview":"max-video-preview:-1"},"canonical":"https:\/\/www.urlaubcornwall.de\/blog\/das-bay-restaurant-mit-meerblick-penzance\/","og_locale":"en_US","og_type":"article","og_title":"Das Bay Restaurant mit Meerblick Penzance - Urlaub &amp; Reisen","og_description":"The Bay Restaurant, angeschlossen an das Hotel Penzance, genie\u00dft atemberaubenden Meeresblick \u00fcber Penzance hinweg zur gesch\u00e4ftigen Promenade, dem Hafen und St Michael\u2019s Mount. In friedlicher Lage nahe des Stadtzentrums bietet dieses stilvolle moderne Restaurant seinen G\u00e4sten die frischesten lokalen Zutaten von \u00f6rtlich ans\u00e4ssigen Bauernh\u00f6fen, sowie Fisch und Schalentiere von den nahe gelegenen H\u00e4fen St Ives [&hellip;]","og_url":"https:\/\/www.urlaubcornwall.de\/blog\/das-bay-restaurant-mit-meerblick-penzance\/","og_site_name":"Urlaub &amp; Reisen","article_modified_time":"2018-11-12T09:43:38+00:00","twitter_card":"summary","twitter_misc":{"Est. reading time":"2 minutes"},"schema":{"@context":"https:\/\/schema.org","@graph":[{"@type":"WebSite","@id":"https:\/\/www.urlaubcornwall.de\/blog\/#website","url":"https:\/\/www.urlaubcornwall.de\/blog\/","name":"Urlaub &amp; Reisen","description":"Urlaub, Reisen, Cornwall und S\u00fcdengland: eine perfekte Kombination","potentialAction":[{"@type":"SearchAction","target":{"@type":"EntryPoint","urlTemplate":"https:\/\/www.urlaubcornwall.de\/blog\/?s={search_term_string}"},"query-input":"required name=search_term_string"}],"inLanguage":"en-US"},{"@type":"WebPage","@id":"https:\/\/www.urlaubcornwall.de\/blog\/das-bay-restaurant-mit-meerblick-penzance\/","url":"https:\/\/www.urlaubcornwall.de\/blog\/das-bay-restaurant-mit-meerblick-penzance\/","name":"Das Bay Restaurant mit Meerblick Penzance - Urlaub &amp; Reisen","isPartOf":{"@id":"https:\/\/www.urlaubcornwall.de\/blog\/#website"},"datePublished":"2014-03-17T13:04:01+00:00","dateModified":"2018-11-12T09:43:38+00:00","breadcrumb":{"@id":"https:\/\/www.urlaubcornwall.de\/blog\/das-bay-restaurant-mit-meerblick-penzance\/#breadcrumb"},"inLanguage":"en-US","potentialAction":[{"@type":"ReadAction","target":["https:\/\/www.urlaubcornwall.de\/blog\/das-bay-restaurant-mit-meerblick-penzance\/"]}]},{"@type":"BreadcrumbList","@id":"https:\/\/www.urlaubcornwall.de\/blog\/das-bay-restaurant-mit-meerblick-penzance\/#breadcrumb","itemListElement":[{"@type":"ListItem","position":1,"name":"Home","item":"https:\/\/www.urlaubcornwall.de\/blog\/"},{"@type":"ListItem","position":2,"name":"Das Bay Restaurant mit Meerblick Penzance"}]}]}},"_links":{"self":[{"href":"https:\/\/www.urlaubcornwall.de\/blog\/wp-json\/wp\/v2\/pages\/13943"}],"collection":[{"href":"https:\/\/www.urlaubcornwall.de\/blog\/wp-json\/wp\/v2\/pages"}],"about":[{"href":"https:\/\/www.urlaubcornwall.de\/blog\/wp-json\/wp\/v2\/types\/page"}],"author":[{"embeddable":true,"href":"https:\/\/www.urlaubcornwall.de\/blog\/wp-json\/wp\/v2\/users\/1"}],"replies":[{"embeddable":true,"href":"https:\/\/www.urlaubcornwall.de\/blog\/wp-json\/wp\/v2\/comments?post=13943"}],"version-history":[{"count":12,"href":"https:\/\/www.urlaubcornwall.de\/blog\/wp-json\/wp\/v2\/pages\/13943\/revisions"}],"predecessor-version":[{"id":34536,"href":"https:\/\/www.urlaubcornwall.de\/blog\/wp-json\/wp\/v2\/pages\/13943\/revisions\/34536"}],"wp:attachment":[{"href":"https:\/\/www.urlaubcornwall.de\/blog\/wp-json\/wp\/v2\/media?parent=13943"}],"curies":[{"name":"wp","href":"https:\/\/api.w.org\/{rel}","templated":true}]}}