{"id":13929,"date":"2014-03-17T13:05:49","date_gmt":"2014-03-17T13:05:49","guid":{"rendered":"https:\/\/www.urlaubcornwall.de\/blog\/?page_id=13929"},"modified":"2018-02-27T15:22:17","modified_gmt":"2018-02-27T15:22:17","slug":"the-mill-house-restaurant-zwischen-port-issac-und-tintagel","status":"publish","type":"page","link":"https:\/\/www.urlaubcornwall.de\/blog\/the-mill-house-restaurant-zwischen-port-issac-und-tintagel\/","title":{"rendered":"The Mill House Restaurant zwischen Port Isaac und Tintagel"},"content":{"rendered":"<p>The Mill House liegt inmitten von 7 Ar bewaldeten Landes in einem Tal der Nordk\u00fcste Cornwalls zwischen Port Issac und Tintagel. The Mill House stammt aus dem Jahre 1760 und war eine bearbeitete M\u00fchle bis hinein in die 1930er Jahre. Der Speisesaal befindet sich l\u00e4ngs des herrlichen M\u00fchlenbaches, licht und luftig w\u00e4hrend des Tages und doch intim und romantisch am Abend.<\/p>\n<p>Die Speisen sind modern britisch und werden zubereitet aus \u00f6rtlich hergestellten Produkten hoher Qualit\u00e4t, frischem Fisch und Fleisch Nordcornwalls. Sie erhalten Biere der \u00f6rtlichen Tintagel Brauerei, wie auch der Brauerei Sharps, gemeinsam mit einer ungew\u00f6hnlichen und kreativen Weinkarte.<\/p>\n<p><span style=\"text-decoration: underline;\"><strong><a onclick=\"_gaq.push(['_trackEvent',' Mill House Restaurant Text Link', ' http:\/\/www.themillhouseinn.co.uk\/ ','outbound links']);\" href=\" http:\/\/www.themillhouseinn.co.uk\/\" target=\"_blank\" rel=\"nofollow\">Restaurant-Webseite<\/a><\/strong><\/span><strong><\/strong><\/p>\n<p>BEISPIEL-MEN\u00dcS<\/p>\n<p>RESTAURANT MENU<\/p>\n<p>Vorspeisen \u2013 kurzgebratene Jakobsmuschen, provencalische Kichererbsen, Granatapfelmelasse \u00a38.45<br \/>\nMiesmuscheln in einer Zitronen- Thymiancreme-Reduktion \u00a37.45<br \/>\nCremige Pilzsuppe \u00a35.95<\/p>\n<p>Hauptgang \u2013 gebratenes Filet vom geangelten Trebarwith Meeresbarsch \u00a318.95<br \/>\nTintagel Fisch im Bierteig &amp; Chips \u00a311.95<br \/>\nSchweinelende mit Pastete vom Mastschwein \u00a317.75<\/p>\n<p>Nachspeisen \u2013 Cornische K\u00e4seplatte &#8211; \u00a37.95<br \/>\nPistazien- und Haselnusstorte, geschlagene Creme \u00a3 6.95<\/p>\n<p>BAR SPEISEKARTE<\/p>\n<p>MITTAGSKARTE<\/p>\n<p>Gegrillter frischer Fisch des Tages \u00a311.95<br \/>\nMill House Meeresfr\u00fcchtesalat des Tages \u00a312.75<br \/>\nMakrele Goujons &amp; Chips \u00a311.45<\/p>\n<p>Au\u00dferdem erh\u00e4ltlich ist eine Auswahl an Sandwiches und Kinderspeisen.<\/p>\n<div id=\"google_blog_map\" style=\"width: 100%; height: 700px; margin-top:25px;\" data-location=\"https:\/\/www.urlaubcornwall.de\/listings\/restaurants_blog.xml\" data-lat=\"50.645215\" data-lng=\"-4.748782\" data-zoom=\"13\"><\/div>\n<p style=\"text-align: left;\"><b>Klicken Sie <\/b><b>hier<\/b><b>, um sich unser vollst\u00e4ndiges Angebot der besten <a href=\"http:\/\/www.urlaubcornwall.de\/restaurants-and-gastronomie.php\"><span style=\"text-decoration: underline;\">Restaurants in Cornwall <\/span><\/a> anzusehen.<\/b><\/p>\n\n<p style=\"text-align: right;\"><a href=\"https:\/\/plus.google.com\/103486003688192803777\/about?rel=author\">Niall MacDougall Google+<\/a><\/p>\n","protected":false},"excerpt":{"rendered":"<p>The Mill House liegt inmitten von 7 Ar bewaldeten Landes in einem Tal der Nordk\u00fcste Cornwalls zwischen Port Issac und Tintagel. The Mill House stammt aus dem Jahre 1760 und war eine bearbeitete M\u00fchle bis hinein in die 1930er Jahre. Der Speisesaal befindet sich l\u00e4ngs des herrlichen M\u00fchlenbaches, licht und luftig w\u00e4hrend des Tages und [&hellip;]<\/p>\n","protected":false},"author":1,"featured_media":0,"parent":0,"menu_order":0,"comment_status":"closed","ping_status":"closed","template":"single-three.php","meta":[],"acf":[],"yoast_head":"<!-- This site is optimized with the Yoast SEO plugin v19.4 - https:\/\/yoast.com\/wordpress\/plugins\/seo\/ -->\n<title>The Mill House Restaurant zwischen Port Isaac und Tintagel - Urlaub &amp; Reisen<\/title>\n<meta name=\"robots\" content=\"index, follow, max-snippet:-1, max-image-preview:large, max-video-preview:-1\" \/>\n<link rel=\"canonical\" href=\"https:\/\/www.urlaubcornwall.de\/blog\/the-mill-house-restaurant-zwischen-port-issac-und-tintagel\/\" \/>\n<meta property=\"og:locale\" content=\"en_US\" \/>\n<meta property=\"og:type\" content=\"article\" \/>\n<meta property=\"og:title\" content=\"The Mill House Restaurant zwischen Port Isaac und Tintagel - Urlaub &amp; Reisen\" \/>\n<meta property=\"og:description\" content=\"The Mill House liegt inmitten von 7 Ar bewaldeten Landes in einem Tal der Nordk\u00fcste Cornwalls zwischen Port Issac und Tintagel. The Mill House stammt aus dem Jahre 1760 und war eine bearbeitete M\u00fchle bis hinein in die 1930er Jahre. Der Speisesaal befindet sich l\u00e4ngs des herrlichen M\u00fchlenbaches, licht und luftig w\u00e4hrend des Tages und [&hellip;]\" \/>\n<meta property=\"og:url\" content=\"https:\/\/www.urlaubcornwall.de\/blog\/the-mill-house-restaurant-zwischen-port-issac-und-tintagel\/\" \/>\n<meta property=\"og:site_name\" content=\"Urlaub &amp; Reisen\" \/>\n<meta property=\"article:modified_time\" content=\"2018-02-27T15:22:17+00:00\" \/>\n<meta name=\"twitter:card\" content=\"summary\" \/>\n<meta name=\"twitter:label1\" content=\"Est. reading time\" \/>\n\t<meta name=\"twitter:data1\" content=\"1 minute\" \/>\n<script type=\"application\/ld+json\" class=\"yoast-schema-graph\">{\"@context\":\"https:\/\/schema.org\",\"@graph\":[{\"@type\":\"WebSite\",\"@id\":\"https:\/\/www.urlaubcornwall.de\/blog\/#website\",\"url\":\"https:\/\/www.urlaubcornwall.de\/blog\/\",\"name\":\"Urlaub &amp; Reisen\",\"description\":\"Urlaub, Reisen, Cornwall und S\u00fcdengland: eine perfekte Kombination\",\"potentialAction\":[{\"@type\":\"SearchAction\",\"target\":{\"@type\":\"EntryPoint\",\"urlTemplate\":\"https:\/\/www.urlaubcornwall.de\/blog\/?s={search_term_string}\"},\"query-input\":\"required name=search_term_string\"}],\"inLanguage\":\"en-US\"},{\"@type\":\"WebPage\",\"@id\":\"https:\/\/www.urlaubcornwall.de\/blog\/the-mill-house-restaurant-zwischen-port-issac-und-tintagel\/\",\"url\":\"https:\/\/www.urlaubcornwall.de\/blog\/the-mill-house-restaurant-zwischen-port-issac-und-tintagel\/\",\"name\":\"The Mill House Restaurant zwischen Port Isaac und Tintagel - Urlaub &amp; Reisen\",\"isPartOf\":{\"@id\":\"https:\/\/www.urlaubcornwall.de\/blog\/#website\"},\"datePublished\":\"2014-03-17T13:05:49+00:00\",\"dateModified\":\"2018-02-27T15:22:17+00:00\",\"breadcrumb\":{\"@id\":\"https:\/\/www.urlaubcornwall.de\/blog\/the-mill-house-restaurant-zwischen-port-issac-und-tintagel\/#breadcrumb\"},\"inLanguage\":\"en-US\",\"potentialAction\":[{\"@type\":\"ReadAction\",\"target\":[\"https:\/\/www.urlaubcornwall.de\/blog\/the-mill-house-restaurant-zwischen-port-issac-und-tintagel\/\"]}]},{\"@type\":\"BreadcrumbList\",\"@id\":\"https:\/\/www.urlaubcornwall.de\/blog\/the-mill-house-restaurant-zwischen-port-issac-und-tintagel\/#breadcrumb\",\"itemListElement\":[{\"@type\":\"ListItem\",\"position\":1,\"name\":\"Home\",\"item\":\"https:\/\/www.urlaubcornwall.de\/blog\/\"},{\"@type\":\"ListItem\",\"position\":2,\"name\":\"The Mill House Restaurant zwischen Port Isaac und Tintagel\"}]}]}<\/script>\n<!-- \/ Yoast SEO plugin. -->","yoast_head_json":{"title":"The Mill House Restaurant zwischen Port Isaac und Tintagel - Urlaub &amp; Reisen","robots":{"index":"index","follow":"follow","max-snippet":"max-snippet:-1","max-image-preview":"max-image-preview:large","max-video-preview":"max-video-preview:-1"},"canonical":"https:\/\/www.urlaubcornwall.de\/blog\/the-mill-house-restaurant-zwischen-port-issac-und-tintagel\/","og_locale":"en_US","og_type":"article","og_title":"The Mill House Restaurant zwischen Port Isaac und Tintagel - Urlaub &amp; Reisen","og_description":"The Mill House liegt inmitten von 7 Ar bewaldeten Landes in einem Tal der Nordk\u00fcste Cornwalls zwischen Port Issac und Tintagel. The Mill House stammt aus dem Jahre 1760 und war eine bearbeitete M\u00fchle bis hinein in die 1930er Jahre. Der Speisesaal befindet sich l\u00e4ngs des herrlichen M\u00fchlenbaches, licht und luftig w\u00e4hrend des Tages und [&hellip;]","og_url":"https:\/\/www.urlaubcornwall.de\/blog\/the-mill-house-restaurant-zwischen-port-issac-und-tintagel\/","og_site_name":"Urlaub &amp; Reisen","article_modified_time":"2018-02-27T15:22:17+00:00","twitter_card":"summary","twitter_misc":{"Est. reading time":"1 minute"},"schema":{"@context":"https:\/\/schema.org","@graph":[{"@type":"WebSite","@id":"https:\/\/www.urlaubcornwall.de\/blog\/#website","url":"https:\/\/www.urlaubcornwall.de\/blog\/","name":"Urlaub &amp; Reisen","description":"Urlaub, Reisen, Cornwall und S\u00fcdengland: eine perfekte Kombination","potentialAction":[{"@type":"SearchAction","target":{"@type":"EntryPoint","urlTemplate":"https:\/\/www.urlaubcornwall.de\/blog\/?s={search_term_string}"},"query-input":"required name=search_term_string"}],"inLanguage":"en-US"},{"@type":"WebPage","@id":"https:\/\/www.urlaubcornwall.de\/blog\/the-mill-house-restaurant-zwischen-port-issac-und-tintagel\/","url":"https:\/\/www.urlaubcornwall.de\/blog\/the-mill-house-restaurant-zwischen-port-issac-und-tintagel\/","name":"The Mill House Restaurant zwischen Port Isaac und Tintagel - Urlaub &amp; Reisen","isPartOf":{"@id":"https:\/\/www.urlaubcornwall.de\/blog\/#website"},"datePublished":"2014-03-17T13:05:49+00:00","dateModified":"2018-02-27T15:22:17+00:00","breadcrumb":{"@id":"https:\/\/www.urlaubcornwall.de\/blog\/the-mill-house-restaurant-zwischen-port-issac-und-tintagel\/#breadcrumb"},"inLanguage":"en-US","potentialAction":[{"@type":"ReadAction","target":["https:\/\/www.urlaubcornwall.de\/blog\/the-mill-house-restaurant-zwischen-port-issac-und-tintagel\/"]}]},{"@type":"BreadcrumbList","@id":"https:\/\/www.urlaubcornwall.de\/blog\/the-mill-house-restaurant-zwischen-port-issac-und-tintagel\/#breadcrumb","itemListElement":[{"@type":"ListItem","position":1,"name":"Home","item":"https:\/\/www.urlaubcornwall.de\/blog\/"},{"@type":"ListItem","position":2,"name":"The Mill House Restaurant zwischen Port Isaac und Tintagel"}]}]}},"_links":{"self":[{"href":"https:\/\/www.urlaubcornwall.de\/blog\/wp-json\/wp\/v2\/pages\/13929"}],"collection":[{"href":"https:\/\/www.urlaubcornwall.de\/blog\/wp-json\/wp\/v2\/pages"}],"about":[{"href":"https:\/\/www.urlaubcornwall.de\/blog\/wp-json\/wp\/v2\/types\/page"}],"author":[{"embeddable":true,"href":"https:\/\/www.urlaubcornwall.de\/blog\/wp-json\/wp\/v2\/users\/1"}],"replies":[{"embeddable":true,"href":"https:\/\/www.urlaubcornwall.de\/blog\/wp-json\/wp\/v2\/comments?post=13929"}],"version-history":[{"count":11,"href":"https:\/\/www.urlaubcornwall.de\/blog\/wp-json\/wp\/v2\/pages\/13929\/revisions"}],"predecessor-version":[{"id":32689,"href":"https:\/\/www.urlaubcornwall.de\/blog\/wp-json\/wp\/v2\/pages\/13929\/revisions\/32689"}],"wp:attachment":[{"href":"https:\/\/www.urlaubcornwall.de\/blog\/wp-json\/wp\/v2\/media?parent=13929"}],"curies":[{"name":"wp","href":"https:\/\/api.w.org\/{rel}","templated":true}]}}