{"id":13363,"date":"2014-03-06T19:21:43","date_gmt":"2014-03-06T19:21:43","guid":{"rendered":"https:\/\/www.urlaubcornwall.de\/blog\/?page_id=13363"},"modified":"2019-04-01T11:16:19","modified_gmt":"2019-04-01T11:16:19","slug":"hundefreundliche-ferienhaeuser-und-ferienwohnungen-suedengland","status":"publish","type":"page","link":"https:\/\/www.urlaubcornwall.de\/blog\/hundefreundliche-ferienhaeuser-und-ferienwohnungen-suedengland\/","title":{"rendered":"Hundefreundliche Ferienh\u00e4user S\u00fcdengland"},"content":{"rendered":"<div id=\"attachment_13364\" style=\"width: 750px\" class=\"wp-caption aligncenter\"><a href=\"https:\/\/www.urlaubcornwall.de\/blog\/wp-content\/uploads\/2014\/03\/FQW3h851.jpg\"><img aria-describedby=\"caption-attachment-13364\" loading=\"lazy\" class=\"size-full wp-image-13364\" src=\"https:\/\/www.urlaubcornwall.de\/blog\/wp-content\/uploads\/2014\/03\/FQW3h851.jpg\" alt=\"Urlaub S\u00fcdengland mit Hund\" height=\"327\" width=\"740\" srcset=\"https:\/\/www.urlaubcornwall.de\/blog\/wp-content\/uploads\/2014\/03\/FQW3h851.jpg 740w, https:\/\/www.urlaubcornwall.de\/blog\/wp-content\/uploads\/2014\/03\/FQW3h851-300x132.jpg 300w\" sizes=\"(max-width: 740px) 100vw, 740px\" \/><\/a><p id=\"caption-attachment-13364\" class=\"wp-caption-text\">Urlaub S\u00fcdengland mit Hund<\/p><\/div>\n<h1 style=\"text-align: center;\"><strong>Bei uns finden Sie Ferienh\u00e4user zum Verlieben \u2013 so einfach ist das!<\/strong><\/h1>\n<p style=\"text-align: center;\">Hier ist unsere einzigartige Auswahl hundefreundlicher Ferienh\u00e4user und Ferienwohnungen in S\u00fcdengland.<\/p>\n<p style=\"text-align: center;\"><a class=\"tidycta\" href=\"https:\/\/www.urlaubcornwall.de\/ferienhaeuser\/suedengland.php\">Suche Ferienh\u00e4user in S\u00fcdengland &gt;&gt;<\/a><\/p>\n<table>\n<tbody>\n<tr>\n<td><img loading=\"lazy\" class=\"aligncenter size-full wp-image-7090\" style=\"border: 0pt none; padding: 0px;\" src=\"https:\/\/www.urlaubcornwall.de\/blog\/wp-content\/uploads\/2012\/05\/IMG_00551.jpg\" alt=\"Sussex mit hund\" height=\"118\" width=\"148\"\/><\/td>\n<td>\n<p style=\"text-align: center;\"><strong>Urlaub in Kent und Sussex mit Hund<\/strong>, <strong>S\u00fcdost-England<\/strong><\/p>\n<h3 style=\"text-align: center;\">&nbsp;<\/h3>\n<p style=\"text-align: center;\">Kent und Sussex repr\u00e4sentieren viele H\u00f6hepunkte f\u00fcr Besucher, die diesen Teil Englands aufsuchen, und wir k\u00f6nnen herrlich gelegene Ferienh\u00e4user und Ferienwohnungen&#8230;<\/p>\n<h3 style=\"text-align: center;\">&nbsp;<\/h3>\n<p style=\"text-align: center;\">Hundefreundliche Ferienh\u00e4user Ferienwohnungen in <a href=\"https:\/\/www.urlaubcornwall.de\/ferienhaeuser-fewos\/eng\/kent\/kent-hundefreundlich.html\"><span style=\"text-decoration: underline;\"><strong>Kent<\/strong><\/span><\/a> und <a href=\"https:\/\/www.urlaubcornwall.de\/ferienhaeuser-fewos\/eng\/sussex\/sussex-hundefreundlich.html\"><span style=\"text-decoration: underline;\"><strong>Sussex<\/strong><\/span><\/a><\/p>\n<\/td>\n<\/tr>\n<\/tbody>\n<\/table>\n<table>\n<tbody>\n<tr>\n<td><img loading=\"lazy\" class=\"aligncenter size-full wp-image-7090\" style=\"border: 0pt none; padding: 0px;\" src=\"https:\/\/www.urlaubcornwall.de\/blog\/wp-content\/uploads\/2012\/05\/DSC_28752.jpg\" alt=\"Cornwall mit hund\" height=\"118\" width=\"148\"\/><\/td>\n<td>\n<p style=\"text-align: center;\"><strong>Urlaub in Cornwall &amp; S\u00fcdwest-England mit Hund<\/strong><\/p>\n<h3 style=\"text-align: center;\">&nbsp;<\/h3>\n<p style=\"text-align: center;\">UrlaubCornwall verf\u00fcgen \u00fcber 250 hundefreundliche Ferienh\u00e4user und Ferienwohnungen in ganz <a href=\"http:\/\/www.urlaubcornwall.de\/ferienhaeuser-fewos\/hundefreundlich-cornwall.html\"><span style=\"text-decoration: underline;\"><strong>Cornwall<\/strong><\/span><\/a>, <a href=\"http:\/\/www.urlaubcornwall.de\/ferienhaeuser-fewos\/hundefreundlich-devon.html\"><span style=\"text-decoration: underline;\"><strong>Devon<\/strong><\/span><\/a>, <a href=\"http:\/\/www.urlaubcornwall.de\/ferienhaeuser-fewos\/hundefreundlich-dorset.html\"><span style=\"text-decoration: underline;\"><strong>Dorset<\/strong><\/span><\/a> und <a href=\"http:\/\/www.urlaubcornwall.de\/ferienhaeuser-fewos\/hundefreundlich-somerset.html\"><span style=\"text-decoration: underline;\"><strong>Somerset<\/strong><\/span><\/a> im restlichen S\u00fcdwestengland.<\/p>\n<\/td>\n<\/tr>\n<\/tbody>\n<\/table>\n<p style=\"text-align: center;\">Ihren Hund mitzubringen w\u00e4hrend der Urlaub in S\u00fcdengland ist f\u00fcr viele unabdingbar; Hunde sind Teil der Familie. Wir verstehen dies und haben eine Auswahl hundefreundlicher Ferienh\u00e4user und Ferienwohnungen f\u00fcr Hundebesitzer in gro\u00dfartiger Lage. Wir ermutigen unsere Ferienhausbesitzer, Hunde zu akzeptieren in Gegenden, wo Hundespazierg\u00e4nge m\u00f6glich und beliebt sind. Ob es nun das offene Land ist, hundefreundliche Str\u00e4nde, K\u00fcste oder Waldwege, so haben wir eine gro\u00dfe Auswahl in Kent, Sussex, Dorset und im S\u00fcdwesten; Cornwall, Devon und Somerset.<\/p>\n\n","protected":false},"excerpt":{"rendered":"<p>Bei uns finden Sie Ferienh\u00e4user zum Verlieben \u2013 so einfach ist das! Hier ist unsere einzigartige Auswahl hundefreundlicher Ferienh\u00e4user und Ferienwohnungen in S\u00fcdengland. Suche Ferienh\u00e4user in S\u00fcdengland &gt;&gt; Urlaub in Kent und Sussex mit Hund, S\u00fcdost-England &nbsp; Kent und Sussex repr\u00e4sentieren viele H\u00f6hepunkte f\u00fcr Besucher, die diesen Teil Englands aufsuchen, und wir k\u00f6nnen herrlich gelegene [&hellip;]<\/p>\n","protected":false},"author":1,"featured_media":0,"parent":0,"menu_order":0,"comment_status":"closed","ping_status":"closed","template":"single-four.php","meta":[],"acf":[],"yoast_head":"<!-- This site is optimized with the Yoast SEO plugin v19.4 - https:\/\/yoast.com\/wordpress\/plugins\/seo\/ -->\n<title>Hundefreundliche Ferienh\u00e4user S\u00fcdengland - Urlaub &amp; Reisen<\/title>\n<meta name=\"robots\" content=\"index, follow, max-snippet:-1, max-image-preview:large, max-video-preview:-1\" \/>\n<link rel=\"canonical\" href=\"https:\/\/www.urlaubcornwall.de\/blog\/hundefreundliche-ferienhaeuser-und-ferienwohnungen-suedengland\/\" \/>\n<meta property=\"og:locale\" content=\"en_US\" \/>\n<meta property=\"og:type\" content=\"article\" \/>\n<meta property=\"og:title\" content=\"Hundefreundliche Ferienh\u00e4user S\u00fcdengland - Urlaub &amp; Reisen\" \/>\n<meta property=\"og:description\" content=\"Bei uns finden Sie Ferienh\u00e4user zum Verlieben \u2013 so einfach ist das! Hier ist unsere einzigartige Auswahl hundefreundlicher Ferienh\u00e4user und Ferienwohnungen in S\u00fcdengland. Suche Ferienh\u00e4user in S\u00fcdengland &gt;&gt; Urlaub in Kent und Sussex mit Hund, S\u00fcdost-England &nbsp; Kent und Sussex repr\u00e4sentieren viele H\u00f6hepunkte f\u00fcr Besucher, die diesen Teil Englands aufsuchen, und wir k\u00f6nnen herrlich gelegene [&hellip;]\" \/>\n<meta property=\"og:url\" content=\"https:\/\/www.urlaubcornwall.de\/blog\/hundefreundliche-ferienhaeuser-und-ferienwohnungen-suedengland\/\" \/>\n<meta property=\"og:site_name\" content=\"Urlaub &amp; Reisen\" \/>\n<meta property=\"article:modified_time\" content=\"2019-04-01T11:16:19+00:00\" \/>\n<meta property=\"og:image\" content=\"https:\/\/www.urlaubcornwall.de\/blog\/wp-content\/uploads\/2014\/03\/FQW3h851.jpg\" \/>\n<meta name=\"twitter:card\" content=\"summary\" \/>\n<meta name=\"twitter:label1\" content=\"Est. reading time\" \/>\n\t<meta name=\"twitter:data1\" content=\"1 minute\" \/>\n<script type=\"application\/ld+json\" class=\"yoast-schema-graph\">{\"@context\":\"https:\/\/schema.org\",\"@graph\":[{\"@type\":\"WebSite\",\"@id\":\"https:\/\/www.urlaubcornwall.de\/blog\/#website\",\"url\":\"https:\/\/www.urlaubcornwall.de\/blog\/\",\"name\":\"Urlaub &amp; Reisen\",\"description\":\"Urlaub, Reisen, Cornwall und S\u00fcdengland: eine perfekte Kombination\",\"potentialAction\":[{\"@type\":\"SearchAction\",\"target\":{\"@type\":\"EntryPoint\",\"urlTemplate\":\"https:\/\/www.urlaubcornwall.de\/blog\/?s={search_term_string}\"},\"query-input\":\"required name=search_term_string\"}],\"inLanguage\":\"en-US\"},{\"@type\":\"WebPage\",\"@id\":\"https:\/\/www.urlaubcornwall.de\/blog\/hundefreundliche-ferienhaeuser-und-ferienwohnungen-suedengland\/\",\"url\":\"https:\/\/www.urlaubcornwall.de\/blog\/hundefreundliche-ferienhaeuser-und-ferienwohnungen-suedengland\/\",\"name\":\"Hundefreundliche Ferienh\u00e4user S\u00fcdengland - Urlaub &amp; Reisen\",\"isPartOf\":{\"@id\":\"https:\/\/www.urlaubcornwall.de\/blog\/#website\"},\"datePublished\":\"2014-03-06T19:21:43+00:00\",\"dateModified\":\"2019-04-01T11:16:19+00:00\",\"breadcrumb\":{\"@id\":\"https:\/\/www.urlaubcornwall.de\/blog\/hundefreundliche-ferienhaeuser-und-ferienwohnungen-suedengland\/#breadcrumb\"},\"inLanguage\":\"en-US\",\"potentialAction\":[{\"@type\":\"ReadAction\",\"target\":[\"https:\/\/www.urlaubcornwall.de\/blog\/hundefreundliche-ferienhaeuser-und-ferienwohnungen-suedengland\/\"]}]},{\"@type\":\"BreadcrumbList\",\"@id\":\"https:\/\/www.urlaubcornwall.de\/blog\/hundefreundliche-ferienhaeuser-und-ferienwohnungen-suedengland\/#breadcrumb\",\"itemListElement\":[{\"@type\":\"ListItem\",\"position\":1,\"name\":\"Home\",\"item\":\"https:\/\/www.urlaubcornwall.de\/blog\/\"},{\"@type\":\"ListItem\",\"position\":2,\"name\":\"Hundefreundliche Ferienh\u00e4user S\u00fcdengland\"}]}]}<\/script>\n<!-- \/ Yoast SEO plugin. -->","yoast_head_json":{"title":"Hundefreundliche Ferienh\u00e4user S\u00fcdengland - Urlaub &amp; Reisen","robots":{"index":"index","follow":"follow","max-snippet":"max-snippet:-1","max-image-preview":"max-image-preview:large","max-video-preview":"max-video-preview:-1"},"canonical":"https:\/\/www.urlaubcornwall.de\/blog\/hundefreundliche-ferienhaeuser-und-ferienwohnungen-suedengland\/","og_locale":"en_US","og_type":"article","og_title":"Hundefreundliche Ferienh\u00e4user S\u00fcdengland - Urlaub &amp; Reisen","og_description":"Bei uns finden Sie Ferienh\u00e4user zum Verlieben \u2013 so einfach ist das! Hier ist unsere einzigartige Auswahl hundefreundlicher Ferienh\u00e4user und Ferienwohnungen in S\u00fcdengland. Suche Ferienh\u00e4user in S\u00fcdengland &gt;&gt; Urlaub in Kent und Sussex mit Hund, S\u00fcdost-England &nbsp; Kent und Sussex repr\u00e4sentieren viele H\u00f6hepunkte f\u00fcr Besucher, die diesen Teil Englands aufsuchen, und wir k\u00f6nnen herrlich gelegene [&hellip;]","og_url":"https:\/\/www.urlaubcornwall.de\/blog\/hundefreundliche-ferienhaeuser-und-ferienwohnungen-suedengland\/","og_site_name":"Urlaub &amp; Reisen","article_modified_time":"2019-04-01T11:16:19+00:00","og_image":[{"url":"https:\/\/www.urlaubcornwall.de\/blog\/wp-content\/uploads\/2014\/03\/FQW3h851.jpg"}],"twitter_card":"summary","twitter_misc":{"Est. reading time":"1 minute"},"schema":{"@context":"https:\/\/schema.org","@graph":[{"@type":"WebSite","@id":"https:\/\/www.urlaubcornwall.de\/blog\/#website","url":"https:\/\/www.urlaubcornwall.de\/blog\/","name":"Urlaub &amp; Reisen","description":"Urlaub, Reisen, Cornwall und S\u00fcdengland: eine perfekte Kombination","potentialAction":[{"@type":"SearchAction","target":{"@type":"EntryPoint","urlTemplate":"https:\/\/www.urlaubcornwall.de\/blog\/?s={search_term_string}"},"query-input":"required name=search_term_string"}],"inLanguage":"en-US"},{"@type":"WebPage","@id":"https:\/\/www.urlaubcornwall.de\/blog\/hundefreundliche-ferienhaeuser-und-ferienwohnungen-suedengland\/","url":"https:\/\/www.urlaubcornwall.de\/blog\/hundefreundliche-ferienhaeuser-und-ferienwohnungen-suedengland\/","name":"Hundefreundliche Ferienh\u00e4user S\u00fcdengland - Urlaub &amp; Reisen","isPartOf":{"@id":"https:\/\/www.urlaubcornwall.de\/blog\/#website"},"datePublished":"2014-03-06T19:21:43+00:00","dateModified":"2019-04-01T11:16:19+00:00","breadcrumb":{"@id":"https:\/\/www.urlaubcornwall.de\/blog\/hundefreundliche-ferienhaeuser-und-ferienwohnungen-suedengland\/#breadcrumb"},"inLanguage":"en-US","potentialAction":[{"@type":"ReadAction","target":["https:\/\/www.urlaubcornwall.de\/blog\/hundefreundliche-ferienhaeuser-und-ferienwohnungen-suedengland\/"]}]},{"@type":"BreadcrumbList","@id":"https:\/\/www.urlaubcornwall.de\/blog\/hundefreundliche-ferienhaeuser-und-ferienwohnungen-suedengland\/#breadcrumb","itemListElement":[{"@type":"ListItem","position":1,"name":"Home","item":"https:\/\/www.urlaubcornwall.de\/blog\/"},{"@type":"ListItem","position":2,"name":"Hundefreundliche Ferienh\u00e4user S\u00fcdengland"}]}]}},"_links":{"self":[{"href":"https:\/\/www.urlaubcornwall.de\/blog\/wp-json\/wp\/v2\/pages\/13363"}],"collection":[{"href":"https:\/\/www.urlaubcornwall.de\/blog\/wp-json\/wp\/v2\/pages"}],"about":[{"href":"https:\/\/www.urlaubcornwall.de\/blog\/wp-json\/wp\/v2\/types\/page"}],"author":[{"embeddable":true,"href":"https:\/\/www.urlaubcornwall.de\/blog\/wp-json\/wp\/v2\/users\/1"}],"replies":[{"embeddable":true,"href":"https:\/\/www.urlaubcornwall.de\/blog\/wp-json\/wp\/v2\/comments?post=13363"}],"version-history":[{"count":12,"href":"https:\/\/www.urlaubcornwall.de\/blog\/wp-json\/wp\/v2\/pages\/13363\/revisions"}],"predecessor-version":[{"id":36968,"href":"https:\/\/www.urlaubcornwall.de\/blog\/wp-json\/wp\/v2\/pages\/13363\/revisions\/36968"}],"wp:attachment":[{"href":"https:\/\/www.urlaubcornwall.de\/blog\/wp-json\/wp\/v2\/media?parent=13363"}],"curies":[{"name":"wp","href":"https:\/\/api.w.org\/{rel}","templated":true}]}}