{"id":12916,"date":"2014-01-31T16:05:53","date_gmt":"2014-01-31T16:05:53","guid":{"rendered":"https:\/\/www.urlaubcornwall.de\/blog\/?page_id=12916"},"modified":"2021-08-31T14:18:29","modified_gmt":"2021-08-31T14:18:29","slug":"tolver-dairy-ferienhaus-fuer-8-cornwall","status":"publish","type":"page","link":"https:\/\/www.urlaubcornwall.de\/blog\/tolver-dairy-ferienhaus-fuer-8-cornwall\/","title":{"rendered":"Tolver Dairy- Ferienhaus f\u00fcr 8 Cornwall"},"content":{"rendered":"<p><strong>4 Schlafzimmer, leider keine Haustiere erlaubt, Ferienhaus mit Meerblick 3.1 Kilometer NW von Marazion, West-Cornwall. Preisspanne P (\u00a3546 &#8211; \u00a31491)<\/strong><\/p>\n<p>Tolver Dairy ist ein entz\u00fcckendes Haus, angeschlossen an einen Bauernhof \u2013 hoch \u00fcber Feldern gelegen, die sich hinunter schl\u00e4ngeln nach Marazion. Urspr\u00fcnglich eine Molkerei bietet dieses freistehende, ger\u00e4umige Haus allen Komfort eines Zuhauses \u2013 mit einem kleinen Unterschied. Wie viele H\u00e4user k\u00f6nnen mit einem Blick aufwarten \u00fcber St Michael\u2019s Mount (siehe Foto, jedoch nicht der Blick vom Geb\u00e4ude aus) und den gl\u00e4nzenden atlantischen Ozean in der Ferne?<\/p>\n<p style=\"text-align: center;\"><a class=\"tidycta\" href=\"https:\/\/www.urlaubcornwall.de\/ferienhaeuser-fewos\/marazion.html\"><\/a>Suche Ferienh\u00e4user Marazion<\/p>\n<p>Tolver Dairy liegt eingegrenzt an einem Landweg mit gen\u00fcgend Platz auf dem Rasen und den H\u00f6fen, um Dampf abzulassen. F\u00fcr die Tage mit cornischem Nieselregen bietet ein extra Spieleraum Unterschlupf &#8211; ausgestattet mit Tischtennis, Darts und einem original gro\u00dfen Pool-Tisch, der mit M\u00fcnzen betrieben wird. Die Inneneinrichtung der Dairy nimmt Bezug auf seine Urspr\u00fcnge mit bequemen Sofas um den Holz-Kohleofen herum und einem Pinien-Bauernesstisch, der gro\u00df genug ist, alle daran unterzubringen. Im Obergeschoss befinden sich die vier Schlafzimmer, drei davon mit Blick zum St Michael`s Mount.<\/p>\n<p>Tolver Dairy ist geradezu perfekt f\u00fcr gro\u00dfe oder auch kleine Gruppen, die diese atemberaubende Gegend Cornwalls erkunden wollen. Hervorragende Str\u00e4nde warten darauf, erforscht zu werden, oder warum nicht einfach dasitzen und die Welt vor\u00fcberziehen lassen, indem Sie die Ruhe und den Frieden der l\u00e4ndlichen Cornischen Gegend genie\u00dfen. *Ein Kinderbett kann nicht zur Verf\u00fcgung gestellt werden. Bitte bringen Sie ihr eigenes mit.<\/p>\n<p><strong>Einrichtungen<\/strong><\/p>\n<p>\u2022 Private Parkm\u00f6glichkeit f\u00fcr 3 Autos<br \/>\n\u2022 Brennstoff und Strom inbegriffen<br \/>\n\u2022 Internetzugang<br \/>\n\u2022 Bettw\u00e4sche und Handt\u00fccher inbegriffen<br \/>\n\u2022 Gartenm\u00f6bel<br \/>\n\u2022 Laden 3 km.<br \/>\n\u2022 Pub 3 km<br \/>\n\u2022 Rauchen verboten<br \/>\n\u2022 Keine Hunde erlaubt<br \/>\n\u2022 Ankunftstag Samstag<\/p>\n<p style=\"text-align: center;\"><a class=\"tidycta\" href=\"https:\/\/www.urlaubcornwall.de\/ferienhaeuser-fewos\/marazion.html\"><\/a>Suche Ferienh\u00e4user Marazion<\/p>\n","protected":false},"excerpt":{"rendered":"<p>4 Schlafzimmer, leider keine Haustiere erlaubt, Ferienhaus mit Meerblick 3.1 Kilometer NW von Marazion, West-Cornwall. Preisspanne P (\u00a3546 &#8211; \u00a31491) Tolver Dairy ist ein entz\u00fcckendes Haus, angeschlossen an einen Bauernhof \u2013 hoch \u00fcber Feldern gelegen, die sich hinunter schl\u00e4ngeln nach Marazion. Urspr\u00fcnglich eine Molkerei bietet dieses freistehende, ger\u00e4umige Haus allen Komfort eines Zuhauses \u2013 mit [&hellip;]<\/p>\n","protected":false},"author":1,"featured_media":0,"parent":0,"menu_order":0,"comment_status":"closed","ping_status":"closed","template":"single-two.php","meta":[],"acf":[],"yoast_head":"<!-- This site is optimized with the Yoast SEO plugin v19.4 - https:\/\/yoast.com\/wordpress\/plugins\/seo\/ -->\n<title>Tolver Dairy- Ferienhaus f\u00fcr 8 Cornwall - Urlaub &amp; Reisen<\/title>\n<meta name=\"robots\" content=\"index, follow, max-snippet:-1, max-image-preview:large, max-video-preview:-1\" \/>\n<link rel=\"canonical\" href=\"https:\/\/www.urlaubcornwall.de\/blog\/tolver-dairy-ferienhaus-fuer-8-cornwall\/\" \/>\n<meta property=\"og:locale\" content=\"en_US\" \/>\n<meta property=\"og:type\" content=\"article\" \/>\n<meta property=\"og:title\" content=\"Tolver Dairy- Ferienhaus f\u00fcr 8 Cornwall - Urlaub &amp; Reisen\" \/>\n<meta property=\"og:description\" content=\"4 Schlafzimmer, leider keine Haustiere erlaubt, Ferienhaus mit Meerblick 3.1 Kilometer NW von Marazion, West-Cornwall. Preisspanne P (\u00a3546 &#8211; \u00a31491) Tolver Dairy ist ein entz\u00fcckendes Haus, angeschlossen an einen Bauernhof \u2013 hoch \u00fcber Feldern gelegen, die sich hinunter schl\u00e4ngeln nach Marazion. Urspr\u00fcnglich eine Molkerei bietet dieses freistehende, ger\u00e4umige Haus allen Komfort eines Zuhauses \u2013 mit [&hellip;]\" \/>\n<meta property=\"og:url\" content=\"https:\/\/www.urlaubcornwall.de\/blog\/tolver-dairy-ferienhaus-fuer-8-cornwall\/\" \/>\n<meta property=\"og:site_name\" content=\"Urlaub &amp; Reisen\" \/>\n<meta property=\"article:modified_time\" content=\"2021-08-31T14:18:29+00:00\" \/>\n<meta name=\"twitter:card\" content=\"summary\" \/>\n<meta name=\"twitter:label1\" content=\"Est. reading time\" \/>\n\t<meta name=\"twitter:data1\" content=\"1 minute\" \/>\n<script type=\"application\/ld+json\" class=\"yoast-schema-graph\">{\"@context\":\"https:\/\/schema.org\",\"@graph\":[{\"@type\":\"WebSite\",\"@id\":\"https:\/\/www.urlaubcornwall.de\/blog\/#website\",\"url\":\"https:\/\/www.urlaubcornwall.de\/blog\/\",\"name\":\"Urlaub &amp; Reisen\",\"description\":\"Urlaub, Reisen, Cornwall und S\u00fcdengland: eine perfekte Kombination\",\"potentialAction\":[{\"@type\":\"SearchAction\",\"target\":{\"@type\":\"EntryPoint\",\"urlTemplate\":\"https:\/\/www.urlaubcornwall.de\/blog\/?s={search_term_string}\"},\"query-input\":\"required name=search_term_string\"}],\"inLanguage\":\"en-US\"},{\"@type\":\"WebPage\",\"@id\":\"https:\/\/www.urlaubcornwall.de\/blog\/tolver-dairy-ferienhaus-fuer-8-cornwall\/\",\"url\":\"https:\/\/www.urlaubcornwall.de\/blog\/tolver-dairy-ferienhaus-fuer-8-cornwall\/\",\"name\":\"Tolver Dairy- Ferienhaus f\u00fcr 8 Cornwall - Urlaub &amp; Reisen\",\"isPartOf\":{\"@id\":\"https:\/\/www.urlaubcornwall.de\/blog\/#website\"},\"datePublished\":\"2014-01-31T16:05:53+00:00\",\"dateModified\":\"2021-08-31T14:18:29+00:00\",\"breadcrumb\":{\"@id\":\"https:\/\/www.urlaubcornwall.de\/blog\/tolver-dairy-ferienhaus-fuer-8-cornwall\/#breadcrumb\"},\"inLanguage\":\"en-US\",\"potentialAction\":[{\"@type\":\"ReadAction\",\"target\":[\"https:\/\/www.urlaubcornwall.de\/blog\/tolver-dairy-ferienhaus-fuer-8-cornwall\/\"]}]},{\"@type\":\"BreadcrumbList\",\"@id\":\"https:\/\/www.urlaubcornwall.de\/blog\/tolver-dairy-ferienhaus-fuer-8-cornwall\/#breadcrumb\",\"itemListElement\":[{\"@type\":\"ListItem\",\"position\":1,\"name\":\"Home\",\"item\":\"https:\/\/www.urlaubcornwall.de\/blog\/\"},{\"@type\":\"ListItem\",\"position\":2,\"name\":\"Tolver Dairy- Ferienhaus f\u00fcr 8 Cornwall\"}]}]}<\/script>\n<!-- \/ Yoast SEO plugin. -->","yoast_head_json":{"title":"Tolver Dairy- Ferienhaus f\u00fcr 8 Cornwall - Urlaub &amp; Reisen","robots":{"index":"index","follow":"follow","max-snippet":"max-snippet:-1","max-image-preview":"max-image-preview:large","max-video-preview":"max-video-preview:-1"},"canonical":"https:\/\/www.urlaubcornwall.de\/blog\/tolver-dairy-ferienhaus-fuer-8-cornwall\/","og_locale":"en_US","og_type":"article","og_title":"Tolver Dairy- Ferienhaus f\u00fcr 8 Cornwall - Urlaub &amp; Reisen","og_description":"4 Schlafzimmer, leider keine Haustiere erlaubt, Ferienhaus mit Meerblick 3.1 Kilometer NW von Marazion, West-Cornwall. Preisspanne P (\u00a3546 &#8211; \u00a31491) Tolver Dairy ist ein entz\u00fcckendes Haus, angeschlossen an einen Bauernhof \u2013 hoch \u00fcber Feldern gelegen, die sich hinunter schl\u00e4ngeln nach Marazion. Urspr\u00fcnglich eine Molkerei bietet dieses freistehende, ger\u00e4umige Haus allen Komfort eines Zuhauses \u2013 mit [&hellip;]","og_url":"https:\/\/www.urlaubcornwall.de\/blog\/tolver-dairy-ferienhaus-fuer-8-cornwall\/","og_site_name":"Urlaub &amp; Reisen","article_modified_time":"2021-08-31T14:18:29+00:00","twitter_card":"summary","twitter_misc":{"Est. reading time":"1 minute"},"schema":{"@context":"https:\/\/schema.org","@graph":[{"@type":"WebSite","@id":"https:\/\/www.urlaubcornwall.de\/blog\/#website","url":"https:\/\/www.urlaubcornwall.de\/blog\/","name":"Urlaub &amp; Reisen","description":"Urlaub, Reisen, Cornwall und S\u00fcdengland: eine perfekte Kombination","potentialAction":[{"@type":"SearchAction","target":{"@type":"EntryPoint","urlTemplate":"https:\/\/www.urlaubcornwall.de\/blog\/?s={search_term_string}"},"query-input":"required name=search_term_string"}],"inLanguage":"en-US"},{"@type":"WebPage","@id":"https:\/\/www.urlaubcornwall.de\/blog\/tolver-dairy-ferienhaus-fuer-8-cornwall\/","url":"https:\/\/www.urlaubcornwall.de\/blog\/tolver-dairy-ferienhaus-fuer-8-cornwall\/","name":"Tolver Dairy- Ferienhaus f\u00fcr 8 Cornwall - Urlaub &amp; Reisen","isPartOf":{"@id":"https:\/\/www.urlaubcornwall.de\/blog\/#website"},"datePublished":"2014-01-31T16:05:53+00:00","dateModified":"2021-08-31T14:18:29+00:00","breadcrumb":{"@id":"https:\/\/www.urlaubcornwall.de\/blog\/tolver-dairy-ferienhaus-fuer-8-cornwall\/#breadcrumb"},"inLanguage":"en-US","potentialAction":[{"@type":"ReadAction","target":["https:\/\/www.urlaubcornwall.de\/blog\/tolver-dairy-ferienhaus-fuer-8-cornwall\/"]}]},{"@type":"BreadcrumbList","@id":"https:\/\/www.urlaubcornwall.de\/blog\/tolver-dairy-ferienhaus-fuer-8-cornwall\/#breadcrumb","itemListElement":[{"@type":"ListItem","position":1,"name":"Home","item":"https:\/\/www.urlaubcornwall.de\/blog\/"},{"@type":"ListItem","position":2,"name":"Tolver Dairy- Ferienhaus f\u00fcr 8 Cornwall"}]}]}},"_links":{"self":[{"href":"https:\/\/www.urlaubcornwall.de\/blog\/wp-json\/wp\/v2\/pages\/12916"}],"collection":[{"href":"https:\/\/www.urlaubcornwall.de\/blog\/wp-json\/wp\/v2\/pages"}],"about":[{"href":"https:\/\/www.urlaubcornwall.de\/blog\/wp-json\/wp\/v2\/types\/page"}],"author":[{"embeddable":true,"href":"https:\/\/www.urlaubcornwall.de\/blog\/wp-json\/wp\/v2\/users\/1"}],"replies":[{"embeddable":true,"href":"https:\/\/www.urlaubcornwall.de\/blog\/wp-json\/wp\/v2\/comments?post=12916"}],"version-history":[{"count":4,"href":"https:\/\/www.urlaubcornwall.de\/blog\/wp-json\/wp\/v2\/pages\/12916\/revisions"}],"predecessor-version":[{"id":42346,"href":"https:\/\/www.urlaubcornwall.de\/blog\/wp-json\/wp\/v2\/pages\/12916\/revisions\/42346"}],"wp:attachment":[{"href":"https:\/\/www.urlaubcornwall.de\/blog\/wp-json\/wp\/v2\/media?parent=12916"}],"curies":[{"name":"wp","href":"https:\/\/api.w.org\/{rel}","templated":true}]}}