{"id":12907,"date":"2014-01-31T15:54:52","date_gmt":"2014-01-31T15:54:52","guid":{"rendered":"https:\/\/www.urlaubcornwall.de\/blog\/?page_id=12907"},"modified":"2021-08-31T14:17:19","modified_gmt":"2021-08-31T14:17:19","slug":"yachtsmans-cottage-ferienhaus-fuer-7-cornwall","status":"publish","type":"page","link":"https:\/\/www.urlaubcornwall.de\/blog\/yachtsmans-cottage-ferienhaus-fuer-7-cornwall\/","title":{"rendered":"Yachtsman\u2019s Cottage Ferienhaus f\u00fcr 7 Cornwall"},"content":{"rendered":"<p><strong>4 Schlafzimmer, leider keine Haustiere erlaubt, Ferienhaus mit Meerblick Falmouth, S\u00fcdk\u00fcste Cornwall. Preisspanne P\/K (\u00a3435 &#8211; \u00a31491)<\/strong><\/p>\n<p>Fast in Reichweite schaukeln Yachten an ihren Anlegestellen, der Blick f\u00fchrt \u00fcber das Meer hinweg; f\u00fcgen Sie dem einen Dingi-Park, gemeinschaftlichen Tennisplatz, wundersch\u00f6n angelegte Fl\u00e4chen und ebenerdigen Zugang zum Stadtzentrum Falmouth hinzu, und dieses am Wasser gelegene, dreist\u00f6ckige Reihenhaus wird zur perfekten Ferienunterkunft. Das National Maritime Museum Cornwall und der Events Square sind gleich in der N\u00e4he, und Falmouth`s Bahnhof befindet sich einen 5min\u00fctigen Spaziergang entfernt, ideal also f\u00fcr autofreie Erkundungen.<\/p>\n<p style=\"text-align: center;\"><a class=\"tidycta\" href=\"https:\/\/www.urlaubcornwall.de\/ferienhaeuser-fewos\/falmouth.html\"><\/a>Suche Ferienh\u00e4user Falmouth<\/p>\n<p>Innerhalb des privaten Port Pendennis Baugebiet gelegen, wartet Yachtsman\u2019s Cottage auf mit Internetzugang, M\u00f6blierung von hoher Qualit\u00e4t und wundersch\u00f6nen Kunstwerken. Die K\u00fcche \u00f6ffnet sich hin zum Essbereich, der wiederum hinausf\u00fchrt auf den privaten, von einer Mauer umgebenen Hof, w\u00e4hrend das gro\u00dfe Wohnzimmer T\u00fcren zum Freisitz hat, von dem aus Sie den Hafen sehen k\u00f6nnen. Das Hauptschlafzimmer verf\u00fcgt \u00fcber einen Ankleideraum und ein en-suite Badezimmer, sowie T\u00fcren zur nach S\u00fcden hin ausgerichteten Dachterrasse (die auch von der Treppe aus begehbar ist). Im zweiten Stock teilen sich zwei Doppelzimmer, eines davon mit zwei Einzelbetten und ein Einzelschlafzimmer das Familienbad und die Garderobe unten.<\/p>\n<p>Gyllyngvase Sandstrand befindet sich eine halbe Meile entfernt, bietet Wassersportschulen, Lebensretter sind w\u00e4hrend der Saison vor Ort und das beliebte Gylly Strandcafe. Die G\u00e4rtner unter Ihnen werden die wohlbekannten G\u00e4rten der n\u00e4heren Umgebung lieben: Trebah, Glendurgan und Trelissick. Bitte beachten Sie, dass das Geb\u00e4ude nicht geeignet ist f\u00fcr Kinder unter 5 Jahren, aufgrund des Freisitzes und der wassernahen Lage.<\/p>\n<p><strong>Einrichtungen<\/strong><\/p>\n<p>\u2022 Private Parkm\u00f6glichkeit f\u00fcr 3 Autos. Parken auf der Stra\u00dfe<br \/>\n\u2022 Brennstoff und Strom inbegriffen<br \/>\n\u2022 Internetzugang<br \/>\n\u2022 Bettw\u00e4sche und Handt\u00fccher inbegriffen<br \/>\n\u2022 Gartenm\u00f6bel<br \/>\n\u2022 Laden 400 m<br \/>\n\u2022 Pub 400 m<br \/>\n\u2022 M\u00fcnztelefon 200 m<br \/>\n\u2022 keine Kinder unter 5 Jahre alt<br \/>\n\u2022 Rauchen verboten<br \/>\n\u2022 Keine Hunde erlaubt<br \/>\n\u2022 Ankunftstag Freitag<\/p>\n<p style=\"text-align: center;\"><a class=\"tidycta\" href=\"https:\/\/www.urlaubcornwall.de\/ferienhaeuser-fewos\/falmouth.html\"><\/a>Suche Ferienh\u00e4user Falmouth<\/p>\n","protected":false},"excerpt":{"rendered":"<p>4 Schlafzimmer, leider keine Haustiere erlaubt, Ferienhaus mit Meerblick Falmouth, S\u00fcdk\u00fcste Cornwall. Preisspanne P\/K (\u00a3435 &#8211; \u00a31491) Fast in Reichweite schaukeln Yachten an ihren Anlegestellen, der Blick f\u00fchrt \u00fcber das Meer hinweg; f\u00fcgen Sie dem einen Dingi-Park, gemeinschaftlichen Tennisplatz, wundersch\u00f6n angelegte Fl\u00e4chen und ebenerdigen Zugang zum Stadtzentrum Falmouth hinzu, und dieses am Wasser gelegene, dreist\u00f6ckige [&hellip;]<\/p>\n","protected":false},"author":1,"featured_media":0,"parent":0,"menu_order":0,"comment_status":"closed","ping_status":"closed","template":"single-two.php","meta":[],"acf":[],"yoast_head":"<!-- This site is optimized with the Yoast SEO plugin v19.4 - https:\/\/yoast.com\/wordpress\/plugins\/seo\/ -->\n<title>Yachtsman\u2019s Cottage Ferienhaus f\u00fcr 7 Cornwall - Urlaub &amp; Reisen<\/title>\n<meta name=\"robots\" content=\"index, follow, max-snippet:-1, max-image-preview:large, max-video-preview:-1\" \/>\n<link rel=\"canonical\" href=\"https:\/\/www.urlaubcornwall.de\/blog\/yachtsmans-cottage-ferienhaus-fuer-7-cornwall\/\" \/>\n<meta property=\"og:locale\" content=\"en_US\" \/>\n<meta property=\"og:type\" content=\"article\" \/>\n<meta property=\"og:title\" content=\"Yachtsman\u2019s Cottage Ferienhaus f\u00fcr 7 Cornwall - Urlaub &amp; Reisen\" \/>\n<meta property=\"og:description\" content=\"4 Schlafzimmer, leider keine Haustiere erlaubt, Ferienhaus mit Meerblick Falmouth, S\u00fcdk\u00fcste Cornwall. Preisspanne P\/K (\u00a3435 &#8211; \u00a31491) Fast in Reichweite schaukeln Yachten an ihren Anlegestellen, der Blick f\u00fchrt \u00fcber das Meer hinweg; f\u00fcgen Sie dem einen Dingi-Park, gemeinschaftlichen Tennisplatz, wundersch\u00f6n angelegte Fl\u00e4chen und ebenerdigen Zugang zum Stadtzentrum Falmouth hinzu, und dieses am Wasser gelegene, dreist\u00f6ckige [&hellip;]\" \/>\n<meta property=\"og:url\" content=\"https:\/\/www.urlaubcornwall.de\/blog\/yachtsmans-cottage-ferienhaus-fuer-7-cornwall\/\" \/>\n<meta property=\"og:site_name\" content=\"Urlaub &amp; Reisen\" \/>\n<meta property=\"article:modified_time\" content=\"2021-08-31T14:17:19+00:00\" \/>\n<meta name=\"twitter:card\" content=\"summary\" \/>\n<meta name=\"twitter:label1\" content=\"Est. reading time\" \/>\n\t<meta name=\"twitter:data1\" content=\"2 minutes\" \/>\n<script type=\"application\/ld+json\" class=\"yoast-schema-graph\">{\"@context\":\"https:\/\/schema.org\",\"@graph\":[{\"@type\":\"WebSite\",\"@id\":\"https:\/\/www.urlaubcornwall.de\/blog\/#website\",\"url\":\"https:\/\/www.urlaubcornwall.de\/blog\/\",\"name\":\"Urlaub &amp; Reisen\",\"description\":\"Urlaub, Reisen, Cornwall und S\u00fcdengland: eine perfekte Kombination\",\"potentialAction\":[{\"@type\":\"SearchAction\",\"target\":{\"@type\":\"EntryPoint\",\"urlTemplate\":\"https:\/\/www.urlaubcornwall.de\/blog\/?s={search_term_string}\"},\"query-input\":\"required name=search_term_string\"}],\"inLanguage\":\"en-US\"},{\"@type\":\"WebPage\",\"@id\":\"https:\/\/www.urlaubcornwall.de\/blog\/yachtsmans-cottage-ferienhaus-fuer-7-cornwall\/\",\"url\":\"https:\/\/www.urlaubcornwall.de\/blog\/yachtsmans-cottage-ferienhaus-fuer-7-cornwall\/\",\"name\":\"Yachtsman\u2019s Cottage Ferienhaus f\u00fcr 7 Cornwall - Urlaub &amp; Reisen\",\"isPartOf\":{\"@id\":\"https:\/\/www.urlaubcornwall.de\/blog\/#website\"},\"datePublished\":\"2014-01-31T15:54:52+00:00\",\"dateModified\":\"2021-08-31T14:17:19+00:00\",\"breadcrumb\":{\"@id\":\"https:\/\/www.urlaubcornwall.de\/blog\/yachtsmans-cottage-ferienhaus-fuer-7-cornwall\/#breadcrumb\"},\"inLanguage\":\"en-US\",\"potentialAction\":[{\"@type\":\"ReadAction\",\"target\":[\"https:\/\/www.urlaubcornwall.de\/blog\/yachtsmans-cottage-ferienhaus-fuer-7-cornwall\/\"]}]},{\"@type\":\"BreadcrumbList\",\"@id\":\"https:\/\/www.urlaubcornwall.de\/blog\/yachtsmans-cottage-ferienhaus-fuer-7-cornwall\/#breadcrumb\",\"itemListElement\":[{\"@type\":\"ListItem\",\"position\":1,\"name\":\"Home\",\"item\":\"https:\/\/www.urlaubcornwall.de\/blog\/\"},{\"@type\":\"ListItem\",\"position\":2,\"name\":\"Yachtsman\u2019s Cottage Ferienhaus f\u00fcr 7 Cornwall\"}]}]}<\/script>\n<!-- \/ Yoast SEO plugin. -->","yoast_head_json":{"title":"Yachtsman\u2019s Cottage Ferienhaus f\u00fcr 7 Cornwall - Urlaub &amp; Reisen","robots":{"index":"index","follow":"follow","max-snippet":"max-snippet:-1","max-image-preview":"max-image-preview:large","max-video-preview":"max-video-preview:-1"},"canonical":"https:\/\/www.urlaubcornwall.de\/blog\/yachtsmans-cottage-ferienhaus-fuer-7-cornwall\/","og_locale":"en_US","og_type":"article","og_title":"Yachtsman\u2019s Cottage Ferienhaus f\u00fcr 7 Cornwall - Urlaub &amp; Reisen","og_description":"4 Schlafzimmer, leider keine Haustiere erlaubt, Ferienhaus mit Meerblick Falmouth, S\u00fcdk\u00fcste Cornwall. Preisspanne P\/K (\u00a3435 &#8211; \u00a31491) Fast in Reichweite schaukeln Yachten an ihren Anlegestellen, der Blick f\u00fchrt \u00fcber das Meer hinweg; f\u00fcgen Sie dem einen Dingi-Park, gemeinschaftlichen Tennisplatz, wundersch\u00f6n angelegte Fl\u00e4chen und ebenerdigen Zugang zum Stadtzentrum Falmouth hinzu, und dieses am Wasser gelegene, dreist\u00f6ckige [&hellip;]","og_url":"https:\/\/www.urlaubcornwall.de\/blog\/yachtsmans-cottage-ferienhaus-fuer-7-cornwall\/","og_site_name":"Urlaub &amp; Reisen","article_modified_time":"2021-08-31T14:17:19+00:00","twitter_card":"summary","twitter_misc":{"Est. reading time":"2 minutes"},"schema":{"@context":"https:\/\/schema.org","@graph":[{"@type":"WebSite","@id":"https:\/\/www.urlaubcornwall.de\/blog\/#website","url":"https:\/\/www.urlaubcornwall.de\/blog\/","name":"Urlaub &amp; Reisen","description":"Urlaub, Reisen, Cornwall und S\u00fcdengland: eine perfekte Kombination","potentialAction":[{"@type":"SearchAction","target":{"@type":"EntryPoint","urlTemplate":"https:\/\/www.urlaubcornwall.de\/blog\/?s={search_term_string}"},"query-input":"required name=search_term_string"}],"inLanguage":"en-US"},{"@type":"WebPage","@id":"https:\/\/www.urlaubcornwall.de\/blog\/yachtsmans-cottage-ferienhaus-fuer-7-cornwall\/","url":"https:\/\/www.urlaubcornwall.de\/blog\/yachtsmans-cottage-ferienhaus-fuer-7-cornwall\/","name":"Yachtsman\u2019s Cottage Ferienhaus f\u00fcr 7 Cornwall - Urlaub &amp; Reisen","isPartOf":{"@id":"https:\/\/www.urlaubcornwall.de\/blog\/#website"},"datePublished":"2014-01-31T15:54:52+00:00","dateModified":"2021-08-31T14:17:19+00:00","breadcrumb":{"@id":"https:\/\/www.urlaubcornwall.de\/blog\/yachtsmans-cottage-ferienhaus-fuer-7-cornwall\/#breadcrumb"},"inLanguage":"en-US","potentialAction":[{"@type":"ReadAction","target":["https:\/\/www.urlaubcornwall.de\/blog\/yachtsmans-cottage-ferienhaus-fuer-7-cornwall\/"]}]},{"@type":"BreadcrumbList","@id":"https:\/\/www.urlaubcornwall.de\/blog\/yachtsmans-cottage-ferienhaus-fuer-7-cornwall\/#breadcrumb","itemListElement":[{"@type":"ListItem","position":1,"name":"Home","item":"https:\/\/www.urlaubcornwall.de\/blog\/"},{"@type":"ListItem","position":2,"name":"Yachtsman\u2019s Cottage Ferienhaus f\u00fcr 7 Cornwall"}]}]}},"_links":{"self":[{"href":"https:\/\/www.urlaubcornwall.de\/blog\/wp-json\/wp\/v2\/pages\/12907"}],"collection":[{"href":"https:\/\/www.urlaubcornwall.de\/blog\/wp-json\/wp\/v2\/pages"}],"about":[{"href":"https:\/\/www.urlaubcornwall.de\/blog\/wp-json\/wp\/v2\/types\/page"}],"author":[{"embeddable":true,"href":"https:\/\/www.urlaubcornwall.de\/blog\/wp-json\/wp\/v2\/users\/1"}],"replies":[{"embeddable":true,"href":"https:\/\/www.urlaubcornwall.de\/blog\/wp-json\/wp\/v2\/comments?post=12907"}],"version-history":[{"count":5,"href":"https:\/\/www.urlaubcornwall.de\/blog\/wp-json\/wp\/v2\/pages\/12907\/revisions"}],"predecessor-version":[{"id":42345,"href":"https:\/\/www.urlaubcornwall.de\/blog\/wp-json\/wp\/v2\/pages\/12907\/revisions\/42345"}],"wp:attachment":[{"href":"https:\/\/www.urlaubcornwall.de\/blog\/wp-json\/wp\/v2\/media?parent=12907"}],"curies":[{"name":"wp","href":"https:\/\/api.w.org\/{rel}","templated":true}]}}