{"id":12899,"date":"2014-01-31T14:53:27","date_gmt":"2014-01-31T14:53:27","guid":{"rendered":"https:\/\/www.urlaubcornwall.de\/blog\/?page_id=12899"},"modified":"2021-08-31T14:12:45","modified_gmt":"2021-08-31T14:12:45","slug":"barn-court-ferienhaus-fuer-6-cornwall","status":"publish","type":"page","link":"https:\/\/www.urlaubcornwall.de\/blog\/barn-court-ferienhaus-fuer-6-cornwall\/","title":{"rendered":"Ferienhaus f\u00fcr 6 Cornwall &#8211; Barn Court nahe St Ives"},"content":{"rendered":"<p><strong>3 Schlafzimmer, leider keine Haustiere erlaubt, Ferienhaus 8.7 Kilometer SW von St Ives, West-Cornwall. Preisspanne L (\u00a3456 &#8211; \u00a31194)<\/strong><\/p>\n<p>Dies ist ein wahrhaft l\u00e4ndlicher R\u00fcckzugsort im Herzen cornischer Landschaft gelegen; lediglich drei Meilen entfernt von den goldenen Str\u00e4nden und dem majest\u00e4tischen St Michael\u2019s Mount bei Marazion. Barn Court ist ein luxuri\u00f6s umgebauter Schuppen, der j\u00fcngst auf hohen Standard renoviert wurde mit hervorragenden umweltfreundlichen Referenzen. Sie teilen sich die Auffahrt mit The Cart Shed (2647), \u00fcberqueren den vorderen Rasen und betreten das Haus entweder durch die Faltt\u00fcren oder die Eichenhaust\u00fcr. Innen werden Sie das Staunen nicht lassen k\u00f6nnen, das muss ich einfach sagen!<\/p>\n<p style=\"text-align: center;\"><a class=\"tidycta\" href=\"https:\/\/www.urlaubcornwall.de\/ferienhaeuser-fewos\/st-ives.html\"><\/a>Suche Ferienh\u00e4user St Ives<\/p>\n<p>Sie finden Balken, Eichenb\u00f6den (nat\u00fcrlich mit Fu\u00dfbodenheizung), einen Holzofen und einen entz\u00fcckenden K\u00fcchenbereich. Im Obergeschoss teilen sich die drei gem\u00fctlichen, lichten und luftigen Schlafr\u00e4ume das riesige moderne Badezimmer mit Badewanne und einer Deluxe-Dusche.<\/p>\n<p>Sie haben einen Blick \u00fcber die l\u00e4ndlichen Gefilde hinweg, und im eingegrenzten hinteren Garten gibt es fantastische Spielger\u00e4te f\u00fcr Kinder, einschlie\u00dflich einer Rutsche, Schaukel und ein Kletterger\u00fcst.<\/p>\n<p><strong>Einrichtungen<\/strong><\/p>\n<p>\u2022 Private Parkm\u00f6glichkeit f\u00fcr 3 Autos<br \/>\n\u2022 Gartenm\u00f6bel und BBQ<br \/>\n\u2022 Laden 2,5 km<br \/>\n\u2022 Pub 2,5 km<br \/>\n\u2022 M\u00fcnztelefon 2.5 km.<br \/>\n\u2022 Golfplatz 10 km.<br \/>\n\u2022 Rauchen verboten<br \/>\n\u2022 Keine Hunde erlaubt<br \/>\n\u2022 Ankunftstag Samstag<\/p>\n<p style=\"text-align: center;\"><a class=\"tidycta\" href=\"https:\/\/www.urlaubcornwall.de\/ferienhaeuser-fewos\/st-ives.html\"><\/a>Suche Ferienh\u00e4user St Ives<\/p>\n","protected":false},"excerpt":{"rendered":"<p>3 Schlafzimmer, leider keine Haustiere erlaubt, Ferienhaus 8.7 Kilometer SW von St Ives, West-Cornwall. Preisspanne L (\u00a3456 &#8211; \u00a31194) Dies ist ein wahrhaft l\u00e4ndlicher R\u00fcckzugsort im Herzen cornischer Landschaft gelegen; lediglich drei Meilen entfernt von den goldenen Str\u00e4nden und dem majest\u00e4tischen St Michael\u2019s Mount bei Marazion. Barn Court ist ein luxuri\u00f6s umgebauter Schuppen, der j\u00fcngst [&hellip;]<\/p>\n","protected":false},"author":1,"featured_media":0,"parent":0,"menu_order":0,"comment_status":"closed","ping_status":"closed","template":"single-two.php","meta":[],"acf":[],"yoast_head":"<!-- This site is optimized with the Yoast SEO plugin v19.4 - https:\/\/yoast.com\/wordpress\/plugins\/seo\/ -->\n<title>Ferienhaus f\u00fcr 6 Cornwall - Barn Court nahe St Ives - Urlaub &amp; Reisen<\/title>\n<meta name=\"robots\" content=\"index, follow, max-snippet:-1, max-image-preview:large, max-video-preview:-1\" \/>\n<link rel=\"canonical\" href=\"https:\/\/www.urlaubcornwall.de\/blog\/barn-court-ferienhaus-fuer-6-cornwall\/\" \/>\n<meta property=\"og:locale\" content=\"en_US\" \/>\n<meta property=\"og:type\" content=\"article\" \/>\n<meta property=\"og:title\" content=\"Ferienhaus f\u00fcr 6 Cornwall - Barn Court nahe St Ives - Urlaub &amp; Reisen\" \/>\n<meta property=\"og:description\" content=\"3 Schlafzimmer, leider keine Haustiere erlaubt, Ferienhaus 8.7 Kilometer SW von St Ives, West-Cornwall. Preisspanne L (\u00a3456 &#8211; \u00a31194) Dies ist ein wahrhaft l\u00e4ndlicher R\u00fcckzugsort im Herzen cornischer Landschaft gelegen; lediglich drei Meilen entfernt von den goldenen Str\u00e4nden und dem majest\u00e4tischen St Michael\u2019s Mount bei Marazion. Barn Court ist ein luxuri\u00f6s umgebauter Schuppen, der j\u00fcngst [&hellip;]\" \/>\n<meta property=\"og:url\" content=\"https:\/\/www.urlaubcornwall.de\/blog\/barn-court-ferienhaus-fuer-6-cornwall\/\" \/>\n<meta property=\"og:site_name\" content=\"Urlaub &amp; Reisen\" \/>\n<meta property=\"article:modified_time\" content=\"2021-08-31T14:12:45+00:00\" \/>\n<meta name=\"twitter:card\" content=\"summary\" \/>\n<meta name=\"twitter:label1\" content=\"Est. reading time\" \/>\n\t<meta name=\"twitter:data1\" content=\"1 minute\" \/>\n<script type=\"application\/ld+json\" class=\"yoast-schema-graph\">{\"@context\":\"https:\/\/schema.org\",\"@graph\":[{\"@type\":\"WebSite\",\"@id\":\"https:\/\/www.urlaubcornwall.de\/blog\/#website\",\"url\":\"https:\/\/www.urlaubcornwall.de\/blog\/\",\"name\":\"Urlaub &amp; Reisen\",\"description\":\"Urlaub, Reisen, Cornwall und S\u00fcdengland: eine perfekte Kombination\",\"potentialAction\":[{\"@type\":\"SearchAction\",\"target\":{\"@type\":\"EntryPoint\",\"urlTemplate\":\"https:\/\/www.urlaubcornwall.de\/blog\/?s={search_term_string}\"},\"query-input\":\"required name=search_term_string\"}],\"inLanguage\":\"en-US\"},{\"@type\":\"WebPage\",\"@id\":\"https:\/\/www.urlaubcornwall.de\/blog\/barn-court-ferienhaus-fuer-6-cornwall\/\",\"url\":\"https:\/\/www.urlaubcornwall.de\/blog\/barn-court-ferienhaus-fuer-6-cornwall\/\",\"name\":\"Ferienhaus f\u00fcr 6 Cornwall - Barn Court nahe St Ives - Urlaub &amp; Reisen\",\"isPartOf\":{\"@id\":\"https:\/\/www.urlaubcornwall.de\/blog\/#website\"},\"datePublished\":\"2014-01-31T14:53:27+00:00\",\"dateModified\":\"2021-08-31T14:12:45+00:00\",\"breadcrumb\":{\"@id\":\"https:\/\/www.urlaubcornwall.de\/blog\/barn-court-ferienhaus-fuer-6-cornwall\/#breadcrumb\"},\"inLanguage\":\"en-US\",\"potentialAction\":[{\"@type\":\"ReadAction\",\"target\":[\"https:\/\/www.urlaubcornwall.de\/blog\/barn-court-ferienhaus-fuer-6-cornwall\/\"]}]},{\"@type\":\"BreadcrumbList\",\"@id\":\"https:\/\/www.urlaubcornwall.de\/blog\/barn-court-ferienhaus-fuer-6-cornwall\/#breadcrumb\",\"itemListElement\":[{\"@type\":\"ListItem\",\"position\":1,\"name\":\"Home\",\"item\":\"https:\/\/www.urlaubcornwall.de\/blog\/\"},{\"@type\":\"ListItem\",\"position\":2,\"name\":\"Ferienhaus f\u00fcr 6 Cornwall &#8211; Barn Court nahe St Ives\"}]}]}<\/script>\n<!-- \/ Yoast SEO plugin. -->","yoast_head_json":{"title":"Ferienhaus f\u00fcr 6 Cornwall - Barn Court nahe St Ives - Urlaub &amp; Reisen","robots":{"index":"index","follow":"follow","max-snippet":"max-snippet:-1","max-image-preview":"max-image-preview:large","max-video-preview":"max-video-preview:-1"},"canonical":"https:\/\/www.urlaubcornwall.de\/blog\/barn-court-ferienhaus-fuer-6-cornwall\/","og_locale":"en_US","og_type":"article","og_title":"Ferienhaus f\u00fcr 6 Cornwall - Barn Court nahe St Ives - Urlaub &amp; Reisen","og_description":"3 Schlafzimmer, leider keine Haustiere erlaubt, Ferienhaus 8.7 Kilometer SW von St Ives, West-Cornwall. Preisspanne L (\u00a3456 &#8211; \u00a31194) Dies ist ein wahrhaft l\u00e4ndlicher R\u00fcckzugsort im Herzen cornischer Landschaft gelegen; lediglich drei Meilen entfernt von den goldenen Str\u00e4nden und dem majest\u00e4tischen St Michael\u2019s Mount bei Marazion. Barn Court ist ein luxuri\u00f6s umgebauter Schuppen, der j\u00fcngst [&hellip;]","og_url":"https:\/\/www.urlaubcornwall.de\/blog\/barn-court-ferienhaus-fuer-6-cornwall\/","og_site_name":"Urlaub &amp; Reisen","article_modified_time":"2021-08-31T14:12:45+00:00","twitter_card":"summary","twitter_misc":{"Est. reading time":"1 minute"},"schema":{"@context":"https:\/\/schema.org","@graph":[{"@type":"WebSite","@id":"https:\/\/www.urlaubcornwall.de\/blog\/#website","url":"https:\/\/www.urlaubcornwall.de\/blog\/","name":"Urlaub &amp; Reisen","description":"Urlaub, Reisen, Cornwall und S\u00fcdengland: eine perfekte Kombination","potentialAction":[{"@type":"SearchAction","target":{"@type":"EntryPoint","urlTemplate":"https:\/\/www.urlaubcornwall.de\/blog\/?s={search_term_string}"},"query-input":"required name=search_term_string"}],"inLanguage":"en-US"},{"@type":"WebPage","@id":"https:\/\/www.urlaubcornwall.de\/blog\/barn-court-ferienhaus-fuer-6-cornwall\/","url":"https:\/\/www.urlaubcornwall.de\/blog\/barn-court-ferienhaus-fuer-6-cornwall\/","name":"Ferienhaus f\u00fcr 6 Cornwall - Barn Court nahe St Ives - Urlaub &amp; Reisen","isPartOf":{"@id":"https:\/\/www.urlaubcornwall.de\/blog\/#website"},"datePublished":"2014-01-31T14:53:27+00:00","dateModified":"2021-08-31T14:12:45+00:00","breadcrumb":{"@id":"https:\/\/www.urlaubcornwall.de\/blog\/barn-court-ferienhaus-fuer-6-cornwall\/#breadcrumb"},"inLanguage":"en-US","potentialAction":[{"@type":"ReadAction","target":["https:\/\/www.urlaubcornwall.de\/blog\/barn-court-ferienhaus-fuer-6-cornwall\/"]}]},{"@type":"BreadcrumbList","@id":"https:\/\/www.urlaubcornwall.de\/blog\/barn-court-ferienhaus-fuer-6-cornwall\/#breadcrumb","itemListElement":[{"@type":"ListItem","position":1,"name":"Home","item":"https:\/\/www.urlaubcornwall.de\/blog\/"},{"@type":"ListItem","position":2,"name":"Ferienhaus f\u00fcr 6 Cornwall &#8211; Barn Court nahe St Ives"}]}]}},"_links":{"self":[{"href":"https:\/\/www.urlaubcornwall.de\/blog\/wp-json\/wp\/v2\/pages\/12899"}],"collection":[{"href":"https:\/\/www.urlaubcornwall.de\/blog\/wp-json\/wp\/v2\/pages"}],"about":[{"href":"https:\/\/www.urlaubcornwall.de\/blog\/wp-json\/wp\/v2\/types\/page"}],"author":[{"embeddable":true,"href":"https:\/\/www.urlaubcornwall.de\/blog\/wp-json\/wp\/v2\/users\/1"}],"replies":[{"embeddable":true,"href":"https:\/\/www.urlaubcornwall.de\/blog\/wp-json\/wp\/v2\/comments?post=12899"}],"version-history":[{"count":7,"href":"https:\/\/www.urlaubcornwall.de\/blog\/wp-json\/wp\/v2\/pages\/12899\/revisions"}],"predecessor-version":[{"id":42343,"href":"https:\/\/www.urlaubcornwall.de\/blog\/wp-json\/wp\/v2\/pages\/12899\/revisions\/42343"}],"wp:attachment":[{"href":"https:\/\/www.urlaubcornwall.de\/blog\/wp-json\/wp\/v2\/media?parent=12899"}],"curies":[{"name":"wp","href":"https:\/\/api.w.org\/{rel}","templated":true}]}}