{"id":12872,"date":"2014-01-31T14:24:58","date_gmt":"2014-01-31T14:24:58","guid":{"rendered":"https:\/\/www.urlaubcornwall.de\/blog\/?page_id=12872"},"modified":"2021-08-31T14:08:27","modified_gmt":"2021-08-31T14:08:27","slug":"little-barncroft-ferienhaus-fuer-4-cornwall","status":"publish","type":"page","link":"https:\/\/www.urlaubcornwall.de\/blog\/little-barncroft-ferienhaus-fuer-4-cornwall\/","title":{"rendered":"Little Barncroft- Ferienhaus f\u00fcr 4 Cornwall"},"content":{"rendered":"<p><strong>2 Schlafzimmer, leider keine Haustiere erlaubt, Ferienhaus 5.6 Kilometer SW von Falmouth, S\u00fcdwest-Cornwall. Preisspanne G (\u00a3360 &#8211; \u00a3852)<\/strong><\/p>\n<p>Nicht weit entfernt vom wundersch\u00f6nen Helford River, liegt Little Barncroft in einem abgeschiedenen Tal an einem ruhigen Landweg, eine Meile entfernt vom Grebe Strand, dem winzigen Dorf Durgan, Trebah Garden und dem Glendurgan National Trust Garten. Die friedvolle Lage t\u00e4uscht dar\u00fcber hinweg, dass sich in nur einer Meile Entfernung Mawnan Smiths ausgezeichnete Kneipe und Dorfl\u00e4den befinden, und das gesch\u00e4ftige Falmouth auch nur ein paar Minuten Autofahrt entfernt liegt. Der spektakul\u00e4re K\u00fcstenwanderweg f\u00fchrt in der N\u00e4he vorbei. M\u00f6glichkeiten zum Wassersport sind am Helford Passage gegeben, und Budock Vean verf\u00fcgt \u00fcber einen bekannten Golfplatz.<\/p>\n<p style=\"text-align: center;\"><a class=\"tidycta\" href=\"https:\/\/www.urlaubcornwall.de\/ferienhaeuser-fewos\/falmouth.html\"><\/a>Suche Ferienh\u00e4user Falmouth<\/p>\n<p>Das Haus ist ein Anbau ans Heim der Haush\u00e4lterin, wo deren Familie mit ihrem freundlichen Hund lebt. Zwei sch\u00f6ne Schlafr\u00e4ume, das Badezimmer und der W\u00e4scheraum befinden sich im Erdgeschoss, dar\u00fcber der Wohnbereich in sanftem Blau-Wei\u00df mit seinem Eichenboden. Der Esstisch mit seinen hohen Hockern bildet gleichzeitig die breite Fr\u00fchst\u00fccksbar, die den K\u00fcchen- vom Wohnbereich trennt. Vom Wohnbereich aus f\u00fchren Fl\u00fcgelt\u00fcren auf den Balkon, von dem aus wiederum Stufen hinunter f\u00fchren zu einem eingegrenzten Rasen (bitte Vorsicht). Ein Kinder-Reisebett kann nicht zur Verf\u00fcgung gestellt werden. Bitte bringen Sie ihr eigenes mit.<\/p>\n<p><strong>Einrichtungen<\/strong><\/p>\n<p>\u2022 Private Parkm\u00f6glichkeit f\u00fcr 1 Auto<br \/>\n\u2022 Brennstoff und Strom inbegriffen<br \/>\n\u2022 Internetzugang<br \/>\n\u2022 Bettw\u00e4sche und Handt\u00fccher inbegriffen<br \/>\n\u2022 Gartenm\u00f6bel und BBQ<br \/>\n\u2022 Laden 1,5 km<br \/>\n\u2022 Pub 1,5 km<br \/>\n\u2022 M\u00fcnztelefon 1,5 km.<br \/>\n\u2022 Rauchen verboten<br \/>\n\u2022 Keine Hunde erlaubt<br \/>\n\u2022 Ankunftstag Freitag<\/p>\n<p style=\"text-align: center;\"><a class=\"tidycta\" href=\"https:\/\/www.urlaubcornwall.de\/ferienhaeuser-fewos\/falmouth.html\"><\/a>Suche Ferienh\u00e4user Falmouth<\/p>\n","protected":false},"excerpt":{"rendered":"<p>2 Schlafzimmer, leider keine Haustiere erlaubt, Ferienhaus 5.6 Kilometer SW von Falmouth, S\u00fcdwest-Cornwall. Preisspanne G (\u00a3360 &#8211; \u00a3852) Nicht weit entfernt vom wundersch\u00f6nen Helford River, liegt Little Barncroft in einem abgeschiedenen Tal an einem ruhigen Landweg, eine Meile entfernt vom Grebe Strand, dem winzigen Dorf Durgan, Trebah Garden und dem Glendurgan National Trust Garten. Die [&hellip;]<\/p>\n","protected":false},"author":1,"featured_media":0,"parent":0,"menu_order":0,"comment_status":"closed","ping_status":"closed","template":"single-two.php","meta":[],"acf":[],"yoast_head":"<!-- This site is optimized with the Yoast SEO plugin v19.4 - https:\/\/yoast.com\/wordpress\/plugins\/seo\/ -->\n<title>Little Barncroft- Ferienhaus f\u00fcr 4 Cornwall - Urlaub &amp; Reisen<\/title>\n<meta name=\"robots\" content=\"index, follow, max-snippet:-1, max-image-preview:large, max-video-preview:-1\" \/>\n<link rel=\"canonical\" href=\"https:\/\/www.urlaubcornwall.de\/blog\/little-barncroft-ferienhaus-fuer-4-cornwall\/\" \/>\n<meta property=\"og:locale\" content=\"en_US\" \/>\n<meta property=\"og:type\" content=\"article\" \/>\n<meta property=\"og:title\" content=\"Little Barncroft- Ferienhaus f\u00fcr 4 Cornwall - Urlaub &amp; Reisen\" \/>\n<meta property=\"og:description\" content=\"2 Schlafzimmer, leider keine Haustiere erlaubt, Ferienhaus 5.6 Kilometer SW von Falmouth, S\u00fcdwest-Cornwall. Preisspanne G (\u00a3360 &#8211; \u00a3852) Nicht weit entfernt vom wundersch\u00f6nen Helford River, liegt Little Barncroft in einem abgeschiedenen Tal an einem ruhigen Landweg, eine Meile entfernt vom Grebe Strand, dem winzigen Dorf Durgan, Trebah Garden und dem Glendurgan National Trust Garten. Die [&hellip;]\" \/>\n<meta property=\"og:url\" content=\"https:\/\/www.urlaubcornwall.de\/blog\/little-barncroft-ferienhaus-fuer-4-cornwall\/\" \/>\n<meta property=\"og:site_name\" content=\"Urlaub &amp; Reisen\" \/>\n<meta property=\"article:modified_time\" content=\"2021-08-31T14:08:27+00:00\" \/>\n<meta name=\"twitter:card\" content=\"summary\" \/>\n<meta name=\"twitter:label1\" content=\"Est. reading time\" \/>\n\t<meta name=\"twitter:data1\" content=\"1 minute\" \/>\n<script type=\"application\/ld+json\" class=\"yoast-schema-graph\">{\"@context\":\"https:\/\/schema.org\",\"@graph\":[{\"@type\":\"WebSite\",\"@id\":\"https:\/\/www.urlaubcornwall.de\/blog\/#website\",\"url\":\"https:\/\/www.urlaubcornwall.de\/blog\/\",\"name\":\"Urlaub &amp; Reisen\",\"description\":\"Urlaub, Reisen, Cornwall und S\u00fcdengland: eine perfekte Kombination\",\"potentialAction\":[{\"@type\":\"SearchAction\",\"target\":{\"@type\":\"EntryPoint\",\"urlTemplate\":\"https:\/\/www.urlaubcornwall.de\/blog\/?s={search_term_string}\"},\"query-input\":\"required name=search_term_string\"}],\"inLanguage\":\"en-US\"},{\"@type\":\"WebPage\",\"@id\":\"https:\/\/www.urlaubcornwall.de\/blog\/little-barncroft-ferienhaus-fuer-4-cornwall\/\",\"url\":\"https:\/\/www.urlaubcornwall.de\/blog\/little-barncroft-ferienhaus-fuer-4-cornwall\/\",\"name\":\"Little Barncroft- Ferienhaus f\u00fcr 4 Cornwall - Urlaub &amp; Reisen\",\"isPartOf\":{\"@id\":\"https:\/\/www.urlaubcornwall.de\/blog\/#website\"},\"datePublished\":\"2014-01-31T14:24:58+00:00\",\"dateModified\":\"2021-08-31T14:08:27+00:00\",\"breadcrumb\":{\"@id\":\"https:\/\/www.urlaubcornwall.de\/blog\/little-barncroft-ferienhaus-fuer-4-cornwall\/#breadcrumb\"},\"inLanguage\":\"en-US\",\"potentialAction\":[{\"@type\":\"ReadAction\",\"target\":[\"https:\/\/www.urlaubcornwall.de\/blog\/little-barncroft-ferienhaus-fuer-4-cornwall\/\"]}]},{\"@type\":\"BreadcrumbList\",\"@id\":\"https:\/\/www.urlaubcornwall.de\/blog\/little-barncroft-ferienhaus-fuer-4-cornwall\/#breadcrumb\",\"itemListElement\":[{\"@type\":\"ListItem\",\"position\":1,\"name\":\"Home\",\"item\":\"https:\/\/www.urlaubcornwall.de\/blog\/\"},{\"@type\":\"ListItem\",\"position\":2,\"name\":\"Little Barncroft- Ferienhaus f\u00fcr 4 Cornwall\"}]}]}<\/script>\n<!-- \/ Yoast SEO plugin. -->","yoast_head_json":{"title":"Little Barncroft- Ferienhaus f\u00fcr 4 Cornwall - Urlaub &amp; Reisen","robots":{"index":"index","follow":"follow","max-snippet":"max-snippet:-1","max-image-preview":"max-image-preview:large","max-video-preview":"max-video-preview:-1"},"canonical":"https:\/\/www.urlaubcornwall.de\/blog\/little-barncroft-ferienhaus-fuer-4-cornwall\/","og_locale":"en_US","og_type":"article","og_title":"Little Barncroft- Ferienhaus f\u00fcr 4 Cornwall - Urlaub &amp; Reisen","og_description":"2 Schlafzimmer, leider keine Haustiere erlaubt, Ferienhaus 5.6 Kilometer SW von Falmouth, S\u00fcdwest-Cornwall. Preisspanne G (\u00a3360 &#8211; \u00a3852) Nicht weit entfernt vom wundersch\u00f6nen Helford River, liegt Little Barncroft in einem abgeschiedenen Tal an einem ruhigen Landweg, eine Meile entfernt vom Grebe Strand, dem winzigen Dorf Durgan, Trebah Garden und dem Glendurgan National Trust Garten. Die [&hellip;]","og_url":"https:\/\/www.urlaubcornwall.de\/blog\/little-barncroft-ferienhaus-fuer-4-cornwall\/","og_site_name":"Urlaub &amp; Reisen","article_modified_time":"2021-08-31T14:08:27+00:00","twitter_card":"summary","twitter_misc":{"Est. reading time":"1 minute"},"schema":{"@context":"https:\/\/schema.org","@graph":[{"@type":"WebSite","@id":"https:\/\/www.urlaubcornwall.de\/blog\/#website","url":"https:\/\/www.urlaubcornwall.de\/blog\/","name":"Urlaub &amp; Reisen","description":"Urlaub, Reisen, Cornwall und S\u00fcdengland: eine perfekte Kombination","potentialAction":[{"@type":"SearchAction","target":{"@type":"EntryPoint","urlTemplate":"https:\/\/www.urlaubcornwall.de\/blog\/?s={search_term_string}"},"query-input":"required name=search_term_string"}],"inLanguage":"en-US"},{"@type":"WebPage","@id":"https:\/\/www.urlaubcornwall.de\/blog\/little-barncroft-ferienhaus-fuer-4-cornwall\/","url":"https:\/\/www.urlaubcornwall.de\/blog\/little-barncroft-ferienhaus-fuer-4-cornwall\/","name":"Little Barncroft- Ferienhaus f\u00fcr 4 Cornwall - Urlaub &amp; Reisen","isPartOf":{"@id":"https:\/\/www.urlaubcornwall.de\/blog\/#website"},"datePublished":"2014-01-31T14:24:58+00:00","dateModified":"2021-08-31T14:08:27+00:00","breadcrumb":{"@id":"https:\/\/www.urlaubcornwall.de\/blog\/little-barncroft-ferienhaus-fuer-4-cornwall\/#breadcrumb"},"inLanguage":"en-US","potentialAction":[{"@type":"ReadAction","target":["https:\/\/www.urlaubcornwall.de\/blog\/little-barncroft-ferienhaus-fuer-4-cornwall\/"]}]},{"@type":"BreadcrumbList","@id":"https:\/\/www.urlaubcornwall.de\/blog\/little-barncroft-ferienhaus-fuer-4-cornwall\/#breadcrumb","itemListElement":[{"@type":"ListItem","position":1,"name":"Home","item":"https:\/\/www.urlaubcornwall.de\/blog\/"},{"@type":"ListItem","position":2,"name":"Little Barncroft- Ferienhaus f\u00fcr 4 Cornwall"}]}]}},"_links":{"self":[{"href":"https:\/\/www.urlaubcornwall.de\/blog\/wp-json\/wp\/v2\/pages\/12872"}],"collection":[{"href":"https:\/\/www.urlaubcornwall.de\/blog\/wp-json\/wp\/v2\/pages"}],"about":[{"href":"https:\/\/www.urlaubcornwall.de\/blog\/wp-json\/wp\/v2\/types\/page"}],"author":[{"embeddable":true,"href":"https:\/\/www.urlaubcornwall.de\/blog\/wp-json\/wp\/v2\/users\/1"}],"replies":[{"embeddable":true,"href":"https:\/\/www.urlaubcornwall.de\/blog\/wp-json\/wp\/v2\/comments?post=12872"}],"version-history":[{"count":4,"href":"https:\/\/www.urlaubcornwall.de\/blog\/wp-json\/wp\/v2\/pages\/12872\/revisions"}],"predecessor-version":[{"id":42340,"href":"https:\/\/www.urlaubcornwall.de\/blog\/wp-json\/wp\/v2\/pages\/12872\/revisions\/42340"}],"wp:attachment":[{"href":"https:\/\/www.urlaubcornwall.de\/blog\/wp-json\/wp\/v2\/media?parent=12872"}],"curies":[{"name":"wp","href":"https:\/\/api.w.org\/{rel}","templated":true}]}}