{"id":12804,"date":"2014-01-31T11:32:39","date_gmt":"2014-01-31T11:32:39","guid":{"rendered":"https:\/\/www.urlaubcornwall.de\/blog\/?page_id=12804"},"modified":"2021-08-31T13:59:27","modified_gmt":"2021-08-31T13:59:27","slug":"pericles-cottage-ferienhaus-kynance-cove-lizard","status":"publish","type":"page","link":"https:\/\/www.urlaubcornwall.de\/blog\/pericles-cottage-ferienhaus-kynance-cove-lizard\/","title":{"rendered":"Pericles Cottage &#8211; Ferienhaus Kynance Cove, Lizard"},"content":{"rendered":"<p><strong>3 Schlafzimmer, leider keine Haustiere erlaubt, Ferienhaus mit Meerblick <a href=\"https:\/\/www.urlaubcornwall.de\/ferienhaeuser-fewos\/cadgwith.html\">Cadgwith<\/a>, S\u00fcdwest-Cornwall. Preisspanne K (\u00a3426 &#8211; \u00a31110)<\/strong><\/p>\n<p>Geschmackvoll eingerichtet und ausgestattet mit Auge f\u00fcr das Original, liegt Pericles Cottage oberhalb der wundersch\u00f6nen Bucht von Cadgwith mit atemberaubendem Blick \u00fcber dieses gesch\u00e4ftige, urspr\u00fcngliche Fischerdorf und das glitzernde Meer. Dieses ehemalige Reihenhaus der K\u00fcstenwache befindet sich lediglich einen kurzen Spaziergang vom Dorf entfernt und stellt ein entz\u00fcckend friedliches traditionelles Zuhause vom Zuhause dar; die perfekte Ausgangsstation also von der aus Sie den wundersch\u00f6nen K\u00fcstenpfad oder die Sandstr\u00e4nde, malerischen H\u00e4fen und versteckt gelegene Buchten der Lizard Halbinsel erkunden k\u00f6nnen.<\/p>\n<p style=\"text-align: center;\"><a class=\"tidycta\" href=\"https:\/\/www.urlaubcornwall.de\/ferienhaeuser-fewos\/lizard-halbinsel.html\"><\/a>Ferienh\u00e4user Lizard Halbinsel<\/p>\n<p>Granitstufen f\u00fchren hinunter in den kleinen Hof hinter dem Haus. Ein n\u00fctzlicher Haushaltsraum f\u00fchrt in die gut ausgestattete, gro\u00dfr\u00e4umige K\u00fcche, die wiederum in den Essbereich f\u00fchrt, der \u00fcber einen Holzofen verf\u00fcgt. Durch eine teilweise verglaste T\u00fcr geht es in den Garten. Von dort aus k\u00f6nnen Sie den Aktivit\u00e4ten unten am Strand zusehen. Das Wohnzimmer verf\u00fcgt \u00fcber ein gem\u00fctliches offenes Feuer, und beide, Wohn- und Esszimmer haben wundervollen Meeresblick. Im Obergeschoss hat jeder h\u00fcbsche Schlafraum eine kleine Victorianische Feuerstelle. Die beiden vorderen R\u00e4ume haben herrlichen Meeresblick, einer davon ist Schlafraum 1, in dem das 6` Fu\u00df Bett zwei einzelne Bettdecken und Matratzen hat. Es gibt auch einen kleinen versteckten Ausblick, wo der K\u00fcstenw\u00e4chter vielleicht einst seine Wache abhielt \u2013 auch Sie werden es nicht lassen k\u00f6nnen, viele Stunden in dieselbe Richtung zu blicken.<\/p>\n<p><strong>Einrichtungen<\/strong><\/p>\n<p>\u2022 Parken auf der Stra\u00dfe<br \/>\n\u2022 Brennstoff und Strom inbegriffen<br \/>\n\u2022 Gartenm\u00f6bel und BBQ<br \/>\n\u2022 Laden 250 m<br \/>\n\u2022 Pub 250 m.<br \/>\n\u2022 M\u00fcnztelefon 250 m<br \/>\n\u2022 Rauchen verboten<br \/>\n\u2022 Keine Hunde erlaubt<br \/>\n\u2022 Ankunftstag Samstag<\/p>\n<p style=\"text-align: center;\"><a class=\"tidycta\" href=\"https:\/\/www.urlaubcornwall.de\/ferienhaeuser-fewos\/lizard-halbinsel.html\"><\/a>Ferienh\u00e4user Lizard Halbinsel<\/p>\n","protected":false},"excerpt":{"rendered":"<p>3 Schlafzimmer, leider keine Haustiere erlaubt, Ferienhaus mit Meerblick Cadgwith, S\u00fcdwest-Cornwall. Preisspanne K (\u00a3426 &#8211; \u00a31110) Geschmackvoll eingerichtet und ausgestattet mit Auge f\u00fcr das Original, liegt Pericles Cottage oberhalb der wundersch\u00f6nen Bucht von Cadgwith mit atemberaubendem Blick \u00fcber dieses gesch\u00e4ftige, urspr\u00fcngliche Fischerdorf und das glitzernde Meer. Dieses ehemalige Reihenhaus der K\u00fcstenwache befindet sich lediglich einen [&hellip;]<\/p>\n","protected":false},"author":1,"featured_media":0,"parent":0,"menu_order":0,"comment_status":"closed","ping_status":"closed","template":"single-two.php","meta":[],"acf":[],"yoast_head":"<!-- This site is optimized with the Yoast SEO plugin v19.4 - https:\/\/yoast.com\/wordpress\/plugins\/seo\/ -->\n<title>Pericles Cottage - Ferienhaus Kynance Cove, Lizard - Urlaub &amp; Reisen<\/title>\n<meta name=\"robots\" content=\"index, follow, max-snippet:-1, max-image-preview:large, max-video-preview:-1\" \/>\n<link rel=\"canonical\" href=\"https:\/\/www.urlaubcornwall.de\/blog\/pericles-cottage-ferienhaus-kynance-cove-lizard\/\" \/>\n<meta property=\"og:locale\" content=\"en_US\" \/>\n<meta property=\"og:type\" content=\"article\" \/>\n<meta property=\"og:title\" content=\"Pericles Cottage - Ferienhaus Kynance Cove, Lizard - Urlaub &amp; Reisen\" \/>\n<meta property=\"og:description\" content=\"3 Schlafzimmer, leider keine Haustiere erlaubt, Ferienhaus mit Meerblick Cadgwith, S\u00fcdwest-Cornwall. Preisspanne K (\u00a3426 &#8211; \u00a31110) Geschmackvoll eingerichtet und ausgestattet mit Auge f\u00fcr das Original, liegt Pericles Cottage oberhalb der wundersch\u00f6nen Bucht von Cadgwith mit atemberaubendem Blick \u00fcber dieses gesch\u00e4ftige, urspr\u00fcngliche Fischerdorf und das glitzernde Meer. Dieses ehemalige Reihenhaus der K\u00fcstenwache befindet sich lediglich einen [&hellip;]\" \/>\n<meta property=\"og:url\" content=\"https:\/\/www.urlaubcornwall.de\/blog\/pericles-cottage-ferienhaus-kynance-cove-lizard\/\" \/>\n<meta property=\"og:site_name\" content=\"Urlaub &amp; Reisen\" \/>\n<meta property=\"article:modified_time\" content=\"2021-08-31T13:59:27+00:00\" \/>\n<meta name=\"twitter:card\" content=\"summary\" \/>\n<meta name=\"twitter:label1\" content=\"Est. reading time\" \/>\n\t<meta name=\"twitter:data1\" content=\"1 minute\" \/>\n<script type=\"application\/ld+json\" class=\"yoast-schema-graph\">{\"@context\":\"https:\/\/schema.org\",\"@graph\":[{\"@type\":\"WebSite\",\"@id\":\"https:\/\/www.urlaubcornwall.de\/blog\/#website\",\"url\":\"https:\/\/www.urlaubcornwall.de\/blog\/\",\"name\":\"Urlaub &amp; Reisen\",\"description\":\"Urlaub, Reisen, Cornwall und S\u00fcdengland: eine perfekte Kombination\",\"potentialAction\":[{\"@type\":\"SearchAction\",\"target\":{\"@type\":\"EntryPoint\",\"urlTemplate\":\"https:\/\/www.urlaubcornwall.de\/blog\/?s={search_term_string}\"},\"query-input\":\"required name=search_term_string\"}],\"inLanguage\":\"en-US\"},{\"@type\":\"WebPage\",\"@id\":\"https:\/\/www.urlaubcornwall.de\/blog\/pericles-cottage-ferienhaus-kynance-cove-lizard\/\",\"url\":\"https:\/\/www.urlaubcornwall.de\/blog\/pericles-cottage-ferienhaus-kynance-cove-lizard\/\",\"name\":\"Pericles Cottage - Ferienhaus Kynance Cove, Lizard - Urlaub &amp; Reisen\",\"isPartOf\":{\"@id\":\"https:\/\/www.urlaubcornwall.de\/blog\/#website\"},\"datePublished\":\"2014-01-31T11:32:39+00:00\",\"dateModified\":\"2021-08-31T13:59:27+00:00\",\"breadcrumb\":{\"@id\":\"https:\/\/www.urlaubcornwall.de\/blog\/pericles-cottage-ferienhaus-kynance-cove-lizard\/#breadcrumb\"},\"inLanguage\":\"en-US\",\"potentialAction\":[{\"@type\":\"ReadAction\",\"target\":[\"https:\/\/www.urlaubcornwall.de\/blog\/pericles-cottage-ferienhaus-kynance-cove-lizard\/\"]}]},{\"@type\":\"BreadcrumbList\",\"@id\":\"https:\/\/www.urlaubcornwall.de\/blog\/pericles-cottage-ferienhaus-kynance-cove-lizard\/#breadcrumb\",\"itemListElement\":[{\"@type\":\"ListItem\",\"position\":1,\"name\":\"Home\",\"item\":\"https:\/\/www.urlaubcornwall.de\/blog\/\"},{\"@type\":\"ListItem\",\"position\":2,\"name\":\"Pericles Cottage &#8211; Ferienhaus Kynance Cove, Lizard\"}]}]}<\/script>\n<!-- \/ Yoast SEO plugin. -->","yoast_head_json":{"title":"Pericles Cottage - Ferienhaus Kynance Cove, Lizard - Urlaub &amp; Reisen","robots":{"index":"index","follow":"follow","max-snippet":"max-snippet:-1","max-image-preview":"max-image-preview:large","max-video-preview":"max-video-preview:-1"},"canonical":"https:\/\/www.urlaubcornwall.de\/blog\/pericles-cottage-ferienhaus-kynance-cove-lizard\/","og_locale":"en_US","og_type":"article","og_title":"Pericles Cottage - Ferienhaus Kynance Cove, Lizard - Urlaub &amp; Reisen","og_description":"3 Schlafzimmer, leider keine Haustiere erlaubt, Ferienhaus mit Meerblick Cadgwith, S\u00fcdwest-Cornwall. Preisspanne K (\u00a3426 &#8211; \u00a31110) Geschmackvoll eingerichtet und ausgestattet mit Auge f\u00fcr das Original, liegt Pericles Cottage oberhalb der wundersch\u00f6nen Bucht von Cadgwith mit atemberaubendem Blick \u00fcber dieses gesch\u00e4ftige, urspr\u00fcngliche Fischerdorf und das glitzernde Meer. Dieses ehemalige Reihenhaus der K\u00fcstenwache befindet sich lediglich einen [&hellip;]","og_url":"https:\/\/www.urlaubcornwall.de\/blog\/pericles-cottage-ferienhaus-kynance-cove-lizard\/","og_site_name":"Urlaub &amp; Reisen","article_modified_time":"2021-08-31T13:59:27+00:00","twitter_card":"summary","twitter_misc":{"Est. reading time":"1 minute"},"schema":{"@context":"https:\/\/schema.org","@graph":[{"@type":"WebSite","@id":"https:\/\/www.urlaubcornwall.de\/blog\/#website","url":"https:\/\/www.urlaubcornwall.de\/blog\/","name":"Urlaub &amp; Reisen","description":"Urlaub, Reisen, Cornwall und S\u00fcdengland: eine perfekte Kombination","potentialAction":[{"@type":"SearchAction","target":{"@type":"EntryPoint","urlTemplate":"https:\/\/www.urlaubcornwall.de\/blog\/?s={search_term_string}"},"query-input":"required name=search_term_string"}],"inLanguage":"en-US"},{"@type":"WebPage","@id":"https:\/\/www.urlaubcornwall.de\/blog\/pericles-cottage-ferienhaus-kynance-cove-lizard\/","url":"https:\/\/www.urlaubcornwall.de\/blog\/pericles-cottage-ferienhaus-kynance-cove-lizard\/","name":"Pericles Cottage - Ferienhaus Kynance Cove, Lizard - Urlaub &amp; Reisen","isPartOf":{"@id":"https:\/\/www.urlaubcornwall.de\/blog\/#website"},"datePublished":"2014-01-31T11:32:39+00:00","dateModified":"2021-08-31T13:59:27+00:00","breadcrumb":{"@id":"https:\/\/www.urlaubcornwall.de\/blog\/pericles-cottage-ferienhaus-kynance-cove-lizard\/#breadcrumb"},"inLanguage":"en-US","potentialAction":[{"@type":"ReadAction","target":["https:\/\/www.urlaubcornwall.de\/blog\/pericles-cottage-ferienhaus-kynance-cove-lizard\/"]}]},{"@type":"BreadcrumbList","@id":"https:\/\/www.urlaubcornwall.de\/blog\/pericles-cottage-ferienhaus-kynance-cove-lizard\/#breadcrumb","itemListElement":[{"@type":"ListItem","position":1,"name":"Home","item":"https:\/\/www.urlaubcornwall.de\/blog\/"},{"@type":"ListItem","position":2,"name":"Pericles Cottage &#8211; Ferienhaus Kynance Cove, Lizard"}]}]}},"_links":{"self":[{"href":"https:\/\/www.urlaubcornwall.de\/blog\/wp-json\/wp\/v2\/pages\/12804"}],"collection":[{"href":"https:\/\/www.urlaubcornwall.de\/blog\/wp-json\/wp\/v2\/pages"}],"about":[{"href":"https:\/\/www.urlaubcornwall.de\/blog\/wp-json\/wp\/v2\/types\/page"}],"author":[{"embeddable":true,"href":"https:\/\/www.urlaubcornwall.de\/blog\/wp-json\/wp\/v2\/users\/1"}],"replies":[{"embeddable":true,"href":"https:\/\/www.urlaubcornwall.de\/blog\/wp-json\/wp\/v2\/comments?post=12804"}],"version-history":[{"count":7,"href":"https:\/\/www.urlaubcornwall.de\/blog\/wp-json\/wp\/v2\/pages\/12804\/revisions"}],"predecessor-version":[{"id":42333,"href":"https:\/\/www.urlaubcornwall.de\/blog\/wp-json\/wp\/v2\/pages\/12804\/revisions\/42333"}],"wp:attachment":[{"href":"https:\/\/www.urlaubcornwall.de\/blog\/wp-json\/wp\/v2\/media?parent=12804"}],"curies":[{"name":"wp","href":"https:\/\/api.w.org\/{rel}","templated":true}]}}