{"id":12695,"date":"2014-01-23T17:01:14","date_gmt":"2014-01-23T17:01:14","guid":{"rendered":"https:\/\/www.urlaubcornwall.de\/blog\/?page_id=12695"},"modified":"2023-04-28T12:17:23","modified_gmt":"2023-04-28T12:17:23","slug":"schoene-ferienhaeuser-in-den-highlands-von-schottland","status":"publish","type":"page","link":"https:\/\/www.urlaubcornwall.de\/blog\/schoene-ferienhaeuser-in-den-highlands-von-schottland\/","title":{"rendered":"Sch\u00f6ne Ferienh\u00e4user in den Highlands von Schottland"},"content":{"rendered":"<p><img loading=\"lazy\" class=\"aligncenter size-full wp-image-20531\" src=\"https:\/\/www.urlaubcornwall.de\/blog\/wp-content\/uploads\/2015\/10\/trossachs-schottland-urlaub.jpg\" alt=\"trossachs schottland urlaub\" height=\"361\" width=\"750\"\/><\/p>\n<p style=\"text-align: center;\"><strong>Bei uns finden Sie Ferienh\u00e4user zum Verlieben &#8211; so einfach ist das!<\/strong><\/p>\n<p style=\"text-align: center;\">Tulloch liegt in einer bezaubernden Umgebung. Von unseren Ferienh\u00e4usern aus gelangen Sie ohne Probleme zum Fort William und dem Cairngorms National Park. Somit stellen die Unterk\u00fcnfte eine perfekte Ausgangsbasis dar f\u00fcr die Eroberung der Highlands. Sie k\u00f6nnen ab lediglich 2 N\u00e4chten gebucht werden und sind somit ideal f\u00fcr eine <a href=\"https:\/\/www.urlaubcornwall.de\/blog\/2013\/08\/eine-reise-durch-schottland-unsere-lieblingsrundreisen-durch-die-highlands\/\"><span style=\"text-decoration: underline;\">Rundreise in den Highlands<\/span><\/a> oder einen l\u00e4ngeren Aufenthalt, w\u00e4hrend dessen Sie erleben, was diese wundersch\u00f6ne Region zu bieten hat.<\/p>\n<h1 style=\"text-align: center;\"><strong>Bei uns finden Sie Ferienh\u00e4user zum Verlieben \u2013 so einfach ist das!<\/strong><\/h1>\n<p style=\"text-align: center;\">UrlaubCornwall verf\u00fcgt Ferienh\u00e4user und Ferienwohnungen&nbsp; f\u00fcr Ihren <a href=\"https:\/\/www.urlaubcornwall.de\/reiseziel\/schottland.php\">Urlaub in Schottland<\/a>. Unterk\u00fcnfte der Spitzenklasse f\u00fcr 2 Personen, Familien und Gruppen mit 4, 6, 8, 10 oder 12 G\u00e4sten.<\/p>\n<p style=\"text-align: center;\"><a class=\"tidycta\" href=\"https:\/\/www.urlaubcornwall.de\/ferienhaeuser-fewos\/sco\/nordhighlands-und-inseln\/nordhighlands-und-inseln.html\">Suche Ferienh\u00e4user in Schottland<\/a><\/p>\n<p style=\"text-align: center;\">Das Dorf Tulloch selbst bildet die perfekte Ausgangsstation f\u00fcr Ferien in den schottischen Highlands mit seinen ausgezeichneten Wanderwegen, Verkehrsverbindungen und nahegelegenen Restaurants, die schottische Mahlzeiten bieten. Nahe gelegene Ferienattraktionen sind unter anderem Fort William bis zur Mallaig Bahn, der Cairngorms National Park, das Roy Glen Naturschutzgebiet, Ben Nevis, Glencoe, Loch Ness und Great Glen.<\/p>\n","protected":false},"excerpt":{"rendered":"<p>Bei uns finden Sie Ferienh\u00e4user zum Verlieben &#8211; so einfach ist das! Tulloch liegt in einer bezaubernden Umgebung. Von unseren Ferienh\u00e4usern aus gelangen Sie ohne Probleme zum Fort William und dem Cairngorms National Park. Somit stellen die Unterk\u00fcnfte eine perfekte Ausgangsbasis dar f\u00fcr die Eroberung der Highlands. Sie k\u00f6nnen ab lediglich 2 N\u00e4chten gebucht werden [&hellip;]<\/p>\n","protected":false},"author":1,"featured_media":0,"parent":0,"menu_order":0,"comment_status":"closed","ping_status":"closed","template":"single-four.php","meta":[],"acf":[],"yoast_head":"<!-- This site is optimized with the Yoast SEO plugin v19.4 - https:\/\/yoast.com\/wordpress\/plugins\/seo\/ -->\n<title>Sch\u00f6ne Ferienh\u00e4user in den Highlands von Schottland - Urlaub &amp; Reisen<\/title>\n<meta name=\"robots\" content=\"index, follow, max-snippet:-1, max-image-preview:large, max-video-preview:-1\" \/>\n<link rel=\"canonical\" href=\"https:\/\/www.urlaubcornwall.de\/blog\/schoene-ferienhaeuser-in-den-highlands-von-schottland\/\" \/>\n<meta property=\"og:locale\" content=\"en_US\" \/>\n<meta property=\"og:type\" content=\"article\" \/>\n<meta property=\"og:title\" content=\"Sch\u00f6ne Ferienh\u00e4user in den Highlands von Schottland - Urlaub &amp; Reisen\" \/>\n<meta property=\"og:description\" content=\"Bei uns finden Sie Ferienh\u00e4user zum Verlieben &#8211; so einfach ist das! Tulloch liegt in einer bezaubernden Umgebung. Von unseren Ferienh\u00e4usern aus gelangen Sie ohne Probleme zum Fort William und dem Cairngorms National Park. Somit stellen die Unterk\u00fcnfte eine perfekte Ausgangsbasis dar f\u00fcr die Eroberung der Highlands. Sie k\u00f6nnen ab lediglich 2 N\u00e4chten gebucht werden [&hellip;]\" \/>\n<meta property=\"og:url\" content=\"https:\/\/www.urlaubcornwall.de\/blog\/schoene-ferienhaeuser-in-den-highlands-von-schottland\/\" \/>\n<meta property=\"og:site_name\" content=\"Urlaub &amp; Reisen\" \/>\n<meta property=\"article:modified_time\" content=\"2023-04-28T12:17:23+00:00\" \/>\n<meta property=\"og:image\" content=\"https:\/\/www.urlaubcornwall.de\/blog\/wp-content\/uploads\/2015\/10\/trossachs-schottland-urlaub.jpg\" \/>\n<meta name=\"twitter:card\" content=\"summary\" \/>\n<meta name=\"twitter:label1\" content=\"Est. reading time\" \/>\n\t<meta name=\"twitter:data1\" content=\"1 minute\" \/>\n<script type=\"application\/ld+json\" class=\"yoast-schema-graph\">{\"@context\":\"https:\/\/schema.org\",\"@graph\":[{\"@type\":\"WebSite\",\"@id\":\"https:\/\/www.urlaubcornwall.de\/blog\/#website\",\"url\":\"https:\/\/www.urlaubcornwall.de\/blog\/\",\"name\":\"Urlaub &amp; Reisen\",\"description\":\"Urlaub, Reisen, Cornwall und S\u00fcdengland: eine perfekte Kombination\",\"potentialAction\":[{\"@type\":\"SearchAction\",\"target\":{\"@type\":\"EntryPoint\",\"urlTemplate\":\"https:\/\/www.urlaubcornwall.de\/blog\/?s={search_term_string}\"},\"query-input\":\"required name=search_term_string\"}],\"inLanguage\":\"en-US\"},{\"@type\":\"WebPage\",\"@id\":\"https:\/\/www.urlaubcornwall.de\/blog\/schoene-ferienhaeuser-in-den-highlands-von-schottland\/\",\"url\":\"https:\/\/www.urlaubcornwall.de\/blog\/schoene-ferienhaeuser-in-den-highlands-von-schottland\/\",\"name\":\"Sch\u00f6ne Ferienh\u00e4user in den Highlands von Schottland - Urlaub &amp; Reisen\",\"isPartOf\":{\"@id\":\"https:\/\/www.urlaubcornwall.de\/blog\/#website\"},\"datePublished\":\"2014-01-23T17:01:14+00:00\",\"dateModified\":\"2023-04-28T12:17:23+00:00\",\"breadcrumb\":{\"@id\":\"https:\/\/www.urlaubcornwall.de\/blog\/schoene-ferienhaeuser-in-den-highlands-von-schottland\/#breadcrumb\"},\"inLanguage\":\"en-US\",\"potentialAction\":[{\"@type\":\"ReadAction\",\"target\":[\"https:\/\/www.urlaubcornwall.de\/blog\/schoene-ferienhaeuser-in-den-highlands-von-schottland\/\"]}]},{\"@type\":\"BreadcrumbList\",\"@id\":\"https:\/\/www.urlaubcornwall.de\/blog\/schoene-ferienhaeuser-in-den-highlands-von-schottland\/#breadcrumb\",\"itemListElement\":[{\"@type\":\"ListItem\",\"position\":1,\"name\":\"Home\",\"item\":\"https:\/\/www.urlaubcornwall.de\/blog\/\"},{\"@type\":\"ListItem\",\"position\":2,\"name\":\"Sch\u00f6ne Ferienh\u00e4user in den Highlands von Schottland\"}]}]}<\/script>\n<!-- \/ Yoast SEO plugin. -->","yoast_head_json":{"title":"Sch\u00f6ne Ferienh\u00e4user in den Highlands von Schottland - Urlaub &amp; Reisen","robots":{"index":"index","follow":"follow","max-snippet":"max-snippet:-1","max-image-preview":"max-image-preview:large","max-video-preview":"max-video-preview:-1"},"canonical":"https:\/\/www.urlaubcornwall.de\/blog\/schoene-ferienhaeuser-in-den-highlands-von-schottland\/","og_locale":"en_US","og_type":"article","og_title":"Sch\u00f6ne Ferienh\u00e4user in den Highlands von Schottland - Urlaub &amp; Reisen","og_description":"Bei uns finden Sie Ferienh\u00e4user zum Verlieben &#8211; so einfach ist das! Tulloch liegt in einer bezaubernden Umgebung. Von unseren Ferienh\u00e4usern aus gelangen Sie ohne Probleme zum Fort William und dem Cairngorms National Park. Somit stellen die Unterk\u00fcnfte eine perfekte Ausgangsbasis dar f\u00fcr die Eroberung der Highlands. Sie k\u00f6nnen ab lediglich 2 N\u00e4chten gebucht werden [&hellip;]","og_url":"https:\/\/www.urlaubcornwall.de\/blog\/schoene-ferienhaeuser-in-den-highlands-von-schottland\/","og_site_name":"Urlaub &amp; Reisen","article_modified_time":"2023-04-28T12:17:23+00:00","og_image":[{"url":"https:\/\/www.urlaubcornwall.de\/blog\/wp-content\/uploads\/2015\/10\/trossachs-schottland-urlaub.jpg"}],"twitter_card":"summary","twitter_misc":{"Est. reading time":"1 minute"},"schema":{"@context":"https:\/\/schema.org","@graph":[{"@type":"WebSite","@id":"https:\/\/www.urlaubcornwall.de\/blog\/#website","url":"https:\/\/www.urlaubcornwall.de\/blog\/","name":"Urlaub &amp; Reisen","description":"Urlaub, Reisen, Cornwall und S\u00fcdengland: eine perfekte Kombination","potentialAction":[{"@type":"SearchAction","target":{"@type":"EntryPoint","urlTemplate":"https:\/\/www.urlaubcornwall.de\/blog\/?s={search_term_string}"},"query-input":"required name=search_term_string"}],"inLanguage":"en-US"},{"@type":"WebPage","@id":"https:\/\/www.urlaubcornwall.de\/blog\/schoene-ferienhaeuser-in-den-highlands-von-schottland\/","url":"https:\/\/www.urlaubcornwall.de\/blog\/schoene-ferienhaeuser-in-den-highlands-von-schottland\/","name":"Sch\u00f6ne Ferienh\u00e4user in den Highlands von Schottland - Urlaub &amp; Reisen","isPartOf":{"@id":"https:\/\/www.urlaubcornwall.de\/blog\/#website"},"datePublished":"2014-01-23T17:01:14+00:00","dateModified":"2023-04-28T12:17:23+00:00","breadcrumb":{"@id":"https:\/\/www.urlaubcornwall.de\/blog\/schoene-ferienhaeuser-in-den-highlands-von-schottland\/#breadcrumb"},"inLanguage":"en-US","potentialAction":[{"@type":"ReadAction","target":["https:\/\/www.urlaubcornwall.de\/blog\/schoene-ferienhaeuser-in-den-highlands-von-schottland\/"]}]},{"@type":"BreadcrumbList","@id":"https:\/\/www.urlaubcornwall.de\/blog\/schoene-ferienhaeuser-in-den-highlands-von-schottland\/#breadcrumb","itemListElement":[{"@type":"ListItem","position":1,"name":"Home","item":"https:\/\/www.urlaubcornwall.de\/blog\/"},{"@type":"ListItem","position":2,"name":"Sch\u00f6ne Ferienh\u00e4user in den Highlands von Schottland"}]}]}},"_links":{"self":[{"href":"https:\/\/www.urlaubcornwall.de\/blog\/wp-json\/wp\/v2\/pages\/12695"}],"collection":[{"href":"https:\/\/www.urlaubcornwall.de\/blog\/wp-json\/wp\/v2\/pages"}],"about":[{"href":"https:\/\/www.urlaubcornwall.de\/blog\/wp-json\/wp\/v2\/types\/page"}],"author":[{"embeddable":true,"href":"https:\/\/www.urlaubcornwall.de\/blog\/wp-json\/wp\/v2\/users\/1"}],"replies":[{"embeddable":true,"href":"https:\/\/www.urlaubcornwall.de\/blog\/wp-json\/wp\/v2\/comments?post=12695"}],"version-history":[{"count":8,"href":"https:\/\/www.urlaubcornwall.de\/blog\/wp-json\/wp\/v2\/pages\/12695\/revisions"}],"predecessor-version":[{"id":46475,"href":"https:\/\/www.urlaubcornwall.de\/blog\/wp-json\/wp\/v2\/pages\/12695\/revisions\/46475"}],"wp:attachment":[{"href":"https:\/\/www.urlaubcornwall.de\/blog\/wp-json\/wp\/v2\/media?parent=12695"}],"curies":[{"name":"wp","href":"https:\/\/api.w.org\/{rel}","templated":true}]}}