{"id":12574,"date":"2014-01-12T15:51:49","date_gmt":"2014-01-12T15:51:49","guid":{"rendered":"https:\/\/www.urlaubcornwall.de\/blog\/?page_id=12574"},"modified":"2020-03-10T12:08:52","modified_gmt":"2020-03-10T12:08:52","slug":"erkunden-sie-wales-nordwales-mit-seinen-straenden-bergen-und-burgen","status":"publish","type":"page","link":"https:\/\/www.urlaubcornwall.de\/blog\/erkunden-sie-wales-nordwales-mit-seinen-straenden-bergen-und-burgen\/","title":{"rendered":"Erkunden Sie Wales: Nord Wales mit seinen Str\u00e4nden, Bergen und Burgen"},"content":{"rendered":"<p style=\"text-align: left;\">In <a href=\"https:\/\/www.urlaubcornwall.de\/reiseziel\/wales.php\">Wales finden Sie einige der h\u00f6chsten Berge au\u00dferhalb Schottlands<\/a>, herausgewachsen aus dem \u00e4ltesten Gestein der Erde in Snowdonia. Mehr noch denn Berge und Schafe, ist seine K\u00fcste die erste Gro\u00dfbritanniens, die von der warmen Luft des Golfstroms profitiert. Seine atemberaubenden Sandstr\u00e4nde k\u00f6nnen mithalten mit all den anderen des K\u00f6nigreichs.<\/p>\n<div id=\"attachment_12585\" style=\"width: 750px\" class=\"wp-caption alignnone\"><a href=\"https:\/\/www.urlaubcornwall.de\/blog\/wp-content\/uploads\/2014\/01\/16611556_m1.jpg\"><img aria-describedby=\"caption-attachment-12585\" loading=\"lazy\" class=\"size-full wp-image-12585\" src=\"https:\/\/www.urlaubcornwall.de\/blog\/wp-content\/uploads\/2014\/01\/16611556_m1.jpg\" alt=\"Snowdonia Nationalpark\" height=\"275\" width=\"740\" srcset=\"https:\/\/www.urlaubcornwall.de\/blog\/wp-content\/uploads\/2014\/01\/16611556_m1.jpg 740w, https:\/\/www.urlaubcornwall.de\/blog\/wp-content\/uploads\/2014\/01\/16611556_m1-300x111.jpg 300w\" sizes=\"(max-width: 740px) 100vw, 740px\" \/><\/a><p id=\"caption-attachment-12585\" class=\"wp-caption-text\">Snowdonia Nationalpark<\/p><\/div>\n<p>Nordwales geh\u00f6rt unbedingt eingeplant in einen Urlaub oder eine Rundreise auf der Halbinsel Llyn ist mit seinen Ferienh\u00e4usern der perfekte Ausgangsort. Wir haben in unserem Angebot acht traditionelle H\u00e4user, die allesamt auf den h\u00f6chsten Standard modernisiert wurden <a href=\"https:\/\/www.urlaubcornwall.de\/ferienhaeuser\/wales.php\"><span style=\"text-decoration: underline;\">Ferienh\u00e4user und Ferienwohnungen f\u00fcr 2, 4 oder 6 Personen.<\/span><\/a><\/p>\n<p style=\"text-align: center;\"><a class=\"tidycta\" href=\"https:\/\/www.urlaubcornwall.de\/ferienhaeuser\/wales.php\">Suche Ferienh\u00e4user in Wales &gt;&gt;<\/a><\/p>\n<p>Nachfolgend finden Sie unseren F\u00fchrer f\u00fcr Ihre Ferien oder Ihre Rundreise in Nord Wales&#8230;.<\/p>\n<h3>&nbsp;<\/h3>\n<table>\n<tbody>\n<tr>\n<td><img loading=\"lazy\" class=\"aligncenter size-full wp-image-7094\" style=\"border: 0pt none; padding: 0px;\" src=\"https:\/\/www.urlaubcornwall.de\/blog\/wp-content\/uploads\/2014\/01\/6.jpg\" alt=\"urlaub mit kindern wales\" height=\"118\" width=\"148\"\/><\/td>\n<td>\n<h2><b>Familienaktivit\u00e4ten <\/b>Nord Wales.<\/h2>\n<p>Natural Retreats Ll\u0177n Peninsula Nordwales bietet mit Nefyn die perfekte R\u00fcckzugsm\u00f6glichkeit an der K\u00fcste, direkt am Meer mit Sandstr\u00e4nden und Felspf\u00fctzen sprichw\u00f6rtlich direkt vor Ihrer Haust\u00fcre&#8230;&#8230;..[<a href=\"http:\/\/https:\/\/www.urlaubcornwall.de\/blog\/2014\/01\/natural-retreats-urlaub-nordwales-perfekte-ferienhaeuser-fuer-paare-und-familien\/\"><strong><span style=\"text-decoration: underline;\"><strong>mehr<\/strong><\/span><\/strong><\/a>]<\/p><\/td>\n<\/tr>\n<\/tbody>\n<\/table>\n<h3>&nbsp;<\/h3>\n<table>\n<tbody>\n<tr>\n<td><img loading=\"lazy\" class=\"aligncenter size-full wp-image-7094\" style=\"border: 0pt none; padding: 0px;\" src=\"https:\/\/www.urlaubcornwall.de\/blog\/wp-content\/uploads\/2013\/08\/NR-Wales-2.jpg\" alt=\"nordkueste wales\" height=\"118\" width=\"148\"\/><\/td>\n<td>\n<h2>Wandern Nord Wales.<\/h2>\n<p>Die K\u00fcste der Halbinsel Ll\u0177n ist eine Gegend unvergleichbarer Natursch\u00f6nheit mit Familienstr\u00e4nden und jeder Menge Aktionsangeboten, einschlie\u00dflich Wanderungen. Daher ist diese bestens geeignet f\u00fcr Ferien in Wales&#8230;&#8230;.[<a href=\"https:\/\/www.urlaubcornwall.de\/blog\/2014\/01\/wandern-in-nord-wales-natural-retreats-auf-der-halbinsel-llyn\/\"><strong><span style=\"text-decoration: underline;\"><strong>mehr<\/strong><\/span><\/strong><\/a>]<\/p><\/td>\n<\/tr>\n<\/tbody>\n<\/table>\n<h3>&nbsp;<\/h3>\n<table>\n<tbody>\n<tr>\n<td><img loading=\"lazy\" class=\"aligncenter size-full wp-image-7095\" style=\"border: 0pt none; padding: 0px;\" src=\"https:\/\/www.urlaubcornwall.de\/blog\/wp-content\/uploads\/2014\/01\/5695569_m.jpg\" alt=\" \" height=\"118\" width=\"148\"\/><\/td>\n<td>\n<h2>Besuchen Sie&nbsp; das Burgenzentrum schlechthin der ganzen Welt.<\/h2>\n<p>Wales verf\u00fcgt \u00fcber 400 Schl\u00f6sser und Burgen, von denen 100 noch immer als Ruinen oder restaurierte Bauwerke vorhanden sind, drei der Spektakul\u00e4rsten befinden sich im historischen Nordwales&#8230;&#8230;&#8230;[<a href=\"https:\/\/www.urlaubcornwall.de\/blog\/2014\/01\/urlaub-in-wales-besuchen-sie-das-burgenzentrum-schlechthin-der-ganzen-welt\/\"><strong><span style=\"text-decoration: underline;\"><strong>mehr<\/strong><\/span><\/strong><\/a>]<\/p><\/td>\n<\/tr>\n<\/tbody>\n<\/table>\n<h3>&nbsp;<\/h3>\n<table>\n<tbody>\n<tr>\n<td><img loading=\"lazy\" class=\"aligncenter size-full wp-image-6603\" style=\"border: 0pt none; padding: 0px;\" src=\"https:\/\/www.urlaubcornwall.de\/blog\/wp-content\/uploads\/2013\/08\/IMGA0011.jpg\" alt=\"rundreise wales\" height=\"118\" width=\"148\"\/><\/td>\n<td>\n<h2>Rundreisen in Wales<\/h2>\n<p>Von allen Regionen in Gro\u00dfbritannien hat Wales immer hart daf\u00fcr gek\u00e4mpft, seine historische Unabh\u00e4ngigkeit und Eigenst\u00e4ndigkeit zu bewahren&#8230;&#8230;[<strong><a href=\"https:\/\/www.urlaubcornwall.de\/blog\/2013\/08\/rundreisen-in-wales-erkunden-sie-dieses-wunderschoene-land-von-norden-nach-sueden\/\"><span style=\"text-decoration: underline;\"><strong>mehr<\/strong><\/span><\/a><\/strong>]<\/p><\/td>\n<\/tr>\n<\/tbody>\n<\/table>\n\n","protected":false},"excerpt":{"rendered":"<p>In Wales finden Sie einige der h\u00f6chsten Berge au\u00dferhalb Schottlands, herausgewachsen aus dem \u00e4ltesten Gestein der Erde in Snowdonia. Mehr noch denn Berge und Schafe, ist seine K\u00fcste die erste Gro\u00dfbritanniens, die von der warmen Luft des Golfstroms profitiert. Seine atemberaubenden Sandstr\u00e4nde k\u00f6nnen mithalten mit all den anderen des K\u00f6nigreichs. Nordwales geh\u00f6rt unbedingt eingeplant in [&hellip;]<\/p>\n","protected":false},"author":1,"featured_media":0,"parent":0,"menu_order":0,"comment_status":"closed","ping_status":"closed","template":"single-four.php","meta":[],"acf":[],"yoast_head":"<!-- This site is optimized with the Yoast SEO plugin v19.4 - https:\/\/yoast.com\/wordpress\/plugins\/seo\/ -->\n<title>Erkunden Sie Wales: Nord Wales mit seinen Str\u00e4nden, Bergen und Burgen - Urlaub &amp; Reisen<\/title>\n<meta name=\"robots\" content=\"index, follow, max-snippet:-1, max-image-preview:large, max-video-preview:-1\" \/>\n<link rel=\"canonical\" href=\"https:\/\/www.urlaubcornwall.de\/blog\/erkunden-sie-wales-nordwales-mit-seinen-straenden-bergen-und-burgen\/\" \/>\n<meta property=\"og:locale\" content=\"en_US\" \/>\n<meta property=\"og:type\" content=\"article\" \/>\n<meta property=\"og:title\" content=\"Erkunden Sie Wales: Nord Wales mit seinen Str\u00e4nden, Bergen und Burgen - Urlaub &amp; Reisen\" \/>\n<meta property=\"og:description\" content=\"In Wales finden Sie einige der h\u00f6chsten Berge au\u00dferhalb Schottlands, herausgewachsen aus dem \u00e4ltesten Gestein der Erde in Snowdonia. Mehr noch denn Berge und Schafe, ist seine K\u00fcste die erste Gro\u00dfbritanniens, die von der warmen Luft des Golfstroms profitiert. Seine atemberaubenden Sandstr\u00e4nde k\u00f6nnen mithalten mit all den anderen des K\u00f6nigreichs. Nordwales geh\u00f6rt unbedingt eingeplant in [&hellip;]\" \/>\n<meta property=\"og:url\" content=\"https:\/\/www.urlaubcornwall.de\/blog\/erkunden-sie-wales-nordwales-mit-seinen-straenden-bergen-und-burgen\/\" \/>\n<meta property=\"og:site_name\" content=\"Urlaub &amp; Reisen\" \/>\n<meta property=\"article:modified_time\" content=\"2020-03-10T12:08:52+00:00\" \/>\n<meta property=\"og:image\" content=\"https:\/\/www.urlaubcornwall.de\/blog\/wp-content\/uploads\/2014\/01\/16611556_m1.jpg\" \/>\n<meta name=\"twitter:card\" content=\"summary\" \/>\n<meta name=\"twitter:label1\" content=\"Est. reading time\" \/>\n\t<meta name=\"twitter:data1\" content=\"1 minute\" \/>\n<script type=\"application\/ld+json\" class=\"yoast-schema-graph\">{\"@context\":\"https:\/\/schema.org\",\"@graph\":[{\"@type\":\"WebSite\",\"@id\":\"https:\/\/www.urlaubcornwall.de\/blog\/#website\",\"url\":\"https:\/\/www.urlaubcornwall.de\/blog\/\",\"name\":\"Urlaub &amp; Reisen\",\"description\":\"Urlaub, Reisen, Cornwall und S\u00fcdengland: eine perfekte Kombination\",\"potentialAction\":[{\"@type\":\"SearchAction\",\"target\":{\"@type\":\"EntryPoint\",\"urlTemplate\":\"https:\/\/www.urlaubcornwall.de\/blog\/?s={search_term_string}\"},\"query-input\":\"required name=search_term_string\"}],\"inLanguage\":\"en-US\"},{\"@type\":\"WebPage\",\"@id\":\"https:\/\/www.urlaubcornwall.de\/blog\/erkunden-sie-wales-nordwales-mit-seinen-straenden-bergen-und-burgen\/\",\"url\":\"https:\/\/www.urlaubcornwall.de\/blog\/erkunden-sie-wales-nordwales-mit-seinen-straenden-bergen-und-burgen\/\",\"name\":\"Erkunden Sie Wales: Nord Wales mit seinen Str\u00e4nden, Bergen und Burgen - Urlaub &amp; Reisen\",\"isPartOf\":{\"@id\":\"https:\/\/www.urlaubcornwall.de\/blog\/#website\"},\"datePublished\":\"2014-01-12T15:51:49+00:00\",\"dateModified\":\"2020-03-10T12:08:52+00:00\",\"breadcrumb\":{\"@id\":\"https:\/\/www.urlaubcornwall.de\/blog\/erkunden-sie-wales-nordwales-mit-seinen-straenden-bergen-und-burgen\/#breadcrumb\"},\"inLanguage\":\"en-US\",\"potentialAction\":[{\"@type\":\"ReadAction\",\"target\":[\"https:\/\/www.urlaubcornwall.de\/blog\/erkunden-sie-wales-nordwales-mit-seinen-straenden-bergen-und-burgen\/\"]}]},{\"@type\":\"BreadcrumbList\",\"@id\":\"https:\/\/www.urlaubcornwall.de\/blog\/erkunden-sie-wales-nordwales-mit-seinen-straenden-bergen-und-burgen\/#breadcrumb\",\"itemListElement\":[{\"@type\":\"ListItem\",\"position\":1,\"name\":\"Home\",\"item\":\"https:\/\/www.urlaubcornwall.de\/blog\/\"},{\"@type\":\"ListItem\",\"position\":2,\"name\":\"Erkunden Sie Wales: Nord Wales mit seinen Str\u00e4nden, Bergen und Burgen\"}]}]}<\/script>\n<!-- \/ Yoast SEO plugin. -->","yoast_head_json":{"title":"Erkunden Sie Wales: Nord Wales mit seinen Str\u00e4nden, Bergen und Burgen - Urlaub &amp; Reisen","robots":{"index":"index","follow":"follow","max-snippet":"max-snippet:-1","max-image-preview":"max-image-preview:large","max-video-preview":"max-video-preview:-1"},"canonical":"https:\/\/www.urlaubcornwall.de\/blog\/erkunden-sie-wales-nordwales-mit-seinen-straenden-bergen-und-burgen\/","og_locale":"en_US","og_type":"article","og_title":"Erkunden Sie Wales: Nord Wales mit seinen Str\u00e4nden, Bergen und Burgen - Urlaub &amp; Reisen","og_description":"In Wales finden Sie einige der h\u00f6chsten Berge au\u00dferhalb Schottlands, herausgewachsen aus dem \u00e4ltesten Gestein der Erde in Snowdonia. Mehr noch denn Berge und Schafe, ist seine K\u00fcste die erste Gro\u00dfbritanniens, die von der warmen Luft des Golfstroms profitiert. Seine atemberaubenden Sandstr\u00e4nde k\u00f6nnen mithalten mit all den anderen des K\u00f6nigreichs. Nordwales geh\u00f6rt unbedingt eingeplant in [&hellip;]","og_url":"https:\/\/www.urlaubcornwall.de\/blog\/erkunden-sie-wales-nordwales-mit-seinen-straenden-bergen-und-burgen\/","og_site_name":"Urlaub &amp; Reisen","article_modified_time":"2020-03-10T12:08:52+00:00","og_image":[{"url":"https:\/\/www.urlaubcornwall.de\/blog\/wp-content\/uploads\/2014\/01\/16611556_m1.jpg"}],"twitter_card":"summary","twitter_misc":{"Est. reading time":"1 minute"},"schema":{"@context":"https:\/\/schema.org","@graph":[{"@type":"WebSite","@id":"https:\/\/www.urlaubcornwall.de\/blog\/#website","url":"https:\/\/www.urlaubcornwall.de\/blog\/","name":"Urlaub &amp; Reisen","description":"Urlaub, Reisen, Cornwall und S\u00fcdengland: eine perfekte Kombination","potentialAction":[{"@type":"SearchAction","target":{"@type":"EntryPoint","urlTemplate":"https:\/\/www.urlaubcornwall.de\/blog\/?s={search_term_string}"},"query-input":"required name=search_term_string"}],"inLanguage":"en-US"},{"@type":"WebPage","@id":"https:\/\/www.urlaubcornwall.de\/blog\/erkunden-sie-wales-nordwales-mit-seinen-straenden-bergen-und-burgen\/","url":"https:\/\/www.urlaubcornwall.de\/blog\/erkunden-sie-wales-nordwales-mit-seinen-straenden-bergen-und-burgen\/","name":"Erkunden Sie Wales: Nord Wales mit seinen Str\u00e4nden, Bergen und Burgen - Urlaub &amp; Reisen","isPartOf":{"@id":"https:\/\/www.urlaubcornwall.de\/blog\/#website"},"datePublished":"2014-01-12T15:51:49+00:00","dateModified":"2020-03-10T12:08:52+00:00","breadcrumb":{"@id":"https:\/\/www.urlaubcornwall.de\/blog\/erkunden-sie-wales-nordwales-mit-seinen-straenden-bergen-und-burgen\/#breadcrumb"},"inLanguage":"en-US","potentialAction":[{"@type":"ReadAction","target":["https:\/\/www.urlaubcornwall.de\/blog\/erkunden-sie-wales-nordwales-mit-seinen-straenden-bergen-und-burgen\/"]}]},{"@type":"BreadcrumbList","@id":"https:\/\/www.urlaubcornwall.de\/blog\/erkunden-sie-wales-nordwales-mit-seinen-straenden-bergen-und-burgen\/#breadcrumb","itemListElement":[{"@type":"ListItem","position":1,"name":"Home","item":"https:\/\/www.urlaubcornwall.de\/blog\/"},{"@type":"ListItem","position":2,"name":"Erkunden Sie Wales: Nord Wales mit seinen Str\u00e4nden, Bergen und Burgen"}]}]}},"_links":{"self":[{"href":"https:\/\/www.urlaubcornwall.de\/blog\/wp-json\/wp\/v2\/pages\/12574"}],"collection":[{"href":"https:\/\/www.urlaubcornwall.de\/blog\/wp-json\/wp\/v2\/pages"}],"about":[{"href":"https:\/\/www.urlaubcornwall.de\/blog\/wp-json\/wp\/v2\/types\/page"}],"author":[{"embeddable":true,"href":"https:\/\/www.urlaubcornwall.de\/blog\/wp-json\/wp\/v2\/users\/1"}],"replies":[{"embeddable":true,"href":"https:\/\/www.urlaubcornwall.de\/blog\/wp-json\/wp\/v2\/comments?post=12574"}],"version-history":[{"count":16,"href":"https:\/\/www.urlaubcornwall.de\/blog\/wp-json\/wp\/v2\/pages\/12574\/revisions"}],"predecessor-version":[{"id":39579,"href":"https:\/\/www.urlaubcornwall.de\/blog\/wp-json\/wp\/v2\/pages\/12574\/revisions\/39579"}],"wp:attachment":[{"href":"https:\/\/www.urlaubcornwall.de\/blog\/wp-json\/wp\/v2\/media?parent=12574"}],"curies":[{"name":"wp","href":"https:\/\/api.w.org\/{rel}","templated":true}]}}