{"id":12141,"date":"2014-01-04T12:59:29","date_gmt":"2014-01-04T12:59:29","guid":{"rendered":"https:\/\/www.urlaubcornwall.de\/blog\/?page_id=12141"},"modified":"2021-08-08T10:19:41","modified_gmt":"2021-08-08T10:19:41","slug":"5-trenwith-terrace-ferienhaus-st-ives-cornwall","status":"publish","type":"page","link":"https:\/\/www.urlaubcornwall.de\/blog\/5-trenwith-terrace-ferienhaus-st-ives-cornwall\/","title":{"rendered":"5 Trenwith Terrace &#8211; Ferienhaus St Ives Cornwall"},"content":{"rendered":"<p><strong>Ferienhaus St Ives, West-Cornwall | 3 Schlafzimmer | Schlafplatz f\u00fcr 6<\/strong><\/p>\n<p>Dieses Ferienhaus mit drei Schlafzimmern wurde vor Kurzem renoviert und bietet flexible Schlafm\u00f6glichkeiten, geradezu ideal f\u00fcr Paare und Familien. Die Unterkunft befindet sich einen kurzen Spaziergang entfernt von der Stadt, dem Hafen und den Str\u00e4nden und hat zus\u00e4tzlich private Parkm\u00f6glichkeit f\u00fcr ein Auto direkt vor dem Haus, sowie einen eingegrenzten, erh\u00f6ht gelegenen Garten zum Sonnenbaden. Das Haus selbst hat sich seinen antiken Charme bewahrt, und die Gro\u00dfz\u00fcgigkeit bietet den G\u00e4sten gen\u00fcgend Raum, sich auszudehnen.<\/p>\n<p>Das Wohnzimmer befindet sich im Erdgeschoss mit Zweisitzersofas, zwei Lederst\u00fchlen, Glaskaffeetisch,<b> <\/b>TV und\u00a0 DVD.<\/p>\n<p>Das Esszimmer schlie\u00dft sich an das Wohnzimmer an und verf\u00fcgt \u00fcber einen Esstisch mit 6 St\u00fchlen.<\/p>\n<p>Das Familienbadezimmer befindet sich im ersten Stock mit Badewanne, quadratischer Dusche, Handtuchw\u00e4rmer, WC und Waschbecken.<\/p>\n<p>Au\u00dfen finden Sie einen ger\u00e4umigen Garten mit Tisch und 6 St\u00fchlen.<\/p>\n<p style=\"text-align: center;\"><a class=\"tidycta\" href=\"https:\/\/www.urlaubcornwall.de\/ferienhaeuser-fewos\/penzance.html\">Suche Ferienh\u00e4user St Ives<\/a><\/p>\n<p>\u2022 Voll ausgestattete K\u00fcche,<br \/>\n\u2022 Bettw\u00e4sche und Handt\u00fccher inbegriffen,<br \/>\n\u2022 Brennstoff und Strom inbegriffen,<br \/>\n\u2022 Parkm\u00f6glichkeit f\u00fcr 1 Auto (oder zwei dicht aneinander gequetschte),<br \/>\n\u2022 WLAN<\/p>\n<p><strong>Ferienh\u00e4user und Ferienwohnungen in Cornwall<\/strong>Um UrlaubCornwall einzigartige Kollektion nach Ihrem idealen Ferienhaus zu durchsuchen. <a href=\"https:\/\/www.urlaubcornwall.de\/ferienhaeuser\/cornwall.php\"><span style=\"text-decoration: underline;\"><strong>Klicken Sie hier &gt;&gt;<\/strong><\/span><\/a><\/p>\n","protected":false},"excerpt":{"rendered":"<p>Ferienhaus St Ives, West-Cornwall | 3 Schlafzimmer | Schlafplatz f\u00fcr 6 Dieses Ferienhaus mit drei Schlafzimmern wurde vor Kurzem renoviert und bietet flexible Schlafm\u00f6glichkeiten, geradezu ideal f\u00fcr Paare und Familien. Die Unterkunft befindet sich einen kurzen Spaziergang entfernt von der Stadt, dem Hafen und den Str\u00e4nden und hat zus\u00e4tzlich private Parkm\u00f6glichkeit f\u00fcr ein Auto direkt [&hellip;]<\/p>\n","protected":false},"author":1,"featured_media":0,"parent":0,"menu_order":0,"comment_status":"closed","ping_status":"closed","template":"single-two.php","meta":[],"acf":[],"yoast_head":"<!-- This site is optimized with the Yoast SEO plugin v19.4 - https:\/\/yoast.com\/wordpress\/plugins\/seo\/ -->\n<title>5 Trenwith Terrace - Ferienhaus St Ives Cornwall - Urlaub &amp; Reisen<\/title>\n<meta name=\"robots\" content=\"index, follow, max-snippet:-1, max-image-preview:large, max-video-preview:-1\" \/>\n<link rel=\"canonical\" href=\"https:\/\/www.urlaubcornwall.de\/blog\/5-trenwith-terrace-ferienhaus-st-ives-cornwall\/\" \/>\n<meta property=\"og:locale\" content=\"en_US\" \/>\n<meta property=\"og:type\" content=\"article\" \/>\n<meta property=\"og:title\" content=\"5 Trenwith Terrace - Ferienhaus St Ives Cornwall - Urlaub &amp; Reisen\" \/>\n<meta property=\"og:description\" content=\"Ferienhaus St Ives, West-Cornwall | 3 Schlafzimmer | Schlafplatz f\u00fcr 6 Dieses Ferienhaus mit drei Schlafzimmern wurde vor Kurzem renoviert und bietet flexible Schlafm\u00f6glichkeiten, geradezu ideal f\u00fcr Paare und Familien. Die Unterkunft befindet sich einen kurzen Spaziergang entfernt von der Stadt, dem Hafen und den Str\u00e4nden und hat zus\u00e4tzlich private Parkm\u00f6glichkeit f\u00fcr ein Auto direkt [&hellip;]\" \/>\n<meta property=\"og:url\" content=\"https:\/\/www.urlaubcornwall.de\/blog\/5-trenwith-terrace-ferienhaus-st-ives-cornwall\/\" \/>\n<meta property=\"og:site_name\" content=\"Urlaub &amp; Reisen\" \/>\n<meta property=\"article:modified_time\" content=\"2021-08-08T10:19:41+00:00\" \/>\n<meta name=\"twitter:card\" content=\"summary\" \/>\n<meta name=\"twitter:label1\" content=\"Est. reading time\" \/>\n\t<meta name=\"twitter:data1\" content=\"1 minute\" \/>\n<script type=\"application\/ld+json\" class=\"yoast-schema-graph\">{\"@context\":\"https:\/\/schema.org\",\"@graph\":[{\"@type\":\"WebSite\",\"@id\":\"https:\/\/www.urlaubcornwall.de\/blog\/#website\",\"url\":\"https:\/\/www.urlaubcornwall.de\/blog\/\",\"name\":\"Urlaub &amp; Reisen\",\"description\":\"Urlaub, Reisen, Cornwall und S\u00fcdengland: eine perfekte Kombination\",\"potentialAction\":[{\"@type\":\"SearchAction\",\"target\":{\"@type\":\"EntryPoint\",\"urlTemplate\":\"https:\/\/www.urlaubcornwall.de\/blog\/?s={search_term_string}\"},\"query-input\":\"required name=search_term_string\"}],\"inLanguage\":\"en-US\"},{\"@type\":\"WebPage\",\"@id\":\"https:\/\/www.urlaubcornwall.de\/blog\/5-trenwith-terrace-ferienhaus-st-ives-cornwall\/\",\"url\":\"https:\/\/www.urlaubcornwall.de\/blog\/5-trenwith-terrace-ferienhaus-st-ives-cornwall\/\",\"name\":\"5 Trenwith Terrace - Ferienhaus St Ives Cornwall - Urlaub &amp; Reisen\",\"isPartOf\":{\"@id\":\"https:\/\/www.urlaubcornwall.de\/blog\/#website\"},\"datePublished\":\"2014-01-04T12:59:29+00:00\",\"dateModified\":\"2021-08-08T10:19:41+00:00\",\"breadcrumb\":{\"@id\":\"https:\/\/www.urlaubcornwall.de\/blog\/5-trenwith-terrace-ferienhaus-st-ives-cornwall\/#breadcrumb\"},\"inLanguage\":\"en-US\",\"potentialAction\":[{\"@type\":\"ReadAction\",\"target\":[\"https:\/\/www.urlaubcornwall.de\/blog\/5-trenwith-terrace-ferienhaus-st-ives-cornwall\/\"]}]},{\"@type\":\"BreadcrumbList\",\"@id\":\"https:\/\/www.urlaubcornwall.de\/blog\/5-trenwith-terrace-ferienhaus-st-ives-cornwall\/#breadcrumb\",\"itemListElement\":[{\"@type\":\"ListItem\",\"position\":1,\"name\":\"Home\",\"item\":\"https:\/\/www.urlaubcornwall.de\/blog\/\"},{\"@type\":\"ListItem\",\"position\":2,\"name\":\"5 Trenwith Terrace &#8211; Ferienhaus St Ives Cornwall\"}]}]}<\/script>\n<!-- \/ Yoast SEO plugin. -->","yoast_head_json":{"title":"5 Trenwith Terrace - Ferienhaus St Ives Cornwall - Urlaub &amp; Reisen","robots":{"index":"index","follow":"follow","max-snippet":"max-snippet:-1","max-image-preview":"max-image-preview:large","max-video-preview":"max-video-preview:-1"},"canonical":"https:\/\/www.urlaubcornwall.de\/blog\/5-trenwith-terrace-ferienhaus-st-ives-cornwall\/","og_locale":"en_US","og_type":"article","og_title":"5 Trenwith Terrace - Ferienhaus St Ives Cornwall - Urlaub &amp; Reisen","og_description":"Ferienhaus St Ives, West-Cornwall | 3 Schlafzimmer | Schlafplatz f\u00fcr 6 Dieses Ferienhaus mit drei Schlafzimmern wurde vor Kurzem renoviert und bietet flexible Schlafm\u00f6glichkeiten, geradezu ideal f\u00fcr Paare und Familien. Die Unterkunft befindet sich einen kurzen Spaziergang entfernt von der Stadt, dem Hafen und den Str\u00e4nden und hat zus\u00e4tzlich private Parkm\u00f6glichkeit f\u00fcr ein Auto direkt [&hellip;]","og_url":"https:\/\/www.urlaubcornwall.de\/blog\/5-trenwith-terrace-ferienhaus-st-ives-cornwall\/","og_site_name":"Urlaub &amp; Reisen","article_modified_time":"2021-08-08T10:19:41+00:00","twitter_card":"summary","twitter_misc":{"Est. reading time":"1 minute"},"schema":{"@context":"https:\/\/schema.org","@graph":[{"@type":"WebSite","@id":"https:\/\/www.urlaubcornwall.de\/blog\/#website","url":"https:\/\/www.urlaubcornwall.de\/blog\/","name":"Urlaub &amp; Reisen","description":"Urlaub, Reisen, Cornwall und S\u00fcdengland: eine perfekte Kombination","potentialAction":[{"@type":"SearchAction","target":{"@type":"EntryPoint","urlTemplate":"https:\/\/www.urlaubcornwall.de\/blog\/?s={search_term_string}"},"query-input":"required name=search_term_string"}],"inLanguage":"en-US"},{"@type":"WebPage","@id":"https:\/\/www.urlaubcornwall.de\/blog\/5-trenwith-terrace-ferienhaus-st-ives-cornwall\/","url":"https:\/\/www.urlaubcornwall.de\/blog\/5-trenwith-terrace-ferienhaus-st-ives-cornwall\/","name":"5 Trenwith Terrace - Ferienhaus St Ives Cornwall - Urlaub &amp; Reisen","isPartOf":{"@id":"https:\/\/www.urlaubcornwall.de\/blog\/#website"},"datePublished":"2014-01-04T12:59:29+00:00","dateModified":"2021-08-08T10:19:41+00:00","breadcrumb":{"@id":"https:\/\/www.urlaubcornwall.de\/blog\/5-trenwith-terrace-ferienhaus-st-ives-cornwall\/#breadcrumb"},"inLanguage":"en-US","potentialAction":[{"@type":"ReadAction","target":["https:\/\/www.urlaubcornwall.de\/blog\/5-trenwith-terrace-ferienhaus-st-ives-cornwall\/"]}]},{"@type":"BreadcrumbList","@id":"https:\/\/www.urlaubcornwall.de\/blog\/5-trenwith-terrace-ferienhaus-st-ives-cornwall\/#breadcrumb","itemListElement":[{"@type":"ListItem","position":1,"name":"Home","item":"https:\/\/www.urlaubcornwall.de\/blog\/"},{"@type":"ListItem","position":2,"name":"5 Trenwith Terrace &#8211; Ferienhaus St Ives Cornwall"}]}]}},"_links":{"self":[{"href":"https:\/\/www.urlaubcornwall.de\/blog\/wp-json\/wp\/v2\/pages\/12141"}],"collection":[{"href":"https:\/\/www.urlaubcornwall.de\/blog\/wp-json\/wp\/v2\/pages"}],"about":[{"href":"https:\/\/www.urlaubcornwall.de\/blog\/wp-json\/wp\/v2\/types\/page"}],"author":[{"embeddable":true,"href":"https:\/\/www.urlaubcornwall.de\/blog\/wp-json\/wp\/v2\/users\/1"}],"replies":[{"embeddable":true,"href":"https:\/\/www.urlaubcornwall.de\/blog\/wp-json\/wp\/v2\/comments?post=12141"}],"version-history":[{"count":9,"href":"https:\/\/www.urlaubcornwall.de\/blog\/wp-json\/wp\/v2\/pages\/12141\/revisions"}],"predecessor-version":[{"id":42116,"href":"https:\/\/www.urlaubcornwall.de\/blog\/wp-json\/wp\/v2\/pages\/12141\/revisions\/42116"}],"wp:attachment":[{"href":"https:\/\/www.urlaubcornwall.de\/blog\/wp-json\/wp\/v2\/media?parent=12141"}],"curies":[{"name":"wp","href":"https:\/\/api.w.org\/{rel}","templated":true}]}}