{"id":12139,"date":"2014-01-04T13:00:43","date_gmt":"2014-01-04T13:00:43","guid":{"rendered":"https:\/\/www.urlaubcornwall.de\/blog\/?page_id=12139"},"modified":"2021-08-31T13:13:58","modified_gmt":"2021-08-31T13:13:58","slug":"lanrest-ferienhaus-st-ives-cornwall","status":"publish","type":"page","link":"https:\/\/www.urlaubcornwall.de\/blog\/lanrest-ferienhaus-st-ives-cornwall\/","title":{"rendered":"Lanrest &#8211; Ferienhaus St Ives Cornwall"},"content":{"rendered":"<p><strong>Ferienhaus 3.1 Kilometer SW von St Ives, West-Cornwall | 4 Schlafzimmer | Schlafplatz f\u00fcr 6 + Kinderbett | hundefreundlich |\u00a0 <b>Preisspanne<\/b> I\u00a0(\u00a3387\u00a0&#8211;\u00a0\u00a3963)<\/strong><\/p>\n<p>Dieses lichte und luftige Ferienhaus liegt in einer Gegend herausragender Natursch\u00f6nheit, zwei Meilen von St Ives entfernt. Sie haben von hier aus einen bezaubernden Blick \u00fcber die l\u00e4ndlichen Gefilde von Trencrom Fort bis zum Tregonning H\u00fcgel in der Ferne. Lanrest wurde aus Granit der benachbarten Bergwerksruinen erbaut und bietet Ruhe und Frieden zur Entspannung; vielleicht sogar im eingegrenzten Garten mit seinem Reichtum an Tierleben.<\/p>\n<p style=\"text-align: center;\"><a class=\"tidycta\" href=\"https:\/\/www.urlaubcornwall.de\/ferienhaeuser-fewos\/st-ives.html\"><\/a>Ferienh\u00e4user St Ives<\/p>\n<p>Das gem\u00fctliche, sch\u00f6n ausgestattete Esszimmer, die ger\u00e4umige K\u00fcche und das Wohnzimmer befinden sich allesamt um einen gro\u00dfen Flur herum. Auf dem Erdgeschoss sind die beiden Schlafzimmer und der Duschraum; geradezu ideal f\u00fcr G\u00e4ste mit eingeschr\u00e4nkter Beweglichkeit. Auf dem ersten Stock befindet sich ein <i>en suite <\/i>Doppelschlafzimmer und ein Einzelschlafzimmer.<\/p>\n<p>Viele Wanderwege befinden sich direkt vor der Haust\u00fcre, und da sich Lanrest auf dem Bauernhofgel\u00e4nde befindet, gibt es Vieles zu entdecken. Die <a href=\"https:\/\/www.urlaubcornwall.de\/reiseziel\/kanalinseln\/guernsey.php\">Guernsey<\/a> Kuhherde des Besitzers grast auf den anliegenden Feldern. St Ives mit seinem azurblauen Meer und den goldenen Str\u00e4nden, Restaurants, Gallerien und Einkaufsl\u00e4den befindet sich eine kurze Autofahrt entfernt oder einen Fu\u00dfmarsch \u00fcber die Felder hinweg.<\/p>\n<p><b>Einrichtungen<\/b><\/p>\n<ul>\n<li>Parkplatz f\u00fcr 3 Autos<\/li>\n<li>Brennstoff und Strom inbegriffen<\/li>\n<li>Internetzugang<\/li>\n<li>Bettw\u00e4sche und Handt\u00fccher inbegriffen<\/li>\n<li>Gartenm\u00f6bel und BBQ<\/li>\n<li>Laden 2 km.<\/li>\n<li>Pub 1,5 km<\/li>\n<li>M\u00fcnztelefon 1,5 km<\/li>\n<li>Golfplatz \u00a05 km.<\/li>\n<li>Rauchen verboten<\/li>\n<li>hundefreundlich (1 Hund).<\/li>\n<li>Ankunftstag Freitag<\/li>\n<\/ul>\n<p style=\"text-align: center;\"><a class=\"tidycta\" href=\"https:\/\/www.urlaubcornwall.de\/ferienhaeuser-fewos\/st-ives.html\"><\/a>Ferienh\u00e4user St Ives<\/p>\n","protected":false},"excerpt":{"rendered":"<p>Ferienhaus 3.1 Kilometer SW von St Ives, West-Cornwall | 4 Schlafzimmer | Schlafplatz f\u00fcr 6 + Kinderbett | hundefreundlich |\u00a0 Preisspanne I\u00a0(\u00a3387\u00a0&#8211;\u00a0\u00a3963) Dieses lichte und luftige Ferienhaus liegt in einer Gegend herausragender Natursch\u00f6nheit, zwei Meilen von St Ives entfernt. Sie haben von hier aus einen bezaubernden Blick \u00fcber die l\u00e4ndlichen Gefilde von Trencrom Fort bis [&hellip;]<\/p>\n","protected":false},"author":1,"featured_media":0,"parent":0,"menu_order":0,"comment_status":"closed","ping_status":"closed","template":"single-two.php","meta":[],"acf":[],"yoast_head":"<!-- This site is optimized with the Yoast SEO plugin v19.4 - https:\/\/yoast.com\/wordpress\/plugins\/seo\/ -->\n<title>Lanrest - Ferienhaus St Ives Cornwall - Urlaub &amp; Reisen<\/title>\n<meta name=\"robots\" content=\"index, follow, max-snippet:-1, max-image-preview:large, max-video-preview:-1\" \/>\n<link rel=\"canonical\" href=\"https:\/\/www.urlaubcornwall.de\/blog\/lanrest-ferienhaus-st-ives-cornwall\/\" \/>\n<meta property=\"og:locale\" content=\"en_US\" \/>\n<meta property=\"og:type\" content=\"article\" \/>\n<meta property=\"og:title\" content=\"Lanrest - Ferienhaus St Ives Cornwall - Urlaub &amp; Reisen\" \/>\n<meta property=\"og:description\" content=\"Ferienhaus 3.1 Kilometer SW von St Ives, West-Cornwall | 4 Schlafzimmer | Schlafplatz f\u00fcr 6 + Kinderbett | hundefreundlich |\u00a0 Preisspanne I\u00a0(\u00a3387\u00a0&#8211;\u00a0\u00a3963) Dieses lichte und luftige Ferienhaus liegt in einer Gegend herausragender Natursch\u00f6nheit, zwei Meilen von St Ives entfernt. Sie haben von hier aus einen bezaubernden Blick \u00fcber die l\u00e4ndlichen Gefilde von Trencrom Fort bis [&hellip;]\" \/>\n<meta property=\"og:url\" content=\"https:\/\/www.urlaubcornwall.de\/blog\/lanrest-ferienhaus-st-ives-cornwall\/\" \/>\n<meta property=\"og:site_name\" content=\"Urlaub &amp; Reisen\" \/>\n<meta property=\"article:modified_time\" content=\"2021-08-31T13:13:58+00:00\" \/>\n<meta name=\"twitter:card\" content=\"summary\" \/>\n<meta name=\"twitter:label1\" content=\"Est. reading time\" \/>\n\t<meta name=\"twitter:data1\" content=\"1 minute\" \/>\n<script type=\"application\/ld+json\" class=\"yoast-schema-graph\">{\"@context\":\"https:\/\/schema.org\",\"@graph\":[{\"@type\":\"WebSite\",\"@id\":\"https:\/\/www.urlaubcornwall.de\/blog\/#website\",\"url\":\"https:\/\/www.urlaubcornwall.de\/blog\/\",\"name\":\"Urlaub &amp; Reisen\",\"description\":\"Urlaub, Reisen, Cornwall und S\u00fcdengland: eine perfekte Kombination\",\"potentialAction\":[{\"@type\":\"SearchAction\",\"target\":{\"@type\":\"EntryPoint\",\"urlTemplate\":\"https:\/\/www.urlaubcornwall.de\/blog\/?s={search_term_string}\"},\"query-input\":\"required name=search_term_string\"}],\"inLanguage\":\"en-US\"},{\"@type\":\"WebPage\",\"@id\":\"https:\/\/www.urlaubcornwall.de\/blog\/lanrest-ferienhaus-st-ives-cornwall\/\",\"url\":\"https:\/\/www.urlaubcornwall.de\/blog\/lanrest-ferienhaus-st-ives-cornwall\/\",\"name\":\"Lanrest - Ferienhaus St Ives Cornwall - Urlaub &amp; Reisen\",\"isPartOf\":{\"@id\":\"https:\/\/www.urlaubcornwall.de\/blog\/#website\"},\"datePublished\":\"2014-01-04T13:00:43+00:00\",\"dateModified\":\"2021-08-31T13:13:58+00:00\",\"breadcrumb\":{\"@id\":\"https:\/\/www.urlaubcornwall.de\/blog\/lanrest-ferienhaus-st-ives-cornwall\/#breadcrumb\"},\"inLanguage\":\"en-US\",\"potentialAction\":[{\"@type\":\"ReadAction\",\"target\":[\"https:\/\/www.urlaubcornwall.de\/blog\/lanrest-ferienhaus-st-ives-cornwall\/\"]}]},{\"@type\":\"BreadcrumbList\",\"@id\":\"https:\/\/www.urlaubcornwall.de\/blog\/lanrest-ferienhaus-st-ives-cornwall\/#breadcrumb\",\"itemListElement\":[{\"@type\":\"ListItem\",\"position\":1,\"name\":\"Home\",\"item\":\"https:\/\/www.urlaubcornwall.de\/blog\/\"},{\"@type\":\"ListItem\",\"position\":2,\"name\":\"Lanrest &#8211; Ferienhaus St Ives Cornwall\"}]}]}<\/script>\n<!-- \/ Yoast SEO plugin. -->","yoast_head_json":{"title":"Lanrest - Ferienhaus St Ives Cornwall - Urlaub &amp; Reisen","robots":{"index":"index","follow":"follow","max-snippet":"max-snippet:-1","max-image-preview":"max-image-preview:large","max-video-preview":"max-video-preview:-1"},"canonical":"https:\/\/www.urlaubcornwall.de\/blog\/lanrest-ferienhaus-st-ives-cornwall\/","og_locale":"en_US","og_type":"article","og_title":"Lanrest - Ferienhaus St Ives Cornwall - Urlaub &amp; Reisen","og_description":"Ferienhaus 3.1 Kilometer SW von St Ives, West-Cornwall | 4 Schlafzimmer | Schlafplatz f\u00fcr 6 + Kinderbett | hundefreundlich |\u00a0 Preisspanne I\u00a0(\u00a3387\u00a0&#8211;\u00a0\u00a3963) Dieses lichte und luftige Ferienhaus liegt in einer Gegend herausragender Natursch\u00f6nheit, zwei Meilen von St Ives entfernt. Sie haben von hier aus einen bezaubernden Blick \u00fcber die l\u00e4ndlichen Gefilde von Trencrom Fort bis [&hellip;]","og_url":"https:\/\/www.urlaubcornwall.de\/blog\/lanrest-ferienhaus-st-ives-cornwall\/","og_site_name":"Urlaub &amp; Reisen","article_modified_time":"2021-08-31T13:13:58+00:00","twitter_card":"summary","twitter_misc":{"Est. reading time":"1 minute"},"schema":{"@context":"https:\/\/schema.org","@graph":[{"@type":"WebSite","@id":"https:\/\/www.urlaubcornwall.de\/blog\/#website","url":"https:\/\/www.urlaubcornwall.de\/blog\/","name":"Urlaub &amp; Reisen","description":"Urlaub, Reisen, Cornwall und S\u00fcdengland: eine perfekte Kombination","potentialAction":[{"@type":"SearchAction","target":{"@type":"EntryPoint","urlTemplate":"https:\/\/www.urlaubcornwall.de\/blog\/?s={search_term_string}"},"query-input":"required name=search_term_string"}],"inLanguage":"en-US"},{"@type":"WebPage","@id":"https:\/\/www.urlaubcornwall.de\/blog\/lanrest-ferienhaus-st-ives-cornwall\/","url":"https:\/\/www.urlaubcornwall.de\/blog\/lanrest-ferienhaus-st-ives-cornwall\/","name":"Lanrest - Ferienhaus St Ives Cornwall - Urlaub &amp; Reisen","isPartOf":{"@id":"https:\/\/www.urlaubcornwall.de\/blog\/#website"},"datePublished":"2014-01-04T13:00:43+00:00","dateModified":"2021-08-31T13:13:58+00:00","breadcrumb":{"@id":"https:\/\/www.urlaubcornwall.de\/blog\/lanrest-ferienhaus-st-ives-cornwall\/#breadcrumb"},"inLanguage":"en-US","potentialAction":[{"@type":"ReadAction","target":["https:\/\/www.urlaubcornwall.de\/blog\/lanrest-ferienhaus-st-ives-cornwall\/"]}]},{"@type":"BreadcrumbList","@id":"https:\/\/www.urlaubcornwall.de\/blog\/lanrest-ferienhaus-st-ives-cornwall\/#breadcrumb","itemListElement":[{"@type":"ListItem","position":1,"name":"Home","item":"https:\/\/www.urlaubcornwall.de\/blog\/"},{"@type":"ListItem","position":2,"name":"Lanrest &#8211; Ferienhaus St Ives Cornwall"}]}]}},"_links":{"self":[{"href":"https:\/\/www.urlaubcornwall.de\/blog\/wp-json\/wp\/v2\/pages\/12139"}],"collection":[{"href":"https:\/\/www.urlaubcornwall.de\/blog\/wp-json\/wp\/v2\/pages"}],"about":[{"href":"https:\/\/www.urlaubcornwall.de\/blog\/wp-json\/wp\/v2\/types\/page"}],"author":[{"embeddable":true,"href":"https:\/\/www.urlaubcornwall.de\/blog\/wp-json\/wp\/v2\/users\/1"}],"replies":[{"embeddable":true,"href":"https:\/\/www.urlaubcornwall.de\/blog\/wp-json\/wp\/v2\/comments?post=12139"}],"version-history":[{"count":9,"href":"https:\/\/www.urlaubcornwall.de\/blog\/wp-json\/wp\/v2\/pages\/12139\/revisions"}],"predecessor-version":[{"id":42304,"href":"https:\/\/www.urlaubcornwall.de\/blog\/wp-json\/wp\/v2\/pages\/12139\/revisions\/42304"}],"wp:attachment":[{"href":"https:\/\/www.urlaubcornwall.de\/blog\/wp-json\/wp\/v2\/media?parent=12139"}],"curies":[{"name":"wp","href":"https:\/\/api.w.org\/{rel}","templated":true}]}}