{"id":12106,"date":"2014-01-04T13:17:50","date_gmt":"2014-01-04T13:17:50","guid":{"rendered":"https:\/\/www.urlaubcornwall.de\/blog\/?page_id=12106"},"modified":"2021-07-12T08:22:38","modified_gmt":"2021-07-12T08:22:38","slug":"butterwell-cottage-ferienhaus-looe-suedkueste-cornwall","status":"publish","type":"page","link":"https:\/\/www.urlaubcornwall.de\/blog\/butterwell-cottage-ferienhaus-looe-suedkueste-cornwall\/","title":{"rendered":"Butterwell Cottage &#8211; Ferienhaus Looe, S\u00fcdk\u00fcste Cornwall"},"content":{"rendered":"<p><strong>Ferienhaus 4.3 Kilometer NW von Looe, S\u00fcdk\u00fcste Cornwall | 1 Schlafzimmer | Schlafplatz f\u00fcr 2 + Kinderbett| hundefreundlich |\u00a0<b>Preisspanne<\/b> B (\u00a3279 &#8211; \u00a3579)<\/strong><\/p>\n<p>Butterwell Cottage ist ein Teil des Butterwell auf dem Foto mit niederer Decke, offenem Wohnbereich mit Einbauk\u00fcchenzeile, einer Fr\u00fchst\u00fccksbar und einem gem\u00fctlichen Sitzbereich. Im Obergeschoss befindet sich das h\u00fcbsche Schlafzimmer mit <i>en suite <\/i>Duschraum. Es ist die perfekte Unterkunft f\u00fcr Paare, die die Umgebung erkunden wollen oder den K\u00fcstenpfad erwandern. Das Haus ist auch ideal f\u00fcr all jene, die sich ihre Unabh\u00e4ngigkeit bewahren wollen, w\u00e4hrend sie den Urlaub mit Familie oder Freunden verbringen, die nebenan Unterkunft finden.<\/p>\n<p style=\"text-align: center;\"><a class=\"tidycta\" href=\"https:\/\/www.urlaubcornwall.de\/ferienhaeuser-fewos\/looe.html\">Ferienh\u00e4user in Looe<\/a><\/p>\n<p>Einrichtungen<\/p>\n<p>\u2022 Parkplatz f\u00fcr 1 Auto<br \/>\n\u2022 Brennstoff und Strom inbegriffen<br \/>\n\u2022 Internetzugang<br \/>\n\u2022 Bettw\u00e4sche und Handt\u00fccher inbegriffen<br \/>\n\u2022 Gartenm\u00f6bel<br \/>\n\u2022 Laden 1,5 k m<br \/>\n\u2022 Pub 1 km<br \/>\n\u2022 M\u00fcnztelefon 1 km<br \/>\n\u2022 Rauchen verboten<br \/>\n\u2022 hundefreundlich (1 Hund).<br \/>\n\u2022 Ankunftstag Freitag<\/p>\n<p><strong>Um UrlaubCornwall.de einzigartige Kollektion nach Ihrem idealen Ferienhaus zu durchsuchen.<\/strong> <a href=\"https:\/\/www.urlaubcornwall.de\/ferienhaeuser\/cornwall.php\"><span style=\"text-decoration: underline;\"><strong>Klicken Sie hier &gt;&gt;<\/strong><\/span><\/a><\/p>\n","protected":false},"excerpt":{"rendered":"<p>Ferienhaus 4.3 Kilometer NW von Looe, S\u00fcdk\u00fcste Cornwall | 1 Schlafzimmer | Schlafplatz f\u00fcr 2 + Kinderbett| hundefreundlich |\u00a0Preisspanne B (\u00a3279 &#8211; \u00a3579) Butterwell Cottage ist ein Teil des Butterwell auf dem Foto mit niederer Decke, offenem Wohnbereich mit Einbauk\u00fcchenzeile, einer Fr\u00fchst\u00fccksbar und einem gem\u00fctlichen Sitzbereich. Im Obergeschoss befindet sich das h\u00fcbsche Schlafzimmer mit en [&hellip;]<\/p>\n","protected":false},"author":1,"featured_media":0,"parent":0,"menu_order":0,"comment_status":"closed","ping_status":"closed","template":"single-two.php","meta":[],"acf":[],"yoast_head":"<!-- This site is optimized with the Yoast SEO plugin v19.4 - https:\/\/yoast.com\/wordpress\/plugins\/seo\/ -->\n<title>Butterwell Cottage - Ferienhaus Looe, S\u00fcdk\u00fcste Cornwall - Urlaub &amp; Reisen<\/title>\n<meta name=\"robots\" content=\"index, follow, max-snippet:-1, max-image-preview:large, max-video-preview:-1\" \/>\n<link rel=\"canonical\" href=\"https:\/\/www.urlaubcornwall.de\/blog\/butterwell-cottage-ferienhaus-looe-suedkueste-cornwall\/\" \/>\n<meta property=\"og:locale\" content=\"en_US\" \/>\n<meta property=\"og:type\" content=\"article\" \/>\n<meta property=\"og:title\" content=\"Butterwell Cottage - Ferienhaus Looe, S\u00fcdk\u00fcste Cornwall - Urlaub &amp; Reisen\" \/>\n<meta property=\"og:description\" content=\"Ferienhaus 4.3 Kilometer NW von Looe, S\u00fcdk\u00fcste Cornwall | 1 Schlafzimmer | Schlafplatz f\u00fcr 2 + Kinderbett| hundefreundlich |\u00a0Preisspanne B (\u00a3279 &#8211; \u00a3579) Butterwell Cottage ist ein Teil des Butterwell auf dem Foto mit niederer Decke, offenem Wohnbereich mit Einbauk\u00fcchenzeile, einer Fr\u00fchst\u00fccksbar und einem gem\u00fctlichen Sitzbereich. Im Obergeschoss befindet sich das h\u00fcbsche Schlafzimmer mit en [&hellip;]\" \/>\n<meta property=\"og:url\" content=\"https:\/\/www.urlaubcornwall.de\/blog\/butterwell-cottage-ferienhaus-looe-suedkueste-cornwall\/\" \/>\n<meta property=\"og:site_name\" content=\"Urlaub &amp; Reisen\" \/>\n<meta property=\"article:modified_time\" content=\"2021-07-12T08:22:38+00:00\" \/>\n<meta name=\"twitter:card\" content=\"summary\" \/>\n<meta name=\"twitter:label1\" content=\"Est. reading time\" \/>\n\t<meta name=\"twitter:data1\" content=\"1 minute\" \/>\n<script type=\"application\/ld+json\" class=\"yoast-schema-graph\">{\"@context\":\"https:\/\/schema.org\",\"@graph\":[{\"@type\":\"WebSite\",\"@id\":\"https:\/\/www.urlaubcornwall.de\/blog\/#website\",\"url\":\"https:\/\/www.urlaubcornwall.de\/blog\/\",\"name\":\"Urlaub &amp; Reisen\",\"description\":\"Urlaub, Reisen, Cornwall und S\u00fcdengland: eine perfekte Kombination\",\"potentialAction\":[{\"@type\":\"SearchAction\",\"target\":{\"@type\":\"EntryPoint\",\"urlTemplate\":\"https:\/\/www.urlaubcornwall.de\/blog\/?s={search_term_string}\"},\"query-input\":\"required name=search_term_string\"}],\"inLanguage\":\"en-US\"},{\"@type\":\"WebPage\",\"@id\":\"https:\/\/www.urlaubcornwall.de\/blog\/butterwell-cottage-ferienhaus-looe-suedkueste-cornwall\/\",\"url\":\"https:\/\/www.urlaubcornwall.de\/blog\/butterwell-cottage-ferienhaus-looe-suedkueste-cornwall\/\",\"name\":\"Butterwell Cottage - Ferienhaus Looe, S\u00fcdk\u00fcste Cornwall - Urlaub &amp; Reisen\",\"isPartOf\":{\"@id\":\"https:\/\/www.urlaubcornwall.de\/blog\/#website\"},\"datePublished\":\"2014-01-04T13:17:50+00:00\",\"dateModified\":\"2021-07-12T08:22:38+00:00\",\"breadcrumb\":{\"@id\":\"https:\/\/www.urlaubcornwall.de\/blog\/butterwell-cottage-ferienhaus-looe-suedkueste-cornwall\/#breadcrumb\"},\"inLanguage\":\"en-US\",\"potentialAction\":[{\"@type\":\"ReadAction\",\"target\":[\"https:\/\/www.urlaubcornwall.de\/blog\/butterwell-cottage-ferienhaus-looe-suedkueste-cornwall\/\"]}]},{\"@type\":\"BreadcrumbList\",\"@id\":\"https:\/\/www.urlaubcornwall.de\/blog\/butterwell-cottage-ferienhaus-looe-suedkueste-cornwall\/#breadcrumb\",\"itemListElement\":[{\"@type\":\"ListItem\",\"position\":1,\"name\":\"Home\",\"item\":\"https:\/\/www.urlaubcornwall.de\/blog\/\"},{\"@type\":\"ListItem\",\"position\":2,\"name\":\"Butterwell Cottage &#8211; Ferienhaus Looe, S\u00fcdk\u00fcste Cornwall\"}]}]}<\/script>\n<!-- \/ Yoast SEO plugin. -->","yoast_head_json":{"title":"Butterwell Cottage - Ferienhaus Looe, S\u00fcdk\u00fcste Cornwall - Urlaub &amp; Reisen","robots":{"index":"index","follow":"follow","max-snippet":"max-snippet:-1","max-image-preview":"max-image-preview:large","max-video-preview":"max-video-preview:-1"},"canonical":"https:\/\/www.urlaubcornwall.de\/blog\/butterwell-cottage-ferienhaus-looe-suedkueste-cornwall\/","og_locale":"en_US","og_type":"article","og_title":"Butterwell Cottage - Ferienhaus Looe, S\u00fcdk\u00fcste Cornwall - Urlaub &amp; Reisen","og_description":"Ferienhaus 4.3 Kilometer NW von Looe, S\u00fcdk\u00fcste Cornwall | 1 Schlafzimmer | Schlafplatz f\u00fcr 2 + Kinderbett| hundefreundlich |\u00a0Preisspanne B (\u00a3279 &#8211; \u00a3579) Butterwell Cottage ist ein Teil des Butterwell auf dem Foto mit niederer Decke, offenem Wohnbereich mit Einbauk\u00fcchenzeile, einer Fr\u00fchst\u00fccksbar und einem gem\u00fctlichen Sitzbereich. Im Obergeschoss befindet sich das h\u00fcbsche Schlafzimmer mit en [&hellip;]","og_url":"https:\/\/www.urlaubcornwall.de\/blog\/butterwell-cottage-ferienhaus-looe-suedkueste-cornwall\/","og_site_name":"Urlaub &amp; Reisen","article_modified_time":"2021-07-12T08:22:38+00:00","twitter_card":"summary","twitter_misc":{"Est. reading time":"1 minute"},"schema":{"@context":"https:\/\/schema.org","@graph":[{"@type":"WebSite","@id":"https:\/\/www.urlaubcornwall.de\/blog\/#website","url":"https:\/\/www.urlaubcornwall.de\/blog\/","name":"Urlaub &amp; Reisen","description":"Urlaub, Reisen, Cornwall und S\u00fcdengland: eine perfekte Kombination","potentialAction":[{"@type":"SearchAction","target":{"@type":"EntryPoint","urlTemplate":"https:\/\/www.urlaubcornwall.de\/blog\/?s={search_term_string}"},"query-input":"required name=search_term_string"}],"inLanguage":"en-US"},{"@type":"WebPage","@id":"https:\/\/www.urlaubcornwall.de\/blog\/butterwell-cottage-ferienhaus-looe-suedkueste-cornwall\/","url":"https:\/\/www.urlaubcornwall.de\/blog\/butterwell-cottage-ferienhaus-looe-suedkueste-cornwall\/","name":"Butterwell Cottage - Ferienhaus Looe, S\u00fcdk\u00fcste Cornwall - Urlaub &amp; Reisen","isPartOf":{"@id":"https:\/\/www.urlaubcornwall.de\/blog\/#website"},"datePublished":"2014-01-04T13:17:50+00:00","dateModified":"2021-07-12T08:22:38+00:00","breadcrumb":{"@id":"https:\/\/www.urlaubcornwall.de\/blog\/butterwell-cottage-ferienhaus-looe-suedkueste-cornwall\/#breadcrumb"},"inLanguage":"en-US","potentialAction":[{"@type":"ReadAction","target":["https:\/\/www.urlaubcornwall.de\/blog\/butterwell-cottage-ferienhaus-looe-suedkueste-cornwall\/"]}]},{"@type":"BreadcrumbList","@id":"https:\/\/www.urlaubcornwall.de\/blog\/butterwell-cottage-ferienhaus-looe-suedkueste-cornwall\/#breadcrumb","itemListElement":[{"@type":"ListItem","position":1,"name":"Home","item":"https:\/\/www.urlaubcornwall.de\/blog\/"},{"@type":"ListItem","position":2,"name":"Butterwell Cottage &#8211; Ferienhaus Looe, S\u00fcdk\u00fcste Cornwall"}]}]}},"_links":{"self":[{"href":"https:\/\/www.urlaubcornwall.de\/blog\/wp-json\/wp\/v2\/pages\/12106"}],"collection":[{"href":"https:\/\/www.urlaubcornwall.de\/blog\/wp-json\/wp\/v2\/pages"}],"about":[{"href":"https:\/\/www.urlaubcornwall.de\/blog\/wp-json\/wp\/v2\/types\/page"}],"author":[{"embeddable":true,"href":"https:\/\/www.urlaubcornwall.de\/blog\/wp-json\/wp\/v2\/users\/1"}],"replies":[{"embeddable":true,"href":"https:\/\/www.urlaubcornwall.de\/blog\/wp-json\/wp\/v2\/comments?post=12106"}],"version-history":[{"count":7,"href":"https:\/\/www.urlaubcornwall.de\/blog\/wp-json\/wp\/v2\/pages\/12106\/revisions"}],"predecessor-version":[{"id":41797,"href":"https:\/\/www.urlaubcornwall.de\/blog\/wp-json\/wp\/v2\/pages\/12106\/revisions\/41797"}],"wp:attachment":[{"href":"https:\/\/www.urlaubcornwall.de\/blog\/wp-json\/wp\/v2\/media?parent=12106"}],"curies":[{"name":"wp","href":"https:\/\/api.w.org\/{rel}","templated":true}]}}