{"id":12100,"date":"2014-01-04T13:27:42","date_gmt":"2014-01-04T13:27:42","guid":{"rendered":"https:\/\/www.urlaubcornwall.de\/blog\/?page_id=12100"},"modified":"2021-08-31T13:49:23","modified_gmt":"2021-08-31T13:49:23","slug":"nansbara-ferienhaus-lizard-halbinsel-cornwall","status":"publish","type":"page","link":"https:\/\/www.urlaubcornwall.de\/blog\/nansbara-ferienhaus-lizard-halbinsel-cornwall\/","title":{"rendered":"Nansbara &#8211; Ferienhaus Lizard Halbinsel Cornwall"},"content":{"rendered":"<p><strong>Ferienhaus 4.2 Kilometer SO von Helford, Lizard S\u00fcdwest-Cornwall | 1 Schlafzimmer | Schlafplatz f\u00fcr 2| leider keine Haustiere erlaubt |\u00a0<b>Preisspanne<\/b> FF (\u00a3351 &#8211; \u00a3723)<\/strong><\/p>\n<p>Vergessen Sie bitte nicht, Ihr Buch mitzubringen; denn in und um Nansbara herum herrscht friedvolle Ruhe. Dieser wundersch\u00f6ne restaurierte urspr\u00fcngliche Schuppen hat Stil und ist gleichzeitig gem\u00fctlich; vom Holzofen angefangen, der sich auf Schieferplatten befindet in einer Ecke des offenen Wohnbereichs bis hin zum luxuri\u00f6sen Duschraum, der eine riesige begehbare Dusche und Ausstattung auf hohem modernen Niveau aufweist.<\/p>\n<p style=\"text-align: center;\"><a class=\"tidycta\" href=\"https:\/\/www.urlaubcornwall.de\/ferienhaeuser-fewos\/lizard-halbinsel.html\"><\/a>Suche Ferienh\u00e4user Lizard Halbinsel<\/p>\n<p>Es ist ein Ferienhaus auf\u00a0 dem Grundst\u00fcck der Besitzer, die dort auch ein kleines organisches Brotbackgesch\u00e4ft betreiben. Dieser Bungalow ist geradezu ideal f\u00fcr G\u00e4ste mit eingeschr\u00e4nkter Beweglichkeit. Nansbara (bedeutet in Cornish \u201eTal des Brotes\u201c) befindet sich etwas abgelegen am Rande eines gro\u00dfen Teiches, wo Libellen herumschwirren und Seerosen diese einzigartige Umgebung schm\u00fccken. Sie haben dort auch eine sch\u00f6ne, nach S\u00fcden hin gelegene Terrasse. Stufen f\u00fchren hinauf zu einer \u00fcberdachten Sitzgelegenheit, von der aus Sie einen weitreichenden Blick \u00fcber das Land bis hin zur Lizard Halbinsel und dem Meer in der Ferne haben. Hier werden Sie sich sicherlich wie auf der Spitze der Welt f\u00fchlen.<\/p>\n<p><strong>Einrichtungen<\/strong><\/p>\n<p>\u2022 Privatparkpl\u00e4tze 2 Auto<br \/>\n\u2022 Brennstoff und Strom inbegriffen<br \/>\n\u2022 Internetzugang<br \/>\n\u2022 Bettw\u00e4sche und Handt\u00fccher inbegriffen<br \/>\n\u2022 Gartenm\u00f6bel<br \/>\n\u2022 Laden 3 km<br \/>\n\u2022 Pub 1,5 km<br \/>\n\u2022 M\u00fcnztelefon 3 km<br \/>\n\u2022 keine Kinder unter 16 Jahre alt<br \/>\n\u2022 Rauchen verboten<br \/>\n\u2022 Keine Hunde erlaubt<br \/>\n\u2022 Ankunftstag Freitag<\/p>\n<p style=\"text-align: center;\"><a class=\"tidycta\" href=\"https:\/\/www.urlaubcornwall.de\/ferienhaeuser-fewos\/lizard-halbinsel.html\"><\/a>Suche Ferienh\u00e4user Lizard Halbinsel<\/p>\n","protected":false},"excerpt":{"rendered":"<p>Ferienhaus 4.2 Kilometer SO von Helford, Lizard S\u00fcdwest-Cornwall | 1 Schlafzimmer | Schlafplatz f\u00fcr 2| leider keine Haustiere erlaubt |\u00a0Preisspanne FF (\u00a3351 &#8211; \u00a3723) Vergessen Sie bitte nicht, Ihr Buch mitzubringen; denn in und um Nansbara herum herrscht friedvolle Ruhe. Dieser wundersch\u00f6ne restaurierte urspr\u00fcngliche Schuppen hat Stil und ist gleichzeitig gem\u00fctlich; vom Holzofen angefangen, der [&hellip;]<\/p>\n","protected":false},"author":1,"featured_media":0,"parent":0,"menu_order":0,"comment_status":"closed","ping_status":"closed","template":"single-two.php","meta":[],"acf":[],"yoast_head":"<!-- This site is optimized with the Yoast SEO plugin v19.4 - https:\/\/yoast.com\/wordpress\/plugins\/seo\/ -->\n<title>Nansbara - Ferienhaus Lizard Halbinsel Cornwall - Urlaub &amp; Reisen<\/title>\n<meta name=\"robots\" content=\"index, follow, max-snippet:-1, max-image-preview:large, max-video-preview:-1\" \/>\n<link rel=\"canonical\" href=\"https:\/\/www.urlaubcornwall.de\/blog\/nansbara-ferienhaus-lizard-halbinsel-cornwall\/\" \/>\n<meta property=\"og:locale\" content=\"en_US\" \/>\n<meta property=\"og:type\" content=\"article\" \/>\n<meta property=\"og:title\" content=\"Nansbara - Ferienhaus Lizard Halbinsel Cornwall - Urlaub &amp; Reisen\" \/>\n<meta property=\"og:description\" content=\"Ferienhaus 4.2 Kilometer SO von Helford, Lizard S\u00fcdwest-Cornwall | 1 Schlafzimmer | Schlafplatz f\u00fcr 2| leider keine Haustiere erlaubt |\u00a0Preisspanne FF (\u00a3351 &#8211; \u00a3723) Vergessen Sie bitte nicht, Ihr Buch mitzubringen; denn in und um Nansbara herum herrscht friedvolle Ruhe. Dieser wundersch\u00f6ne restaurierte urspr\u00fcngliche Schuppen hat Stil und ist gleichzeitig gem\u00fctlich; vom Holzofen angefangen, der [&hellip;]\" \/>\n<meta property=\"og:url\" content=\"https:\/\/www.urlaubcornwall.de\/blog\/nansbara-ferienhaus-lizard-halbinsel-cornwall\/\" \/>\n<meta property=\"og:site_name\" content=\"Urlaub &amp; Reisen\" \/>\n<meta property=\"article:modified_time\" content=\"2021-08-31T13:49:23+00:00\" \/>\n<meta name=\"twitter:card\" content=\"summary\" \/>\n<meta name=\"twitter:label1\" content=\"Est. reading time\" \/>\n\t<meta name=\"twitter:data1\" content=\"1 minute\" \/>\n<script type=\"application\/ld+json\" class=\"yoast-schema-graph\">{\"@context\":\"https:\/\/schema.org\",\"@graph\":[{\"@type\":\"WebSite\",\"@id\":\"https:\/\/www.urlaubcornwall.de\/blog\/#website\",\"url\":\"https:\/\/www.urlaubcornwall.de\/blog\/\",\"name\":\"Urlaub &amp; Reisen\",\"description\":\"Urlaub, Reisen, Cornwall und S\u00fcdengland: eine perfekte Kombination\",\"potentialAction\":[{\"@type\":\"SearchAction\",\"target\":{\"@type\":\"EntryPoint\",\"urlTemplate\":\"https:\/\/www.urlaubcornwall.de\/blog\/?s={search_term_string}\"},\"query-input\":\"required name=search_term_string\"}],\"inLanguage\":\"en-US\"},{\"@type\":\"WebPage\",\"@id\":\"https:\/\/www.urlaubcornwall.de\/blog\/nansbara-ferienhaus-lizard-halbinsel-cornwall\/\",\"url\":\"https:\/\/www.urlaubcornwall.de\/blog\/nansbara-ferienhaus-lizard-halbinsel-cornwall\/\",\"name\":\"Nansbara - Ferienhaus Lizard Halbinsel Cornwall - Urlaub &amp; Reisen\",\"isPartOf\":{\"@id\":\"https:\/\/www.urlaubcornwall.de\/blog\/#website\"},\"datePublished\":\"2014-01-04T13:27:42+00:00\",\"dateModified\":\"2021-08-31T13:49:23+00:00\",\"breadcrumb\":{\"@id\":\"https:\/\/www.urlaubcornwall.de\/blog\/nansbara-ferienhaus-lizard-halbinsel-cornwall\/#breadcrumb\"},\"inLanguage\":\"en-US\",\"potentialAction\":[{\"@type\":\"ReadAction\",\"target\":[\"https:\/\/www.urlaubcornwall.de\/blog\/nansbara-ferienhaus-lizard-halbinsel-cornwall\/\"]}]},{\"@type\":\"BreadcrumbList\",\"@id\":\"https:\/\/www.urlaubcornwall.de\/blog\/nansbara-ferienhaus-lizard-halbinsel-cornwall\/#breadcrumb\",\"itemListElement\":[{\"@type\":\"ListItem\",\"position\":1,\"name\":\"Home\",\"item\":\"https:\/\/www.urlaubcornwall.de\/blog\/\"},{\"@type\":\"ListItem\",\"position\":2,\"name\":\"Nansbara &#8211; Ferienhaus Lizard Halbinsel Cornwall\"}]}]}<\/script>\n<!-- \/ Yoast SEO plugin. -->","yoast_head_json":{"title":"Nansbara - Ferienhaus Lizard Halbinsel Cornwall - Urlaub &amp; Reisen","robots":{"index":"index","follow":"follow","max-snippet":"max-snippet:-1","max-image-preview":"max-image-preview:large","max-video-preview":"max-video-preview:-1"},"canonical":"https:\/\/www.urlaubcornwall.de\/blog\/nansbara-ferienhaus-lizard-halbinsel-cornwall\/","og_locale":"en_US","og_type":"article","og_title":"Nansbara - Ferienhaus Lizard Halbinsel Cornwall - Urlaub &amp; Reisen","og_description":"Ferienhaus 4.2 Kilometer SO von Helford, Lizard S\u00fcdwest-Cornwall | 1 Schlafzimmer | Schlafplatz f\u00fcr 2| leider keine Haustiere erlaubt |\u00a0Preisspanne FF (\u00a3351 &#8211; \u00a3723) Vergessen Sie bitte nicht, Ihr Buch mitzubringen; denn in und um Nansbara herum herrscht friedvolle Ruhe. Dieser wundersch\u00f6ne restaurierte urspr\u00fcngliche Schuppen hat Stil und ist gleichzeitig gem\u00fctlich; vom Holzofen angefangen, der [&hellip;]","og_url":"https:\/\/www.urlaubcornwall.de\/blog\/nansbara-ferienhaus-lizard-halbinsel-cornwall\/","og_site_name":"Urlaub &amp; Reisen","article_modified_time":"2021-08-31T13:49:23+00:00","twitter_card":"summary","twitter_misc":{"Est. reading time":"1 minute"},"schema":{"@context":"https:\/\/schema.org","@graph":[{"@type":"WebSite","@id":"https:\/\/www.urlaubcornwall.de\/blog\/#website","url":"https:\/\/www.urlaubcornwall.de\/blog\/","name":"Urlaub &amp; Reisen","description":"Urlaub, Reisen, Cornwall und S\u00fcdengland: eine perfekte Kombination","potentialAction":[{"@type":"SearchAction","target":{"@type":"EntryPoint","urlTemplate":"https:\/\/www.urlaubcornwall.de\/blog\/?s={search_term_string}"},"query-input":"required name=search_term_string"}],"inLanguage":"en-US"},{"@type":"WebPage","@id":"https:\/\/www.urlaubcornwall.de\/blog\/nansbara-ferienhaus-lizard-halbinsel-cornwall\/","url":"https:\/\/www.urlaubcornwall.de\/blog\/nansbara-ferienhaus-lizard-halbinsel-cornwall\/","name":"Nansbara - Ferienhaus Lizard Halbinsel Cornwall - Urlaub &amp; Reisen","isPartOf":{"@id":"https:\/\/www.urlaubcornwall.de\/blog\/#website"},"datePublished":"2014-01-04T13:27:42+00:00","dateModified":"2021-08-31T13:49:23+00:00","breadcrumb":{"@id":"https:\/\/www.urlaubcornwall.de\/blog\/nansbara-ferienhaus-lizard-halbinsel-cornwall\/#breadcrumb"},"inLanguage":"en-US","potentialAction":[{"@type":"ReadAction","target":["https:\/\/www.urlaubcornwall.de\/blog\/nansbara-ferienhaus-lizard-halbinsel-cornwall\/"]}]},{"@type":"BreadcrumbList","@id":"https:\/\/www.urlaubcornwall.de\/blog\/nansbara-ferienhaus-lizard-halbinsel-cornwall\/#breadcrumb","itemListElement":[{"@type":"ListItem","position":1,"name":"Home","item":"https:\/\/www.urlaubcornwall.de\/blog\/"},{"@type":"ListItem","position":2,"name":"Nansbara &#8211; Ferienhaus Lizard Halbinsel Cornwall"}]}]}},"_links":{"self":[{"href":"https:\/\/www.urlaubcornwall.de\/blog\/wp-json\/wp\/v2\/pages\/12100"}],"collection":[{"href":"https:\/\/www.urlaubcornwall.de\/blog\/wp-json\/wp\/v2\/pages"}],"about":[{"href":"https:\/\/www.urlaubcornwall.de\/blog\/wp-json\/wp\/v2\/types\/page"}],"author":[{"embeddable":true,"href":"https:\/\/www.urlaubcornwall.de\/blog\/wp-json\/wp\/v2\/users\/1"}],"replies":[{"embeddable":true,"href":"https:\/\/www.urlaubcornwall.de\/blog\/wp-json\/wp\/v2\/comments?post=12100"}],"version-history":[{"count":6,"href":"https:\/\/www.urlaubcornwall.de\/blog\/wp-json\/wp\/v2\/pages\/12100\/revisions"}],"predecessor-version":[{"id":42327,"href":"https:\/\/www.urlaubcornwall.de\/blog\/wp-json\/wp\/v2\/pages\/12100\/revisions\/42327"}],"wp:attachment":[{"href":"https:\/\/www.urlaubcornwall.de\/blog\/wp-json\/wp\/v2\/media?parent=12100"}],"curies":[{"name":"wp","href":"https:\/\/api.w.org\/{rel}","templated":true}]}}