{"id":12098,"date":"2014-01-04T13:26:33","date_gmt":"2014-01-04T13:26:33","guid":{"rendered":"https:\/\/www.urlaubcornwall.de\/blog\/?page_id=12098"},"modified":"2021-08-13T09:05:24","modified_gmt":"2021-08-13T09:05:24","slug":"chy-lowen-ferienhaus-falmouth-cornwall","status":"publish","type":"page","link":"https:\/\/www.urlaubcornwall.de\/blog\/chy-lowen-ferienhaus-falmouth-cornwall\/","title":{"rendered":"Chy Lowen &#8211; Luxus Ferienhaus Falmouth Cornwall"},"content":{"rendered":"<p><strong>Luxus-Ferienhaus mit Meerblick Falmouth, S\u00fcdk\u00fcste Cornwall | 3 Schlafzimmer | Schlafplatz f\u00fcr 4 \/ 5 + Kinderbett | leider keine Haustiere erlaubt |\u00a0<\/strong><strong><\/strong><strong>Preisspanne<\/strong> P (\u00a3534 &#8211; \u00a31461)<\/p>\n<p>Die Lage dieses ger\u00e4umigen, freistehenden Ferienhauses im Viktorianischen Stil ist einfach un\u00fcbertrefflich. Es befindet sich in einer ruhigen Anliegerstra\u00dfe oberhalb des Stadtzentrums und bietet einen hervorragenden Blick \u00fcber den Hafen Falmouths. Jachten, Boote, Kreuzfahrtschiffe und Schiffe der Marine k\u00f6nnen allesamt w\u00e4hrend Ihrer Ferien ersp\u00e4ht werden.<\/p>\n<p>Die Luxus-Unterkunft erstreckt sich \u00fcber drei Ebenen; das Erdgeschoss verf\u00fcgt \u00fcber Wohn- und Essr\u00e4umlichkeiten mit gro\u00dfen Erkerfenstern, die die Aussicht umrahmen und einer kleinen, jedoch voll ausgestatteten K\u00fcche. \u00a0Im ersten Stock befinden sich zwei Schlafzimmer, die durch das Badezimmer voneinander getrennt sind, sowie T\u00fcren, die auf eine gro\u00dfr\u00e4umige Terrasse f\u00fchren. Der zweite Stock bildet praktisch eine Wohnungseinheit an sich mit einem Schlafzimmer, Duschraum, Essbereich mit kleiner K\u00fcchenzeile; geradezu perfekt f\u00fcr Teenager oder diejenigen, die ein wenig der Ruhe bed\u00fcrfen.<\/p>\n<p>Chy Lowen befindet sich weniger als eine Meile entfernt von den Sandstr\u00e4nden und einen kurzen Fu\u00dfmarsch entfernt von den F\u00e4hren, dem Jachthafen, den Gesch\u00e4ften und Restaurants im Stadtzentrum. Aufgrund der Treppen im Haus selbst und au\u00dferhalb ist dieses Ferienhaus nicht geeignet f\u00fcr kleine Kinder und Menschen mit Behinderungen. Allerdings ist ein Baby im Alter bis zu 6 Monaten willkommen.<\/p>\n<p style=\"text-align: center;\"><a class=\"tidycta\" href=\"https:\/\/www.urlaubcornwall.de\/ferienhaeuser-fewos\/unterkunft\/Classic\/992-chy-lowen.html\">Anfrage \/ Buchung<\/a><\/p>\n<p><strong>Einrichtungen<\/strong><\/p>\n<p>\u2022 Parkplatz f\u00fcr 1 Auto. Privatparkpl\u00e4tze 1 Auto 05km<br \/>\n\u2022 Brennstoff und Strom inbegriffen<br \/>\n\u2022 Internetzugang<br \/>\n\u2022 Bettw\u00e4sche und Handt\u00fccher inbegriffen<br \/>\n\u2022 Gartenm\u00f6bel<br \/>\n\u2022 Laden 250 m<br \/>\n\u2022 Pub 250 m<br \/>\n\u2022 M\u00fcnztelefon 250 m<br \/>\n\u2022 Keine Kinder unter 5 Jahre alt<br \/>\n\u2022 Rauchen verboten<br \/>\n\u2022 Keine Hunde erlaubt<br \/>\n\u2022 Ankunftstag Samstag<\/p>\n<p><a href=\"http:\/\/www.urlaubcornwall.de\/ferienhaeuser-fewos\/falmouth-umgebung.html\"><span style=\"text-decoration: underline;\"><strong>60 Ferienh\u00e4user und Ferienwohnungen Falmouth<\/strong><\/span><strong> &gt;&gt;<\/strong><\/a><\/p>\n<p><strong>Um Classic Cottages einzigartige Kollektion nach Ihrem idealen Ferienhaus zu durchsuchen.<\/strong> <a href=\"http:\/\/www.urlaubcornwall.de\/ferienhaeuser-fewos.php\"><span style=\"text-decoration: underline;\"><strong>Klicken Sie hier &gt;&gt;<\/strong><\/span><\/a><\/p>\n\n<p style=\"text-align: right;\"><a href=\"https:\/\/plus.google.com\/103486003688192803777\/about?rel=author\">Niall MacDougall Google+<\/a><\/p>\n","protected":false},"excerpt":{"rendered":"<p>Luxus-Ferienhaus mit Meerblick Falmouth, S\u00fcdk\u00fcste Cornwall | 3 Schlafzimmer | Schlafplatz f\u00fcr 4 \/ 5 + Kinderbett | leider keine Haustiere erlaubt |\u00a0Preisspanne P (\u00a3534 &#8211; \u00a31461) Die Lage dieses ger\u00e4umigen, freistehenden Ferienhauses im Viktorianischen Stil ist einfach un\u00fcbertrefflich. Es befindet sich in einer ruhigen Anliegerstra\u00dfe oberhalb des Stadtzentrums und bietet einen hervorragenden Blick \u00fcber [&hellip;]<\/p>\n","protected":false},"author":1,"featured_media":0,"parent":0,"menu_order":0,"comment_status":"closed","ping_status":"closed","template":"single-two.php","meta":[],"acf":[],"yoast_head":"<!-- This site is optimized with the Yoast SEO plugin v19.4 - https:\/\/yoast.com\/wordpress\/plugins\/seo\/ -->\n<title>Chy Lowen - Luxus Ferienhaus Falmouth Cornwall - Urlaub &amp; Reisen<\/title>\n<meta name=\"robots\" content=\"index, follow, max-snippet:-1, max-image-preview:large, max-video-preview:-1\" \/>\n<link rel=\"canonical\" href=\"https:\/\/www.urlaubcornwall.de\/blog\/chy-lowen-ferienhaus-falmouth-cornwall\/\" \/>\n<meta property=\"og:locale\" content=\"en_US\" \/>\n<meta property=\"og:type\" content=\"article\" \/>\n<meta property=\"og:title\" content=\"Chy Lowen - Luxus Ferienhaus Falmouth Cornwall - Urlaub &amp; Reisen\" \/>\n<meta property=\"og:description\" content=\"Luxus-Ferienhaus mit Meerblick Falmouth, S\u00fcdk\u00fcste Cornwall | 3 Schlafzimmer | Schlafplatz f\u00fcr 4 \/ 5 + Kinderbett | leider keine Haustiere erlaubt |\u00a0Preisspanne P (\u00a3534 &#8211; \u00a31461) Die Lage dieses ger\u00e4umigen, freistehenden Ferienhauses im Viktorianischen Stil ist einfach un\u00fcbertrefflich. Es befindet sich in einer ruhigen Anliegerstra\u00dfe oberhalb des Stadtzentrums und bietet einen hervorragenden Blick \u00fcber [&hellip;]\" \/>\n<meta property=\"og:url\" content=\"https:\/\/www.urlaubcornwall.de\/blog\/chy-lowen-ferienhaus-falmouth-cornwall\/\" \/>\n<meta property=\"og:site_name\" content=\"Urlaub &amp; Reisen\" \/>\n<meta property=\"article:modified_time\" content=\"2021-08-13T09:05:24+00:00\" \/>\n<meta name=\"twitter:card\" content=\"summary\" \/>\n<meta name=\"twitter:label1\" content=\"Est. reading time\" \/>\n\t<meta name=\"twitter:data1\" content=\"1 minute\" \/>\n<script type=\"application\/ld+json\" class=\"yoast-schema-graph\">{\"@context\":\"https:\/\/schema.org\",\"@graph\":[{\"@type\":\"WebSite\",\"@id\":\"https:\/\/www.urlaubcornwall.de\/blog\/#website\",\"url\":\"https:\/\/www.urlaubcornwall.de\/blog\/\",\"name\":\"Urlaub &amp; Reisen\",\"description\":\"Urlaub, Reisen, Cornwall und S\u00fcdengland: eine perfekte Kombination\",\"potentialAction\":[{\"@type\":\"SearchAction\",\"target\":{\"@type\":\"EntryPoint\",\"urlTemplate\":\"https:\/\/www.urlaubcornwall.de\/blog\/?s={search_term_string}\"},\"query-input\":\"required name=search_term_string\"}],\"inLanguage\":\"en-US\"},{\"@type\":\"WebPage\",\"@id\":\"https:\/\/www.urlaubcornwall.de\/blog\/chy-lowen-ferienhaus-falmouth-cornwall\/\",\"url\":\"https:\/\/www.urlaubcornwall.de\/blog\/chy-lowen-ferienhaus-falmouth-cornwall\/\",\"name\":\"Chy Lowen - Luxus Ferienhaus Falmouth Cornwall - Urlaub &amp; Reisen\",\"isPartOf\":{\"@id\":\"https:\/\/www.urlaubcornwall.de\/blog\/#website\"},\"datePublished\":\"2014-01-04T13:26:33+00:00\",\"dateModified\":\"2021-08-13T09:05:24+00:00\",\"breadcrumb\":{\"@id\":\"https:\/\/www.urlaubcornwall.de\/blog\/chy-lowen-ferienhaus-falmouth-cornwall\/#breadcrumb\"},\"inLanguage\":\"en-US\",\"potentialAction\":[{\"@type\":\"ReadAction\",\"target\":[\"https:\/\/www.urlaubcornwall.de\/blog\/chy-lowen-ferienhaus-falmouth-cornwall\/\"]}]},{\"@type\":\"BreadcrumbList\",\"@id\":\"https:\/\/www.urlaubcornwall.de\/blog\/chy-lowen-ferienhaus-falmouth-cornwall\/#breadcrumb\",\"itemListElement\":[{\"@type\":\"ListItem\",\"position\":1,\"name\":\"Home\",\"item\":\"https:\/\/www.urlaubcornwall.de\/blog\/\"},{\"@type\":\"ListItem\",\"position\":2,\"name\":\"Chy Lowen &#8211; Luxus Ferienhaus Falmouth Cornwall\"}]}]}<\/script>\n<!-- \/ Yoast SEO plugin. -->","yoast_head_json":{"title":"Chy Lowen - Luxus Ferienhaus Falmouth Cornwall - Urlaub &amp; Reisen","robots":{"index":"index","follow":"follow","max-snippet":"max-snippet:-1","max-image-preview":"max-image-preview:large","max-video-preview":"max-video-preview:-1"},"canonical":"https:\/\/www.urlaubcornwall.de\/blog\/chy-lowen-ferienhaus-falmouth-cornwall\/","og_locale":"en_US","og_type":"article","og_title":"Chy Lowen - Luxus Ferienhaus Falmouth Cornwall - Urlaub &amp; Reisen","og_description":"Luxus-Ferienhaus mit Meerblick Falmouth, S\u00fcdk\u00fcste Cornwall | 3 Schlafzimmer | Schlafplatz f\u00fcr 4 \/ 5 + Kinderbett | leider keine Haustiere erlaubt |\u00a0Preisspanne P (\u00a3534 &#8211; \u00a31461) Die Lage dieses ger\u00e4umigen, freistehenden Ferienhauses im Viktorianischen Stil ist einfach un\u00fcbertrefflich. Es befindet sich in einer ruhigen Anliegerstra\u00dfe oberhalb des Stadtzentrums und bietet einen hervorragenden Blick \u00fcber [&hellip;]","og_url":"https:\/\/www.urlaubcornwall.de\/blog\/chy-lowen-ferienhaus-falmouth-cornwall\/","og_site_name":"Urlaub &amp; Reisen","article_modified_time":"2021-08-13T09:05:24+00:00","twitter_card":"summary","twitter_misc":{"Est. reading time":"1 minute"},"schema":{"@context":"https:\/\/schema.org","@graph":[{"@type":"WebSite","@id":"https:\/\/www.urlaubcornwall.de\/blog\/#website","url":"https:\/\/www.urlaubcornwall.de\/blog\/","name":"Urlaub &amp; Reisen","description":"Urlaub, Reisen, Cornwall und S\u00fcdengland: eine perfekte Kombination","potentialAction":[{"@type":"SearchAction","target":{"@type":"EntryPoint","urlTemplate":"https:\/\/www.urlaubcornwall.de\/blog\/?s={search_term_string}"},"query-input":"required name=search_term_string"}],"inLanguage":"en-US"},{"@type":"WebPage","@id":"https:\/\/www.urlaubcornwall.de\/blog\/chy-lowen-ferienhaus-falmouth-cornwall\/","url":"https:\/\/www.urlaubcornwall.de\/blog\/chy-lowen-ferienhaus-falmouth-cornwall\/","name":"Chy Lowen - Luxus Ferienhaus Falmouth Cornwall - Urlaub &amp; Reisen","isPartOf":{"@id":"https:\/\/www.urlaubcornwall.de\/blog\/#website"},"datePublished":"2014-01-04T13:26:33+00:00","dateModified":"2021-08-13T09:05:24+00:00","breadcrumb":{"@id":"https:\/\/www.urlaubcornwall.de\/blog\/chy-lowen-ferienhaus-falmouth-cornwall\/#breadcrumb"},"inLanguage":"en-US","potentialAction":[{"@type":"ReadAction","target":["https:\/\/www.urlaubcornwall.de\/blog\/chy-lowen-ferienhaus-falmouth-cornwall\/"]}]},{"@type":"BreadcrumbList","@id":"https:\/\/www.urlaubcornwall.de\/blog\/chy-lowen-ferienhaus-falmouth-cornwall\/#breadcrumb","itemListElement":[{"@type":"ListItem","position":1,"name":"Home","item":"https:\/\/www.urlaubcornwall.de\/blog\/"},{"@type":"ListItem","position":2,"name":"Chy Lowen &#8211; Luxus Ferienhaus Falmouth Cornwall"}]}]}},"_links":{"self":[{"href":"https:\/\/www.urlaubcornwall.de\/blog\/wp-json\/wp\/v2\/pages\/12098"}],"collection":[{"href":"https:\/\/www.urlaubcornwall.de\/blog\/wp-json\/wp\/v2\/pages"}],"about":[{"href":"https:\/\/www.urlaubcornwall.de\/blog\/wp-json\/wp\/v2\/types\/page"}],"author":[{"embeddable":true,"href":"https:\/\/www.urlaubcornwall.de\/blog\/wp-json\/wp\/v2\/users\/1"}],"replies":[{"embeddable":true,"href":"https:\/\/www.urlaubcornwall.de\/blog\/wp-json\/wp\/v2\/comments?post=12098"}],"version-history":[{"count":8,"href":"https:\/\/www.urlaubcornwall.de\/blog\/wp-json\/wp\/v2\/pages\/12098\/revisions"}],"predecessor-version":[{"id":42207,"href":"https:\/\/www.urlaubcornwall.de\/blog\/wp-json\/wp\/v2\/pages\/12098\/revisions\/42207"}],"wp:attachment":[{"href":"https:\/\/www.urlaubcornwall.de\/blog\/wp-json\/wp\/v2\/media?parent=12098"}],"curies":[{"name":"wp","href":"https:\/\/api.w.org\/{rel}","templated":true}]}}