{"id":12090,"date":"2014-01-04T13:34:25","date_gmt":"2014-01-04T13:34:25","guid":{"rendered":"https:\/\/www.urlaubcornwall.de\/blog\/?page_id=12090"},"modified":"2021-08-31T13:51:48","modified_gmt":"2021-08-31T13:51:48","slug":"the-hermitage-cottage-ferienhaus-crantock-in-der-naehe-newquay","status":"publish","type":"page","link":"https:\/\/www.urlaubcornwall.de\/blog\/the-hermitage-cottage-ferienhaus-crantock-in-der-naehe-newquay\/","title":{"rendered":"The Hermitage Cottage &#8211; Ferienhaus Crantock in der N\u00e4he Newquay"},"content":{"rendered":"<p><strong>Ferienhaus strandnah Crantock, Nordk\u00fcste Cornwall\u00a0 | 2 Schlafzimmer | Schlafplatz f\u00fcr 4 + Kinderbett |\u00a0<b>Preisspanne<\/b> H\u00a0(\u00a3369\u00a0&#8211;\u00a0\u00a3897)<\/strong><\/p>\n<p>Das Dorf Crantock liegt bei Newquay und ist mit seinem Sandstrand sehr beliebt bei Besuchern dieser Gegend Nordcornwalls. \u00a0The Hermitage ist eine denkmalgesch\u00fctzte Doppelhaush\u00e4lfte, urt\u00fcmlich reetgedeckt mit gewei\u00dfelten W\u00e4nden. Es befindet sich im Dorfzentrum. G\u00e4ste erreichen es durch den kleinen umgrenzten Vorgarten und werden begr\u00fc\u00dft von einer Vielfalt an original erhaltenen Elementen, sobald sie die T\u00fcrschwelle \u00fcbertreten.<\/p>\n<p style=\"text-align: center;\"><a class=\"tidycta\" href=\"https:\/\/www.urlaubcornwall.de\/ferienhaeuser-fewos\/newquay.html\"><\/a>Suche Ferienh\u00e4user Newquay<\/p>\n<p>Der Ess-\/Wohnbereich, ehemals zwei voneinander getrennte R\u00e4ume, verf\u00fcgt \u00fcber verzierte \u00d6fen beiderseits des Raumes. Niedere Balken, gew\u00f6lbte Decken und ein sehr niederer Treppensturz tragen bei zum Charakter dieses kleinen H\u00e4uschens (gro\u00dfe G\u00e4ste m\u00fcssen achtgeben). Im Obergeschoss sind die beiden kleinen Schlafr\u00e4ume attraktiv ausgestattet mit h\u00fcbschen Bettbez\u00fcgen und einem genial gestalteten Badezimmer. Die K\u00fcche ist gut ausgestattet und \u00fcberschaut den sonnendurchfluteten Freisitz. Von dort aus geht es zum abgetrennten Hausarbeitsraum und Sonnenraum. Sie finden sogar eine au\u00dfen gelegene beheizte Dusche, die sich geradezu anbietet, Sand abzuwaschen oder auch die Neoprenanz\u00fcge. Als G\u00e4ste werden Sie zweifellos viele Abende drau\u00dfen auf dem Freisitz verbringen und dabei von einem Strandtag entspannen.<\/p>\n<p><b>Einrichtungen<\/b><\/p>\n<ul>\n<li>Parkplatz f\u00fcr 1 Auto<\/li>\n<li>Brennstoff und Strom inbegriffen<\/li>\n<li>Internetzugang<\/li>\n<li>Bettw\u00e4sche und Handt\u00fccher inbegriffen<\/li>\n<li>Gartenm\u00f6bel<\/li>\n<li>Laden 500 m<\/li>\n<li>Pub 500 m<\/li>\n<li>M\u00fcnztelefon 500 m<\/li>\n<li>Rauchen verboten<\/li>\n<li>Keine Hunde erlaubt<\/li>\n<li>Ankunftstag Samstag<\/li>\n<\/ul>\n<p style=\"text-align: center;\"><a class=\"tidycta\" href=\"https:\/\/www.urlaubcornwall.de\/ferienhaeuser-fewos\/newquay.html\"><\/a>Suche Ferienh\u00e4user Newquay<\/p>\n","protected":false},"excerpt":{"rendered":"<p>Ferienhaus strandnah Crantock, Nordk\u00fcste Cornwall\u00a0 | 2 Schlafzimmer | Schlafplatz f\u00fcr 4 + Kinderbett |\u00a0Preisspanne H\u00a0(\u00a3369\u00a0&#8211;\u00a0\u00a3897) Das Dorf Crantock liegt bei Newquay und ist mit seinem Sandstrand sehr beliebt bei Besuchern dieser Gegend Nordcornwalls. \u00a0The Hermitage ist eine denkmalgesch\u00fctzte Doppelhaush\u00e4lfte, urt\u00fcmlich reetgedeckt mit gewei\u00dfelten W\u00e4nden. Es befindet sich im Dorfzentrum. G\u00e4ste erreichen es durch den [&hellip;]<\/p>\n","protected":false},"author":1,"featured_media":0,"parent":0,"menu_order":0,"comment_status":"closed","ping_status":"closed","template":"single-two.php","meta":[],"acf":[],"yoast_head":"<!-- This site is optimized with the Yoast SEO plugin v19.4 - https:\/\/yoast.com\/wordpress\/plugins\/seo\/ -->\n<title>The Hermitage Cottage - Ferienhaus Crantock in der N\u00e4he Newquay - Urlaub &amp; Reisen<\/title>\n<meta name=\"robots\" content=\"index, follow, max-snippet:-1, max-image-preview:large, max-video-preview:-1\" \/>\n<link rel=\"canonical\" href=\"https:\/\/www.urlaubcornwall.de\/blog\/the-hermitage-cottage-ferienhaus-crantock-in-der-naehe-newquay\/\" \/>\n<meta property=\"og:locale\" content=\"en_US\" \/>\n<meta property=\"og:type\" content=\"article\" \/>\n<meta property=\"og:title\" content=\"The Hermitage Cottage - Ferienhaus Crantock in der N\u00e4he Newquay - Urlaub &amp; Reisen\" \/>\n<meta property=\"og:description\" content=\"Ferienhaus strandnah Crantock, Nordk\u00fcste Cornwall\u00a0 | 2 Schlafzimmer | Schlafplatz f\u00fcr 4 + Kinderbett |\u00a0Preisspanne H\u00a0(\u00a3369\u00a0&#8211;\u00a0\u00a3897) Das Dorf Crantock liegt bei Newquay und ist mit seinem Sandstrand sehr beliebt bei Besuchern dieser Gegend Nordcornwalls. \u00a0The Hermitage ist eine denkmalgesch\u00fctzte Doppelhaush\u00e4lfte, urt\u00fcmlich reetgedeckt mit gewei\u00dfelten W\u00e4nden. Es befindet sich im Dorfzentrum. G\u00e4ste erreichen es durch den [&hellip;]\" \/>\n<meta property=\"og:url\" content=\"https:\/\/www.urlaubcornwall.de\/blog\/the-hermitage-cottage-ferienhaus-crantock-in-der-naehe-newquay\/\" \/>\n<meta property=\"og:site_name\" content=\"Urlaub &amp; Reisen\" \/>\n<meta property=\"article:modified_time\" content=\"2021-08-31T13:51:48+00:00\" \/>\n<meta name=\"twitter:card\" content=\"summary\" \/>\n<meta name=\"twitter:label1\" content=\"Est. reading time\" \/>\n\t<meta name=\"twitter:data1\" content=\"1 minute\" \/>\n<script type=\"application\/ld+json\" class=\"yoast-schema-graph\">{\"@context\":\"https:\/\/schema.org\",\"@graph\":[{\"@type\":\"WebSite\",\"@id\":\"https:\/\/www.urlaubcornwall.de\/blog\/#website\",\"url\":\"https:\/\/www.urlaubcornwall.de\/blog\/\",\"name\":\"Urlaub &amp; Reisen\",\"description\":\"Urlaub, Reisen, Cornwall und S\u00fcdengland: eine perfekte Kombination\",\"potentialAction\":[{\"@type\":\"SearchAction\",\"target\":{\"@type\":\"EntryPoint\",\"urlTemplate\":\"https:\/\/www.urlaubcornwall.de\/blog\/?s={search_term_string}\"},\"query-input\":\"required name=search_term_string\"}],\"inLanguage\":\"en-US\"},{\"@type\":\"WebPage\",\"@id\":\"https:\/\/www.urlaubcornwall.de\/blog\/the-hermitage-cottage-ferienhaus-crantock-in-der-naehe-newquay\/\",\"url\":\"https:\/\/www.urlaubcornwall.de\/blog\/the-hermitage-cottage-ferienhaus-crantock-in-der-naehe-newquay\/\",\"name\":\"The Hermitage Cottage - Ferienhaus Crantock in der N\u00e4he Newquay - Urlaub &amp; Reisen\",\"isPartOf\":{\"@id\":\"https:\/\/www.urlaubcornwall.de\/blog\/#website\"},\"datePublished\":\"2014-01-04T13:34:25+00:00\",\"dateModified\":\"2021-08-31T13:51:48+00:00\",\"breadcrumb\":{\"@id\":\"https:\/\/www.urlaubcornwall.de\/blog\/the-hermitage-cottage-ferienhaus-crantock-in-der-naehe-newquay\/#breadcrumb\"},\"inLanguage\":\"en-US\",\"potentialAction\":[{\"@type\":\"ReadAction\",\"target\":[\"https:\/\/www.urlaubcornwall.de\/blog\/the-hermitage-cottage-ferienhaus-crantock-in-der-naehe-newquay\/\"]}]},{\"@type\":\"BreadcrumbList\",\"@id\":\"https:\/\/www.urlaubcornwall.de\/blog\/the-hermitage-cottage-ferienhaus-crantock-in-der-naehe-newquay\/#breadcrumb\",\"itemListElement\":[{\"@type\":\"ListItem\",\"position\":1,\"name\":\"Home\",\"item\":\"https:\/\/www.urlaubcornwall.de\/blog\/\"},{\"@type\":\"ListItem\",\"position\":2,\"name\":\"The Hermitage Cottage &#8211; Ferienhaus Crantock in der N\u00e4he Newquay\"}]}]}<\/script>\n<!-- \/ Yoast SEO plugin. -->","yoast_head_json":{"title":"The Hermitage Cottage - Ferienhaus Crantock in der N\u00e4he Newquay - Urlaub &amp; Reisen","robots":{"index":"index","follow":"follow","max-snippet":"max-snippet:-1","max-image-preview":"max-image-preview:large","max-video-preview":"max-video-preview:-1"},"canonical":"https:\/\/www.urlaubcornwall.de\/blog\/the-hermitage-cottage-ferienhaus-crantock-in-der-naehe-newquay\/","og_locale":"en_US","og_type":"article","og_title":"The Hermitage Cottage - Ferienhaus Crantock in der N\u00e4he Newquay - Urlaub &amp; Reisen","og_description":"Ferienhaus strandnah Crantock, Nordk\u00fcste Cornwall\u00a0 | 2 Schlafzimmer | Schlafplatz f\u00fcr 4 + Kinderbett |\u00a0Preisspanne H\u00a0(\u00a3369\u00a0&#8211;\u00a0\u00a3897) Das Dorf Crantock liegt bei Newquay und ist mit seinem Sandstrand sehr beliebt bei Besuchern dieser Gegend Nordcornwalls. \u00a0The Hermitage ist eine denkmalgesch\u00fctzte Doppelhaush\u00e4lfte, urt\u00fcmlich reetgedeckt mit gewei\u00dfelten W\u00e4nden. Es befindet sich im Dorfzentrum. G\u00e4ste erreichen es durch den [&hellip;]","og_url":"https:\/\/www.urlaubcornwall.de\/blog\/the-hermitage-cottage-ferienhaus-crantock-in-der-naehe-newquay\/","og_site_name":"Urlaub &amp; Reisen","article_modified_time":"2021-08-31T13:51:48+00:00","twitter_card":"summary","twitter_misc":{"Est. reading time":"1 minute"},"schema":{"@context":"https:\/\/schema.org","@graph":[{"@type":"WebSite","@id":"https:\/\/www.urlaubcornwall.de\/blog\/#website","url":"https:\/\/www.urlaubcornwall.de\/blog\/","name":"Urlaub &amp; Reisen","description":"Urlaub, Reisen, Cornwall und S\u00fcdengland: eine perfekte Kombination","potentialAction":[{"@type":"SearchAction","target":{"@type":"EntryPoint","urlTemplate":"https:\/\/www.urlaubcornwall.de\/blog\/?s={search_term_string}"},"query-input":"required name=search_term_string"}],"inLanguage":"en-US"},{"@type":"WebPage","@id":"https:\/\/www.urlaubcornwall.de\/blog\/the-hermitage-cottage-ferienhaus-crantock-in-der-naehe-newquay\/","url":"https:\/\/www.urlaubcornwall.de\/blog\/the-hermitage-cottage-ferienhaus-crantock-in-der-naehe-newquay\/","name":"The Hermitage Cottage - Ferienhaus Crantock in der N\u00e4he Newquay - Urlaub &amp; Reisen","isPartOf":{"@id":"https:\/\/www.urlaubcornwall.de\/blog\/#website"},"datePublished":"2014-01-04T13:34:25+00:00","dateModified":"2021-08-31T13:51:48+00:00","breadcrumb":{"@id":"https:\/\/www.urlaubcornwall.de\/blog\/the-hermitage-cottage-ferienhaus-crantock-in-der-naehe-newquay\/#breadcrumb"},"inLanguage":"en-US","potentialAction":[{"@type":"ReadAction","target":["https:\/\/www.urlaubcornwall.de\/blog\/the-hermitage-cottage-ferienhaus-crantock-in-der-naehe-newquay\/"]}]},{"@type":"BreadcrumbList","@id":"https:\/\/www.urlaubcornwall.de\/blog\/the-hermitage-cottage-ferienhaus-crantock-in-der-naehe-newquay\/#breadcrumb","itemListElement":[{"@type":"ListItem","position":1,"name":"Home","item":"https:\/\/www.urlaubcornwall.de\/blog\/"},{"@type":"ListItem","position":2,"name":"The Hermitage Cottage &#8211; Ferienhaus Crantock in der N\u00e4he Newquay"}]}]}},"_links":{"self":[{"href":"https:\/\/www.urlaubcornwall.de\/blog\/wp-json\/wp\/v2\/pages\/12090"}],"collection":[{"href":"https:\/\/www.urlaubcornwall.de\/blog\/wp-json\/wp\/v2\/pages"}],"about":[{"href":"https:\/\/www.urlaubcornwall.de\/blog\/wp-json\/wp\/v2\/types\/page"}],"author":[{"embeddable":true,"href":"https:\/\/www.urlaubcornwall.de\/blog\/wp-json\/wp\/v2\/users\/1"}],"replies":[{"embeddable":true,"href":"https:\/\/www.urlaubcornwall.de\/blog\/wp-json\/wp\/v2\/comments?post=12090"}],"version-history":[{"count":10,"href":"https:\/\/www.urlaubcornwall.de\/blog\/wp-json\/wp\/v2\/pages\/12090\/revisions"}],"predecessor-version":[{"id":42330,"href":"https:\/\/www.urlaubcornwall.de\/blog\/wp-json\/wp\/v2\/pages\/12090\/revisions\/42330"}],"wp:attachment":[{"href":"https:\/\/www.urlaubcornwall.de\/blog\/wp-json\/wp\/v2\/media?parent=12090"}],"curies":[{"name":"wp","href":"https:\/\/api.w.org\/{rel}","templated":true}]}}