{"id":11874,"date":"2013-12-16T16:19:00","date_gmt":"2013-12-16T16:19:00","guid":{"rendered":"https:\/\/www.urlaubcornwall.de\/blog\/?page_id=11874"},"modified":"2021-08-31T13:07:32","modified_gmt":"2021-08-31T13:07:32","slug":"kernow-atelier-ferienhaeuser-rock-nord-cornwall","status":"publish","type":"page","link":"https:\/\/www.urlaubcornwall.de\/blog\/kernow-atelier-ferienhaeuser-rock-nord-cornwall\/","title":{"rendered":"Kernow Atelier &#8211; Ferienh\u00e4user Rock Nord-Cornwall"},"content":{"rendered":"<div id=\"attachment_11875\" style=\"width: 760px\" class=\"wp-caption alignnone\"><a href=\"https:\/\/www.urlaubcornwall.de\/blog\/wp-content\/uploads\/2013\/12\/24810001.jpg\"><img aria-describedby=\"caption-attachment-11875\" loading=\"lazy\" class=\"size-full wp-image-11875\" alt=\"ferienhaus fuer 2 rock cornwall\" src=\"https:\/\/www.urlaubcornwall.de\/blog\/wp-content\/uploads\/2013\/12\/24810001.jpg\" width=\"750\" height=\"383\" \/><\/a><p id=\"caption-attachment-11875\" class=\"wp-caption-text\">Kernow Atelier<\/p><\/div>\n<p><strong>1 Schlafzimmer, f\u00fcr 2 personen, leider keine Haustiere erlaubt, Ferienhaus 2.6 Kilometer SO von Polzeath, Nordk\u00fcste Cornwall. <\/strong><\/p>\n<p>Kernow Atelier bietet die perfekten Urlaub-Escape kombiniert mit luxuri\u00f6sen Zimmern und einer F\u00fclle von Aktivit\u00e4ten und behandelt vor der Haust\u00fcr. An die Besitzer-Startseite, diese hervorragende zeitgen\u00f6ssische Ferienwohnung mit Kalkstein-B\u00f6den ist von Fu\u00dfbodenheizung (solar powered\/Luft-Source-W\u00e4rmepumpe) erw\u00e4rmt und W\u00e4nde aus Glas mit Blick auf den geschlossenen Garten und Terrasse, ideal f\u00fcr al Fresco Abendessen.<\/p>\n<p style=\"text-align: center;\"><a class=\"tidycta\" href=\"https:\/\/www.urlaubcornwall.de\/ferienhaeuser-fewos\/nordkueste-cornwall.html\"><\/a>Ferienh\u00e4user Nord-Cornwall<\/p>\n<p>Barock Stil Schlafbereich darf aus dem Wohnzimmer, gezeigt werden, wo G\u00e4ste in den Genuss Faulenzen auf dem gro\u00dfen Sofa n mit den gut ausgestatteten K\u00fcchenbereich komplett mit Wein Klimaanlage Einheit. Kernow Atelier ist in der N\u00e4he von Rock, <a href=\"https:\/\/www.urlaubcornwall.de\/ferienhaeuser-fewos\/polzeath.html\">Polzeath<\/a> und <a href=\"https:\/\/www.urlaubcornwall.de\/ferienhaeuser-fewos\/padstow.html\">Padstow<\/a>, woraufhin Gourmet-Gen\u00fcsse, Surfen, Strandung und Freuden Wandern! Die Nordk\u00fcste ist sehr sch\u00f6n, w\u00e4hrend weiter Ferne, <a href=\"https:\/\/www.urlaubcornwall.de\/ferienhaeuser-fewos\/suedkueste-cornwall.html\">Cornwalls S\u00fcdk\u00fcste<\/a> mit seiner friedlichen Segeln-Wasser und das Eden-Projekt untersucht werden kann. Bitte beachten Sie, dass die Umr\u00fcstzeiten sind 16 bei der Ankunft und 10 am Abreisetag.<\/p>\n<p style=\"text-align: center;\"><a class=\"tidycta\" href=\"https:\/\/www.urlaubcornwall.de\/ferienhaeuser-fewos\/rock.html\"><\/a>Suche Ferienh\u00e4user Rock<\/p>\n<p><strong>Erdgeschoss<\/strong><\/p>\n<p>Eingangshalle. Offenes Wohnzimmer mit K\u00fcche, Ess-und Schlafzimmer. TV, DVD-Player, iPod-Dock und Holz-Brenner. E-Herd, Mikrowelle, K\u00fchlschrank, Gefrierschrank, Wein Klimaanlage Einheit, Waschmaschine und Geschirrsp\u00fcler. Doppelbett (5&#8242;). Bad mit Dusche, WC und Waschbecken.<\/p>\n<p>Inklusive Strom. Heizung \u2013 volle Fu\u00dfbodenheizung. Protokolle f\u00fcr Holz-Brenner. Bettdecke. Handt\u00fccher. Reisebett. Hochstuhl. WLAN.<br \/>\n<strong>Sonstiges<\/strong><\/p>\n<p>Eigener Parkplatz f\u00fcr 2 Autos.<br \/>\nGartenm\u00f6beln und Grill.<br \/>\nLaden Sie 1m.<br \/>\nPub 1m.<br \/>\n\u00d6ffentliches Telefon 1m.<br \/>\nGolf (18 Loch) 3m.<br \/>\nBedauern Sie nicht rauchen.<br \/>\nLeider keine Haustiere.<br \/>\nAnreise\/Abreise Samstag.<\/p>\n","protected":false},"excerpt":{"rendered":"<p>1 Schlafzimmer, f\u00fcr 2 personen, leider keine Haustiere erlaubt, Ferienhaus 2.6 Kilometer SO von Polzeath, Nordk\u00fcste Cornwall. Kernow Atelier bietet die perfekten Urlaub-Escape kombiniert mit luxuri\u00f6sen Zimmern und einer F\u00fclle von Aktivit\u00e4ten und behandelt vor der Haust\u00fcr. An die Besitzer-Startseite, diese hervorragende zeitgen\u00f6ssische Ferienwohnung mit Kalkstein-B\u00f6den ist von Fu\u00dfbodenheizung (solar powered\/Luft-Source-W\u00e4rmepumpe) erw\u00e4rmt und W\u00e4nde aus [&hellip;]<\/p>\n","protected":false},"author":1,"featured_media":0,"parent":0,"menu_order":0,"comment_status":"closed","ping_status":"closed","template":"single-four.php","meta":[],"acf":[],"yoast_head":"<!-- This site is optimized with the Yoast SEO plugin v19.4 - https:\/\/yoast.com\/wordpress\/plugins\/seo\/ -->\n<title>Kernow Atelier - Ferienh\u00e4user Rock Nord-Cornwall - Urlaub &amp; Reisen<\/title>\n<meta name=\"robots\" content=\"index, follow, max-snippet:-1, max-image-preview:large, max-video-preview:-1\" \/>\n<link rel=\"canonical\" href=\"https:\/\/www.urlaubcornwall.de\/blog\/kernow-atelier-ferienhaeuser-rock-nord-cornwall\/\" \/>\n<meta property=\"og:locale\" content=\"en_US\" \/>\n<meta property=\"og:type\" content=\"article\" \/>\n<meta property=\"og:title\" content=\"Kernow Atelier - Ferienh\u00e4user Rock Nord-Cornwall - Urlaub &amp; Reisen\" \/>\n<meta property=\"og:description\" content=\"1 Schlafzimmer, f\u00fcr 2 personen, leider keine Haustiere erlaubt, Ferienhaus 2.6 Kilometer SO von Polzeath, Nordk\u00fcste Cornwall. Kernow Atelier bietet die perfekten Urlaub-Escape kombiniert mit luxuri\u00f6sen Zimmern und einer F\u00fclle von Aktivit\u00e4ten und behandelt vor der Haust\u00fcr. An die Besitzer-Startseite, diese hervorragende zeitgen\u00f6ssische Ferienwohnung mit Kalkstein-B\u00f6den ist von Fu\u00dfbodenheizung (solar powered\/Luft-Source-W\u00e4rmepumpe) erw\u00e4rmt und W\u00e4nde aus [&hellip;]\" \/>\n<meta property=\"og:url\" content=\"https:\/\/www.urlaubcornwall.de\/blog\/kernow-atelier-ferienhaeuser-rock-nord-cornwall\/\" \/>\n<meta property=\"og:site_name\" content=\"Urlaub &amp; Reisen\" \/>\n<meta property=\"article:modified_time\" content=\"2021-08-31T13:07:32+00:00\" \/>\n<meta property=\"og:image\" content=\"https:\/\/www.urlaubcornwall.de\/blog\/wp-content\/uploads\/2013\/12\/24810001.jpg\" \/>\n<meta name=\"twitter:card\" content=\"summary\" \/>\n<meta name=\"twitter:label1\" content=\"Est. reading time\" \/>\n\t<meta name=\"twitter:data1\" content=\"1 minute\" \/>\n<script type=\"application\/ld+json\" class=\"yoast-schema-graph\">{\"@context\":\"https:\/\/schema.org\",\"@graph\":[{\"@type\":\"WebSite\",\"@id\":\"https:\/\/www.urlaubcornwall.de\/blog\/#website\",\"url\":\"https:\/\/www.urlaubcornwall.de\/blog\/\",\"name\":\"Urlaub &amp; Reisen\",\"description\":\"Urlaub, Reisen, Cornwall und S\u00fcdengland: eine perfekte Kombination\",\"potentialAction\":[{\"@type\":\"SearchAction\",\"target\":{\"@type\":\"EntryPoint\",\"urlTemplate\":\"https:\/\/www.urlaubcornwall.de\/blog\/?s={search_term_string}\"},\"query-input\":\"required name=search_term_string\"}],\"inLanguage\":\"en-US\"},{\"@type\":\"WebPage\",\"@id\":\"https:\/\/www.urlaubcornwall.de\/blog\/kernow-atelier-ferienhaeuser-rock-nord-cornwall\/\",\"url\":\"https:\/\/www.urlaubcornwall.de\/blog\/kernow-atelier-ferienhaeuser-rock-nord-cornwall\/\",\"name\":\"Kernow Atelier - Ferienh\u00e4user Rock Nord-Cornwall - Urlaub &amp; Reisen\",\"isPartOf\":{\"@id\":\"https:\/\/www.urlaubcornwall.de\/blog\/#website\"},\"datePublished\":\"2013-12-16T16:19:00+00:00\",\"dateModified\":\"2021-08-31T13:07:32+00:00\",\"breadcrumb\":{\"@id\":\"https:\/\/www.urlaubcornwall.de\/blog\/kernow-atelier-ferienhaeuser-rock-nord-cornwall\/#breadcrumb\"},\"inLanguage\":\"en-US\",\"potentialAction\":[{\"@type\":\"ReadAction\",\"target\":[\"https:\/\/www.urlaubcornwall.de\/blog\/kernow-atelier-ferienhaeuser-rock-nord-cornwall\/\"]}]},{\"@type\":\"BreadcrumbList\",\"@id\":\"https:\/\/www.urlaubcornwall.de\/blog\/kernow-atelier-ferienhaeuser-rock-nord-cornwall\/#breadcrumb\",\"itemListElement\":[{\"@type\":\"ListItem\",\"position\":1,\"name\":\"Home\",\"item\":\"https:\/\/www.urlaubcornwall.de\/blog\/\"},{\"@type\":\"ListItem\",\"position\":2,\"name\":\"Kernow Atelier &#8211; Ferienh\u00e4user Rock Nord-Cornwall\"}]}]}<\/script>\n<!-- \/ Yoast SEO plugin. -->","yoast_head_json":{"title":"Kernow Atelier - Ferienh\u00e4user Rock Nord-Cornwall - Urlaub &amp; Reisen","robots":{"index":"index","follow":"follow","max-snippet":"max-snippet:-1","max-image-preview":"max-image-preview:large","max-video-preview":"max-video-preview:-1"},"canonical":"https:\/\/www.urlaubcornwall.de\/blog\/kernow-atelier-ferienhaeuser-rock-nord-cornwall\/","og_locale":"en_US","og_type":"article","og_title":"Kernow Atelier - Ferienh\u00e4user Rock Nord-Cornwall - Urlaub &amp; Reisen","og_description":"1 Schlafzimmer, f\u00fcr 2 personen, leider keine Haustiere erlaubt, Ferienhaus 2.6 Kilometer SO von Polzeath, Nordk\u00fcste Cornwall. Kernow Atelier bietet die perfekten Urlaub-Escape kombiniert mit luxuri\u00f6sen Zimmern und einer F\u00fclle von Aktivit\u00e4ten und behandelt vor der Haust\u00fcr. An die Besitzer-Startseite, diese hervorragende zeitgen\u00f6ssische Ferienwohnung mit Kalkstein-B\u00f6den ist von Fu\u00dfbodenheizung (solar powered\/Luft-Source-W\u00e4rmepumpe) erw\u00e4rmt und W\u00e4nde aus [&hellip;]","og_url":"https:\/\/www.urlaubcornwall.de\/blog\/kernow-atelier-ferienhaeuser-rock-nord-cornwall\/","og_site_name":"Urlaub &amp; Reisen","article_modified_time":"2021-08-31T13:07:32+00:00","og_image":[{"url":"https:\/\/www.urlaubcornwall.de\/blog\/wp-content\/uploads\/2013\/12\/24810001.jpg"}],"twitter_card":"summary","twitter_misc":{"Est. reading time":"1 minute"},"schema":{"@context":"https:\/\/schema.org","@graph":[{"@type":"WebSite","@id":"https:\/\/www.urlaubcornwall.de\/blog\/#website","url":"https:\/\/www.urlaubcornwall.de\/blog\/","name":"Urlaub &amp; Reisen","description":"Urlaub, Reisen, Cornwall und S\u00fcdengland: eine perfekte Kombination","potentialAction":[{"@type":"SearchAction","target":{"@type":"EntryPoint","urlTemplate":"https:\/\/www.urlaubcornwall.de\/blog\/?s={search_term_string}"},"query-input":"required name=search_term_string"}],"inLanguage":"en-US"},{"@type":"WebPage","@id":"https:\/\/www.urlaubcornwall.de\/blog\/kernow-atelier-ferienhaeuser-rock-nord-cornwall\/","url":"https:\/\/www.urlaubcornwall.de\/blog\/kernow-atelier-ferienhaeuser-rock-nord-cornwall\/","name":"Kernow Atelier - Ferienh\u00e4user Rock Nord-Cornwall - Urlaub &amp; Reisen","isPartOf":{"@id":"https:\/\/www.urlaubcornwall.de\/blog\/#website"},"datePublished":"2013-12-16T16:19:00+00:00","dateModified":"2021-08-31T13:07:32+00:00","breadcrumb":{"@id":"https:\/\/www.urlaubcornwall.de\/blog\/kernow-atelier-ferienhaeuser-rock-nord-cornwall\/#breadcrumb"},"inLanguage":"en-US","potentialAction":[{"@type":"ReadAction","target":["https:\/\/www.urlaubcornwall.de\/blog\/kernow-atelier-ferienhaeuser-rock-nord-cornwall\/"]}]},{"@type":"BreadcrumbList","@id":"https:\/\/www.urlaubcornwall.de\/blog\/kernow-atelier-ferienhaeuser-rock-nord-cornwall\/#breadcrumb","itemListElement":[{"@type":"ListItem","position":1,"name":"Home","item":"https:\/\/www.urlaubcornwall.de\/blog\/"},{"@type":"ListItem","position":2,"name":"Kernow Atelier &#8211; Ferienh\u00e4user Rock Nord-Cornwall"}]}]}},"_links":{"self":[{"href":"https:\/\/www.urlaubcornwall.de\/blog\/wp-json\/wp\/v2\/pages\/11874"}],"collection":[{"href":"https:\/\/www.urlaubcornwall.de\/blog\/wp-json\/wp\/v2\/pages"}],"about":[{"href":"https:\/\/www.urlaubcornwall.de\/blog\/wp-json\/wp\/v2\/types\/page"}],"author":[{"embeddable":true,"href":"https:\/\/www.urlaubcornwall.de\/blog\/wp-json\/wp\/v2\/users\/1"}],"replies":[{"embeddable":true,"href":"https:\/\/www.urlaubcornwall.de\/blog\/wp-json\/wp\/v2\/comments?post=11874"}],"version-history":[{"count":16,"href":"https:\/\/www.urlaubcornwall.de\/blog\/wp-json\/wp\/v2\/pages\/11874\/revisions"}],"predecessor-version":[{"id":42296,"href":"https:\/\/www.urlaubcornwall.de\/blog\/wp-json\/wp\/v2\/pages\/11874\/revisions\/42296"}],"wp:attachment":[{"href":"https:\/\/www.urlaubcornwall.de\/blog\/wp-json\/wp\/v2\/media?parent=11874"}],"curies":[{"name":"wp","href":"https:\/\/api.w.org\/{rel}","templated":true}]}}