{"id":11759,"date":"2013-12-11T16:02:00","date_gmt":"2013-12-11T16:02:00","guid":{"rendered":"https:\/\/www.urlaubcornwall.de\/blog\/?page_id=11759"},"modified":"2024-04-09T09:19:34","modified_gmt":"2024-04-09T09:19:34","slug":"eine-reise-durch-grossbritannien-urlaub-in-england-schottland-und-wales","status":"publish","type":"page","link":"https:\/\/www.urlaubcornwall.de\/blog\/eine-reise-durch-grossbritannien-urlaub-in-england-schottland-und-wales\/","title":{"rendered":"Eine Reise durch Gro\u00dfbritannien: Urlaub in England, Schottland und Wales"},"content":{"rendered":"<p><a href=\"https:\/\/www.urlaubcornwall.de\/blog\/wp-content\/uploads\/2013\/09\/Porth-Chapel-Beach-Cornwall.jpg\"><img loading=\"lazy\" class=\"aligncenter size-full wp-image-21994\" src=\"https:\/\/www.urlaubcornwall.de\/blog\/wp-content\/uploads\/2013\/09\/Porth-Chapel-Beach-Cornwall.jpg\" alt=\"Rundreisen in England, Schottland, Wales und Irland.\" width=\"745\" height=\"209\" srcset=\"https:\/\/www.urlaubcornwall.de\/blog\/wp-content\/uploads\/2013\/09\/Porth-Chapel-Beach-Cornwall.jpg 745w, https:\/\/www.urlaubcornwall.de\/blog\/wp-content\/uploads\/2013\/09\/Porth-Chapel-Beach-Cornwall-300x84.jpg 300w\" sizes=\"(max-width: 745px) 100vw, 745px\" \/><\/a><\/p>\n<p><strong>Unsere Standorte : Urlaubstipps England, Schottland und Wales<\/strong><\/p>\n<p>Am Rande Europas und doch oft als<a href=\"https:\/\/www.urlaubcornwall.de\/rundreisen\/grossbritannien.php\"> eigene kleine Welt empf\u00e4ngt Sie Gro\u00dfbritannien<\/a> mit einer Vielfalt, die sich nicht nur in der Geschichte, der Landschaft und der Architektur, sondern auch in den Menschen sowie den Traditionen und Br\u00e4uchen widerspiegelt. Freuen Sie sich auf ein Land voller Kontraste, wo schlichte Moderne und antike Eleganz sich die Hand geben.<\/p>\n<a href=\"#\" id=\"hypotext-anchor-your-target-id\" class=\"hypotext closed\" rel=\"hypotext-content-your-target-id\">\n<h1><span style=\"text-decoration: underline;\"><strong>Hier finden Sie eine Auswahl Rundreisen in Gro\u00dfbritannien<\/strong><\/span><strong>\u25bc<\/strong><\/h1>\n<\/a>\n<div class=\"hypotext-content hypotext-content-your-target-id\" rel=\"hypotext-anchor-your-target-id\"><a href=\"#\" class=\"hypotext closed close\" rel=\"hypotext-content-your-target-id\"><\/a>\n<p style=\"text-align: center;\"><a href=\"https:\/\/www.urlaubcornwall.de\/blog\/wp-content\/uploads\/2015\/10\/rundreisen_cornwall_main.jpg\"><img loading=\"lazy\" class=\"aligncenter size-full wp-image-20560\" src=\"https:\/\/www.urlaubcornwall.de\/blog\/wp-content\/uploads\/2015\/10\/rundreisen_cornwall_main.jpg\" alt=\"rundreisen_cornwall_main\" width=\"715\" height=\"141\"\/><\/a><\/p>\n<h1 style=\"text-align: center;\"><strong><span style=\"text-decoration: underline;\"><a href=\"https:\/\/www.urlaubcornwall.de\/blog\/rundreise-durch-cornwall-and-suedenengland-2013\/\">Rundreisen durch Cornwall und S\u00fcdengland<\/a><\/span><\/strong><\/h1>\n<p style=\"text-align: center;\">Mit Sitz in Cornwall haben wir Erfahrung darin, Rundreisen in einer von Englands wundersch\u00f6nsten Urlaubsregionen anzubieten. Herrliche Sandstr\u00e4nde und K\u00fcstenpfade, h\u00fcbsche Fischerd\u00f6rfer und subtropische G\u00e4rten lassen Cornwall zu einem Teil einer besonderen Tour durch S\u00fcdengland werden.<\/p>\n<p style=\"text-align: center;\"><strong>[ <span style=\"text-decoration: underline;\"><a href=\"https:\/\/www.urlaubcornwall.de\/blog\/rundreise-durch-cornwall-and-suedenengland-2013\/\">Mehr<\/a><\/span> ]<\/strong><\/p>\n<p><a href=\"https:\/\/www.urlaubcornwall.de\/blog\/wp-content\/uploads\/2015\/10\/urlaub_england_main3.jpg\"><img loading=\"lazy\" class=\"aligncenter size-full wp-image-20562\" src=\"https:\/\/www.urlaubcornwall.de\/blog\/wp-content\/uploads\/2015\/10\/urlaub_england_main3.jpg\" alt=\"urlaub_england_main3\" width=\"715\" height=\"141\"\/><\/a><\/p>\n<h1 style=\"text-align: center;\"><strong><span style=\"text-decoration: underline;\"><a href=\"https:\/\/www.urlaubcornwall.de\/blog\/rundreisen-england-wales\/\">Rundreisen durch England &amp; Wales<\/a><\/span><\/strong><\/h1>\n<p style=\"text-align: center;\">Erleben Sie England- in seinem Herzen London mit der Tower Bridge, dem Buckingham Palast und der Oxford Street, sowie Attraktionen und Veranstaltungen, die der gesamten Familie gefallen werden. Doch das ist lediglich der Beginn eines Urlaubs in England.<\/p>\n<p style=\"text-align: center;\"><strong>[ <a href=\"https:\/\/www.urlaubcornwall.de\/blog\/rundreisen-england-wales\/\"><span style=\"text-decoration: underline;\">Mehr<\/span><\/a> ]<\/strong><\/p>\n<p><a href=\"https:\/\/www.urlaubcornwall.de\/blog\/wp-content\/uploads\/2015\/10\/urlaub_schottland_main.jpg\"><img loading=\"lazy\" class=\"aligncenter size-full wp-image-20563\" src=\"https:\/\/www.urlaubcornwall.de\/blog\/wp-content\/uploads\/2015\/10\/urlaub_schottland_main.jpg\" alt=\"urlaub_schottland_main\" width=\"715\" height=\"140\"\/><\/a><\/p>\n<h1 style=\"text-align: center;\"><span style=\"text-decoration: underline;\"><strong><a href=\"https:\/\/www.urlaubcornwall.de\/blog\/rundreisen-schottland\/\">Schottland mit dem Auto bereisen<\/a><\/strong><\/span><\/h1>\n<p style=\"text-align: center;\">Autorundreisen durch Schottland haben etwas f\u00fcr jeden Geschmack zu bieten \u2013 herrliche Sonnenunterg\u00e4nge \u00fcber magischen Inseln, wundersch\u00f6ne und dramatische K\u00fcstenstriche, tiefe, verborgene T\u00e4ler und eine unglaubliche Landschaft. Erleben Sie die wilde und romantische Sch\u00f6nheit dieses herrlichen Landes.<\/p>\n<p style=\"text-align: center;\"><strong>[ <a href=\"https:\/\/www.urlaubcornwall.de\/blog\/rundreisen-schottland\/\"><span style=\"text-decoration: underline;\">Mehr<\/span> <\/a>]<\/strong><\/p>\n<p><a href=\"https:\/\/www.urlaubcornwall.de\/blog\/wp-content\/uploads\/2015\/10\/urlaub_irland.jpg\"><img loading=\"lazy\" class=\"aligncenter size-full wp-image-20564\" src=\"https:\/\/www.urlaubcornwall.de\/blog\/wp-content\/uploads\/2015\/10\/urlaub_irland.jpg\" alt=\"urlaub_irland\" width=\"715\" height=\"140\"\/><\/a><\/p>\n<h1 style=\"text-align: center;\"><span style=\"text-decoration: underline;\"><strong><a href=\"https:\/\/www.urlaubcornwall.de\/blog\/rundreisen-irland\/\">Rundreisen durch Irland<\/a><\/strong><\/span><\/h1>\n<p style=\"text-align: center;\">Ob Sie nun nach einem ma\u00dfgeschneiderten irischen Urlaub als Familienurlaub suchen, eine einmalige Erkundung Irlands oder einfach eine Urlaubswoche in der Ruhe und Sch\u00f6nheit des fernen Westens von Irland verbringen wollen, so kennt doch keiner die versteckten Juwelen und H\u00f6hepunkte Irlands besser als wir es tun.<\/p>\n<p style=\"text-align: center;\"><strong>[ <a href=\"https:\/\/www.urlaubcornwall.de\/blog\/rundreisen-irland\/\"><span style=\"text-decoration: underline;\">Mehr<\/span> <\/a>]<\/strong><\/p>\n<h1 style=\"text-align: center;\"><span style=\"text-decoration: underline;\"><strong><a href=\"https:\/\/www.urlaubcornwall.de\/blog\/4-und-5-sterne-luxus-schlosshotels-in-england-schottland-und-irland\/\">Rundreisen in Schlosshotels<\/a><\/strong><\/span><\/h1>\n<p style=\"text-align: center;\">Gro\u00dfbritannien und Irland sind reich an Burgen, h\u00e4ufig in atemberaubender Lage und allesamt voller ureigenster Geschichte. Viele dieser Nationalsch\u00e4tze bieten nun Unterkunft an; von \u00dcbernachtung mit Fr\u00fchst\u00fcck bis hin zu vollwertigen Hotels&#8230;<\/p>\n<p style=\"text-align: center;\"><strong>[ <a href=\"https:\/\/www.urlaubcornwall.de\/blog\/4-und-5-sterne-luxus-schlosshotels-in-england-schottland-und-irland\/\"><span style=\"text-decoration: underline;\">Mehr<\/span><\/a> ]<\/strong><\/p>\n<\/div>\n<p><a href=\"http:\/\/www.urlaubcornwall.de\/\"><strong>UrlaubCornwall <\/strong><\/a>bietet die sch\u00f6nsten Ferienh\u00e4user &amp; Ferienwohnungen in einigen der beliebtesten Urlaubsregionen in England, Wales und den <a href=\"https:\/\/www.urlaubcornwall.de\/blog\/ferienhaeuser-in-den-west-highlands-von-schottland\/\">Schottischen Highlands<\/a>. Jede Unterkunft empf\u00e4ngt Sie inmitten einer atemberaubenden Kulisse und einzig die luxuri\u00f6se Einrichtung ist Standard, der Rest begeistert Sie mit einer individuellen Note.<\/p>\n<p>Jede Unterkunft kann schon f\u00fcr 2 N\u00e4chte gebucht werden und eignet sich somit perfekt f\u00fcr eine Rundreise durch Gro\u00dfbritannien. Oder Sie bleiben l\u00e4nger und verbringen einen einzigartigen <strong><a href=\"http:\/\/www.urlaubcornwall.de\/reiseziel\/cornwall.php\">Urlaub in Cornwall<\/a><\/strong>. Genie\u00dfen Sie den malerischen Strand, erkunden Sie <a href=\"https:\/\/www.urlaubcornwall.de\/blog\/ferienhaeuser-in-den-yorkshire-dales-erleben-sie-england-von-seiner-laendlichen-seite\/\">Yorkshire Dales<\/a>, eine der beliebtesten Regionen Englands, besuchen Sie die eindrucksvolle K\u00fcstenlandschaft von <a href=\"https:\/\/www.urlaubcornwall.de\/blog\/natural-retreats-auf-der-halbinsel-llyn-wales-luxus-ferienhaeuser-und-ferienwohnungen\/\">Nordwales<\/a> und lassen Sie sich von der unvergleichlichen Sch\u00f6nheit der Schottischen Highlands verzaubern.<\/p>\n<p>Alle Unterk\u00fcnfte sind ideal f\u00fcr Familien. Hunde sind ebenfalls gern gesehene G\u00e4ste. Nutzen Sie zudem unseren Concierge-Service, der f\u00fcr jede Unterkunft zur Verf\u00fcgung steht, um das meiste aus Ihrem Urlaub herauszuholen.<\/p>\n<p>Unser <a href=\"http:\/\/www.urlaubcornwall.de\/reiseziel\/england.php\"><b>UrlaubCornwall<\/b><\/a> Angebot umfasst Ferienh\u00e4user in den wundersch\u00f6nsten Gegenden Gro\u00dfbritanniens.<\/p>\n","protected":false},"excerpt":{"rendered":"<p>Unsere Standorte : Urlaubstipps England, Schottland und Wales Am Rande Europas und doch oft als eigene kleine Welt empf\u00e4ngt Sie Gro\u00dfbritannien mit einer Vielfalt, die sich nicht nur in der Geschichte, der Landschaft und der Architektur, sondern auch in den Menschen sowie den Traditionen und Br\u00e4uchen widerspiegelt. Freuen Sie sich auf ein Land voller Kontraste, [&hellip;]<\/p>\n","protected":false},"author":1,"featured_media":0,"parent":0,"menu_order":0,"comment_status":"closed","ping_status":"closed","template":"single-four.php","meta":[],"acf":[],"yoast_head":"<!-- This site is optimized with the Yoast SEO plugin v19.4 - https:\/\/yoast.com\/wordpress\/plugins\/seo\/ -->\n<title>Eine Reise durch Gro\u00dfbritannien: Urlaub in England, Schottland und Wales - Urlaub &amp; Reisen<\/title>\n<meta name=\"robots\" content=\"index, follow, max-snippet:-1, max-image-preview:large, max-video-preview:-1\" \/>\n<link rel=\"canonical\" href=\"https:\/\/www.urlaubcornwall.de\/blog\/eine-reise-durch-grossbritannien-urlaub-in-england-schottland-und-wales\/\" \/>\n<meta property=\"og:locale\" content=\"en_US\" \/>\n<meta property=\"og:type\" content=\"article\" \/>\n<meta property=\"og:title\" content=\"Eine Reise durch Gro\u00dfbritannien: Urlaub in England, Schottland und Wales - Urlaub &amp; Reisen\" \/>\n<meta property=\"og:description\" content=\"Unsere Standorte : Urlaubstipps England, Schottland und Wales Am Rande Europas und doch oft als eigene kleine Welt empf\u00e4ngt Sie Gro\u00dfbritannien mit einer Vielfalt, die sich nicht nur in der Geschichte, der Landschaft und der Architektur, sondern auch in den Menschen sowie den Traditionen und Br\u00e4uchen widerspiegelt. Freuen Sie sich auf ein Land voller Kontraste, [&hellip;]\" \/>\n<meta property=\"og:url\" content=\"https:\/\/www.urlaubcornwall.de\/blog\/eine-reise-durch-grossbritannien-urlaub-in-england-schottland-und-wales\/\" \/>\n<meta property=\"og:site_name\" content=\"Urlaub &amp; Reisen\" \/>\n<meta property=\"article:modified_time\" content=\"2024-04-09T09:19:34+00:00\" \/>\n<meta property=\"og:image\" content=\"https:\/\/www.urlaubcornwall.de\/blog\/wp-content\/uploads\/2013\/09\/Porth-Chapel-Beach-Cornwall.jpg\" \/>\n<meta name=\"twitter:card\" content=\"summary\" \/>\n<meta name=\"twitter:label1\" content=\"Est. reading time\" \/>\n\t<meta name=\"twitter:data1\" content=\"4 minutes\" \/>\n<script type=\"application\/ld+json\" class=\"yoast-schema-graph\">{\"@context\":\"https:\/\/schema.org\",\"@graph\":[{\"@type\":\"WebSite\",\"@id\":\"https:\/\/www.urlaubcornwall.de\/blog\/#website\",\"url\":\"https:\/\/www.urlaubcornwall.de\/blog\/\",\"name\":\"Urlaub &amp; Reisen\",\"description\":\"Urlaub, Reisen, Cornwall und S\u00fcdengland: eine perfekte Kombination\",\"potentialAction\":[{\"@type\":\"SearchAction\",\"target\":{\"@type\":\"EntryPoint\",\"urlTemplate\":\"https:\/\/www.urlaubcornwall.de\/blog\/?s={search_term_string}\"},\"query-input\":\"required name=search_term_string\"}],\"inLanguage\":\"en-US\"},{\"@type\":\"WebPage\",\"@id\":\"https:\/\/www.urlaubcornwall.de\/blog\/eine-reise-durch-grossbritannien-urlaub-in-england-schottland-und-wales\/\",\"url\":\"https:\/\/www.urlaubcornwall.de\/blog\/eine-reise-durch-grossbritannien-urlaub-in-england-schottland-und-wales\/\",\"name\":\"Eine Reise durch Gro\u00dfbritannien: Urlaub in England, Schottland und Wales - Urlaub &amp; Reisen\",\"isPartOf\":{\"@id\":\"https:\/\/www.urlaubcornwall.de\/blog\/#website\"},\"datePublished\":\"2013-12-11T16:02:00+00:00\",\"dateModified\":\"2024-04-09T09:19:34+00:00\",\"breadcrumb\":{\"@id\":\"https:\/\/www.urlaubcornwall.de\/blog\/eine-reise-durch-grossbritannien-urlaub-in-england-schottland-und-wales\/#breadcrumb\"},\"inLanguage\":\"en-US\",\"potentialAction\":[{\"@type\":\"ReadAction\",\"target\":[\"https:\/\/www.urlaubcornwall.de\/blog\/eine-reise-durch-grossbritannien-urlaub-in-england-schottland-und-wales\/\"]}]},{\"@type\":\"BreadcrumbList\",\"@id\":\"https:\/\/www.urlaubcornwall.de\/blog\/eine-reise-durch-grossbritannien-urlaub-in-england-schottland-und-wales\/#breadcrumb\",\"itemListElement\":[{\"@type\":\"ListItem\",\"position\":1,\"name\":\"Home\",\"item\":\"https:\/\/www.urlaubcornwall.de\/blog\/\"},{\"@type\":\"ListItem\",\"position\":2,\"name\":\"Eine Reise durch Gro\u00dfbritannien: Urlaub in England, Schottland und Wales\"}]}]}<\/script>\n<!-- \/ Yoast SEO plugin. -->","yoast_head_json":{"title":"Eine Reise durch Gro\u00dfbritannien: Urlaub in England, Schottland und Wales - Urlaub &amp; Reisen","robots":{"index":"index","follow":"follow","max-snippet":"max-snippet:-1","max-image-preview":"max-image-preview:large","max-video-preview":"max-video-preview:-1"},"canonical":"https:\/\/www.urlaubcornwall.de\/blog\/eine-reise-durch-grossbritannien-urlaub-in-england-schottland-und-wales\/","og_locale":"en_US","og_type":"article","og_title":"Eine Reise durch Gro\u00dfbritannien: Urlaub in England, Schottland und Wales - Urlaub &amp; Reisen","og_description":"Unsere Standorte : Urlaubstipps England, Schottland und Wales Am Rande Europas und doch oft als eigene kleine Welt empf\u00e4ngt Sie Gro\u00dfbritannien mit einer Vielfalt, die sich nicht nur in der Geschichte, der Landschaft und der Architektur, sondern auch in den Menschen sowie den Traditionen und Br\u00e4uchen widerspiegelt. Freuen Sie sich auf ein Land voller Kontraste, [&hellip;]","og_url":"https:\/\/www.urlaubcornwall.de\/blog\/eine-reise-durch-grossbritannien-urlaub-in-england-schottland-und-wales\/","og_site_name":"Urlaub &amp; Reisen","article_modified_time":"2024-04-09T09:19:34+00:00","og_image":[{"url":"https:\/\/www.urlaubcornwall.de\/blog\/wp-content\/uploads\/2013\/09\/Porth-Chapel-Beach-Cornwall.jpg"}],"twitter_card":"summary","twitter_misc":{"Est. reading time":"4 minutes"},"schema":{"@context":"https:\/\/schema.org","@graph":[{"@type":"WebSite","@id":"https:\/\/www.urlaubcornwall.de\/blog\/#website","url":"https:\/\/www.urlaubcornwall.de\/blog\/","name":"Urlaub &amp; Reisen","description":"Urlaub, Reisen, Cornwall und S\u00fcdengland: eine perfekte Kombination","potentialAction":[{"@type":"SearchAction","target":{"@type":"EntryPoint","urlTemplate":"https:\/\/www.urlaubcornwall.de\/blog\/?s={search_term_string}"},"query-input":"required name=search_term_string"}],"inLanguage":"en-US"},{"@type":"WebPage","@id":"https:\/\/www.urlaubcornwall.de\/blog\/eine-reise-durch-grossbritannien-urlaub-in-england-schottland-und-wales\/","url":"https:\/\/www.urlaubcornwall.de\/blog\/eine-reise-durch-grossbritannien-urlaub-in-england-schottland-und-wales\/","name":"Eine Reise durch Gro\u00dfbritannien: Urlaub in England, Schottland und Wales - Urlaub &amp; Reisen","isPartOf":{"@id":"https:\/\/www.urlaubcornwall.de\/blog\/#website"},"datePublished":"2013-12-11T16:02:00+00:00","dateModified":"2024-04-09T09:19:34+00:00","breadcrumb":{"@id":"https:\/\/www.urlaubcornwall.de\/blog\/eine-reise-durch-grossbritannien-urlaub-in-england-schottland-und-wales\/#breadcrumb"},"inLanguage":"en-US","potentialAction":[{"@type":"ReadAction","target":["https:\/\/www.urlaubcornwall.de\/blog\/eine-reise-durch-grossbritannien-urlaub-in-england-schottland-und-wales\/"]}]},{"@type":"BreadcrumbList","@id":"https:\/\/www.urlaubcornwall.de\/blog\/eine-reise-durch-grossbritannien-urlaub-in-england-schottland-und-wales\/#breadcrumb","itemListElement":[{"@type":"ListItem","position":1,"name":"Home","item":"https:\/\/www.urlaubcornwall.de\/blog\/"},{"@type":"ListItem","position":2,"name":"Eine Reise durch Gro\u00dfbritannien: Urlaub in England, Schottland und Wales"}]}]}},"_links":{"self":[{"href":"https:\/\/www.urlaubcornwall.de\/blog\/wp-json\/wp\/v2\/pages\/11759"}],"collection":[{"href":"https:\/\/www.urlaubcornwall.de\/blog\/wp-json\/wp\/v2\/pages"}],"about":[{"href":"https:\/\/www.urlaubcornwall.de\/blog\/wp-json\/wp\/v2\/types\/page"}],"author":[{"embeddable":true,"href":"https:\/\/www.urlaubcornwall.de\/blog\/wp-json\/wp\/v2\/users\/1"}],"replies":[{"embeddable":true,"href":"https:\/\/www.urlaubcornwall.de\/blog\/wp-json\/wp\/v2\/comments?post=11759"}],"version-history":[{"count":28,"href":"https:\/\/www.urlaubcornwall.de\/blog\/wp-json\/wp\/v2\/pages\/11759\/revisions"}],"predecessor-version":[{"id":49082,"href":"https:\/\/www.urlaubcornwall.de\/blog\/wp-json\/wp\/v2\/pages\/11759\/revisions\/49082"}],"wp:attachment":[{"href":"https:\/\/www.urlaubcornwall.de\/blog\/wp-json\/wp\/v2\/media?parent=11759"}],"curies":[{"name":"wp","href":"https:\/\/api.w.org\/{rel}","templated":true}]}}