{"id":11751,"date":"2013-12-10T09:52:44","date_gmt":"2013-12-10T09:52:44","guid":{"rendered":"https:\/\/www.urlaubcornwall.de\/blog\/?page_id=11751"},"modified":"2020-02-10T10:23:19","modified_gmt":"2020-02-10T10:23:19","slug":"geevor-zinn-bergwerk","status":"publish","type":"page","link":"https:\/\/www.urlaubcornwall.de\/blog\/geevor-zinn-bergwerk\/","title":{"rendered":"Geevor Zinn Bergwerk"},"content":{"rendered":"<p><b>BESUCHERINFORMATION<\/b><\/p>\n<p>Erfahren Sie mehr zu Cornwalls Geschichte des Bergbaus &#8211; Bis zum Jahre 1991 war Geevor eines der letzten Zinnbergwerke, die in Cornwall noch immer in Betrieb waren. Heute ist es das gr\u00f6\u00dfte Kulturdenkmal der Bergbauindustrie Gro\u00dfbritanniens und preisgekr\u00f6nte Touristenattraktion. Hier k\u00f6nnen Sie die faszinierende Geschichte des Zinnabbaus und der Zinnproduktion \u00fcber 6000 Jahre hinweg verfolgen<\/p>\n<p>Im\u00a0<strong>\u201eHard Rock Museum\u201c<\/strong>\u00a0finden Sie eine umfangreiche Hands-on-Ausstellung, sowie eine Videopr\u00e4sentation, die die Geschichte des Zinnbergbaus zum Leben erwecken.<\/p>\n<p><strong>Erkunden Sie die Anlage<\/strong>, die teilweise noch in demselben Zustand erhalten ist, wie sie am Tage der Schlie\u00dfung des Bergwerks verlassen wurde. Saugen Sie diese ganz besondere Atmosph\u00e4re ein im <strong>\u201eDry\u201c<\/strong>, dem Trockenraum und Herz der Zeche, wo sich die Arbeiter umgezogen haben.<\/p>\n<p>Gehen Sie mit einem unserer fachkundigen F\u00fchrer\u00a0<strong>untertage<\/strong>\u00a0in den alten \u201eWheal Mexico\u201c Schacht. Dort k\u00f6nnen Sie eindr\u00fccklich sehen, wie die \u201eKumpel\u201c der Vergangenheit gearbeitet haben.<\/p>\n<p>Besuchen Sie unser\u00a0<strong>Caf\u00e9<\/strong>\u00a0und genie\u00dfen Sie einige der k\u00f6stlichsten Spezialit\u00e4ten Cornwalls. Au\u00dferdem bietet es eine der besten Aussichten \u00fcber den atlantischen Ozean hinweg.<\/p>\n<p>Im\u00a0<strong>Shop<\/strong>\u00a0finden Sie ein umfangreiches Angebot an B\u00fcchern, Mineralien, lokal hergestellter Geschenkartikel und vielem mehr, die allesamt mit dem Bergbau zu tun haben.<\/p>\n<p>Nehmen Sie sich bitte auch Zeit, die beeindruckende\u00a0<strong>Klippenlandschaft<\/strong>\u00a0mit ihrer einzigartigen Pflanzen- und Tierwelt im tiefer gelegenen Teil des Gel\u00e4ndes zu erkunden.<\/p>\n<p>Machen Sie Geevor zu einem Teil Ihres von Rosamunde Pilcher inspirierten Urlaubs. Erfahren Sie mehr zu Dreharbeiten vor Ort.<\/p>\n<p>Kostenfreies Parken f\u00fcr Autos und Busse. Hunde sind willkommen.<\/p>\n<p>Besuchen Sie Geevors Website und Facebook-Seite, um mehr \u00fcber die zahlreichen kostenfreien Angebote zu erfahren!<\/p>\n<p style=\"text-align: center;\"><a href=\"http:\/\/www.geevor.com\/\" target=\"_blank\" rel=\"nofollow noopener noreferrer\"><b>www.geevor.com<\/b><\/a><\/p>\n<p><b>EVENTS<\/b><\/p>\n<p>Das ganze Jahr \u00fcber finden besondere Veranstaltungen f\u00fcr Kinder und Familien auf der Anlage statt.<\/p>\n<p>W\u00e4hrend jeder Schulferien gibt es Kunstwerkst\u00e4tten und Familienaktivit\u00e4ten, wie Mei\u00dfeln, Kennenlernen von Mineralien, Steinbohrungen per Hand a la Poldark; einen Wettbewerb im K\u00fcbelf\u00fcllen. Jeden Dienstag w\u00e4hrend der Sommerferien findet ein \u201eCornwall Tag\u201c statt; montags ist \u201ePoldark Tag\u201c und donnerstags k\u00f6nnen Sie und Ihre Kinder einen Tag lang Bergarbeiter sein. Sehr eindrucksvoll f\u00fcr Besucher sind die Geschichten ehemaliger Bergarbeiter, die ihre Arbeitserfahrungen \u00fcber- und untertage mit Ihnen teilen. Geschichtenerz\u00e4hler und Musiker, sowie ein Bronzegie\u00dfer zeigen Ihnen weitere Seiten der Bergbau\u00e4ra. In der Filmausstellung finden Sie Ausschnitte von Rosamunde Pilcher Dreharbeiten, die 2015 hier stattgefunden haben.<\/p>\n<p><script src=\"\/\/pagead2.googlesyndication.com\/pagead\/js\/adsbygoogle.js\" async=\"\"><\/script><!-- Urlaub Cornwall --> <ins class=\"adsbygoogle\" style=\"display: inline-block; width: 468px; height: 60px;\" data-ad-client=\"ca-pub-3901089389175725\" data-ad-slot=\"9709771099\"><\/ins><script>\/\/ <![CDATA[\n(adsbygoogle = window.adsbygoogle || []).push({});\n\/\/ ]]><\/script><\/p>\n<p><strong>Karte<\/strong><br \/>\n<span style=\"color: #333333;\">Geevor befindet sich am Westende Cornwalls in Pendeen, direkt an der K\u00fcstenstra\u00dfe B 3306 zwischen Lands End und St Ives.<\/span><\/p>\n<p><iframe loading=\"lazy\" src=\"https:\/\/maps.google.co.uk\/maps\/ms?msa=0&amp;msid=218115240156722179945.0004edbba68999e3ed7a0&amp;ie=UTF8&amp;t=m&amp;ll=50.073006,-5.342102&amp;spn=0.846141,1.757812&amp;z=9&amp;output=embed\" width=\"640\" height=\"480\" frameborder=\"0\" marginwidth=\"0\" marginheight=\"0\" scrolling=\"no\"><\/iframe><br \/>\n<small>View <a style=\"color: #0000ff; text-align: left;\" href=\"https:\/\/maps.google.co.uk\/maps\/ms?msa=0&amp;msid=218115240156722179945.0004edbba68999e3ed7a0&amp;ie=UTF8&amp;t=m&amp;ll=50.073006,-5.342102&amp;spn=0.846141,1.757812&amp;z=9&amp;source=embed\">Geevor Zinn Bergwerk<\/a> in a larger map<\/small><\/p>\n<p style=\"text-align: right;\">\n<\/p>","protected":false},"excerpt":{"rendered":"<p>BESUCHERINFORMATION Erfahren Sie mehr zu Cornwalls Geschichte des Bergbaus &#8211; Bis zum Jahre 1991 war Geevor eines der letzten Zinnbergwerke, die in Cornwall noch immer in Betrieb waren. Heute ist es das gr\u00f6\u00dfte Kulturdenkmal der Bergbauindustrie Gro\u00dfbritanniens und preisgekr\u00f6nte Touristenattraktion. Hier k\u00f6nnen Sie die faszinierende Geschichte des Zinnabbaus und der Zinnproduktion \u00fcber 6000 Jahre hinweg [&hellip;]<\/p>\n","protected":false},"author":1,"featured_media":0,"parent":0,"menu_order":0,"comment_status":"closed","ping_status":"closed","template":"single-three.php","meta":[],"acf":[],"yoast_head":"<!-- This site is optimized with the Yoast SEO plugin v19.4 - https:\/\/yoast.com\/wordpress\/plugins\/seo\/ -->\n<title>Geevor Zinn Bergwerk - Urlaub &amp; Reisen<\/title>\n<meta name=\"robots\" content=\"index, follow, max-snippet:-1, max-image-preview:large, max-video-preview:-1\" \/>\n<link rel=\"canonical\" href=\"https:\/\/www.urlaubcornwall.de\/blog\/geevor-zinn-bergwerk\/\" \/>\n<meta property=\"og:locale\" content=\"en_US\" \/>\n<meta property=\"og:type\" content=\"article\" \/>\n<meta property=\"og:title\" content=\"Geevor Zinn Bergwerk - Urlaub &amp; Reisen\" \/>\n<meta property=\"og:description\" content=\"BESUCHERINFORMATION Erfahren Sie mehr zu Cornwalls Geschichte des Bergbaus &#8211; Bis zum Jahre 1991 war Geevor eines der letzten Zinnbergwerke, die in Cornwall noch immer in Betrieb waren. Heute ist es das gr\u00f6\u00dfte Kulturdenkmal der Bergbauindustrie Gro\u00dfbritanniens und preisgekr\u00f6nte Touristenattraktion. Hier k\u00f6nnen Sie die faszinierende Geschichte des Zinnabbaus und der Zinnproduktion \u00fcber 6000 Jahre hinweg [&hellip;]\" \/>\n<meta property=\"og:url\" content=\"https:\/\/www.urlaubcornwall.de\/blog\/geevor-zinn-bergwerk\/\" \/>\n<meta property=\"og:site_name\" content=\"Urlaub &amp; Reisen\" \/>\n<meta property=\"article:modified_time\" content=\"2020-02-10T10:23:19+00:00\" \/>\n<meta name=\"twitter:card\" content=\"summary\" \/>\n<meta name=\"twitter:label1\" content=\"Est. reading time\" \/>\n\t<meta name=\"twitter:data1\" content=\"2 minutes\" \/>\n<script type=\"application\/ld+json\" class=\"yoast-schema-graph\">{\"@context\":\"https:\/\/schema.org\",\"@graph\":[{\"@type\":\"WebSite\",\"@id\":\"https:\/\/www.urlaubcornwall.de\/blog\/#website\",\"url\":\"https:\/\/www.urlaubcornwall.de\/blog\/\",\"name\":\"Urlaub &amp; Reisen\",\"description\":\"Urlaub, Reisen, Cornwall und S\u00fcdengland: eine perfekte Kombination\",\"potentialAction\":[{\"@type\":\"SearchAction\",\"target\":{\"@type\":\"EntryPoint\",\"urlTemplate\":\"https:\/\/www.urlaubcornwall.de\/blog\/?s={search_term_string}\"},\"query-input\":\"required name=search_term_string\"}],\"inLanguage\":\"en-US\"},{\"@type\":\"WebPage\",\"@id\":\"https:\/\/www.urlaubcornwall.de\/blog\/geevor-zinn-bergwerk\/\",\"url\":\"https:\/\/www.urlaubcornwall.de\/blog\/geevor-zinn-bergwerk\/\",\"name\":\"Geevor Zinn Bergwerk - Urlaub &amp; Reisen\",\"isPartOf\":{\"@id\":\"https:\/\/www.urlaubcornwall.de\/blog\/#website\"},\"datePublished\":\"2013-12-10T09:52:44+00:00\",\"dateModified\":\"2020-02-10T10:23:19+00:00\",\"breadcrumb\":{\"@id\":\"https:\/\/www.urlaubcornwall.de\/blog\/geevor-zinn-bergwerk\/#breadcrumb\"},\"inLanguage\":\"en-US\",\"potentialAction\":[{\"@type\":\"ReadAction\",\"target\":[\"https:\/\/www.urlaubcornwall.de\/blog\/geevor-zinn-bergwerk\/\"]}]},{\"@type\":\"BreadcrumbList\",\"@id\":\"https:\/\/www.urlaubcornwall.de\/blog\/geevor-zinn-bergwerk\/#breadcrumb\",\"itemListElement\":[{\"@type\":\"ListItem\",\"position\":1,\"name\":\"Home\",\"item\":\"https:\/\/www.urlaubcornwall.de\/blog\/\"},{\"@type\":\"ListItem\",\"position\":2,\"name\":\"Geevor Zinn Bergwerk\"}]}]}<\/script>\n<!-- \/ Yoast SEO plugin. -->","yoast_head_json":{"title":"Geevor Zinn Bergwerk - Urlaub &amp; Reisen","robots":{"index":"index","follow":"follow","max-snippet":"max-snippet:-1","max-image-preview":"max-image-preview:large","max-video-preview":"max-video-preview:-1"},"canonical":"https:\/\/www.urlaubcornwall.de\/blog\/geevor-zinn-bergwerk\/","og_locale":"en_US","og_type":"article","og_title":"Geevor Zinn Bergwerk - Urlaub &amp; Reisen","og_description":"BESUCHERINFORMATION Erfahren Sie mehr zu Cornwalls Geschichte des Bergbaus &#8211; Bis zum Jahre 1991 war Geevor eines der letzten Zinnbergwerke, die in Cornwall noch immer in Betrieb waren. Heute ist es das gr\u00f6\u00dfte Kulturdenkmal der Bergbauindustrie Gro\u00dfbritanniens und preisgekr\u00f6nte Touristenattraktion. Hier k\u00f6nnen Sie die faszinierende Geschichte des Zinnabbaus und der Zinnproduktion \u00fcber 6000 Jahre hinweg [&hellip;]","og_url":"https:\/\/www.urlaubcornwall.de\/blog\/geevor-zinn-bergwerk\/","og_site_name":"Urlaub &amp; Reisen","article_modified_time":"2020-02-10T10:23:19+00:00","twitter_card":"summary","twitter_misc":{"Est. reading time":"2 minutes"},"schema":{"@context":"https:\/\/schema.org","@graph":[{"@type":"WebSite","@id":"https:\/\/www.urlaubcornwall.de\/blog\/#website","url":"https:\/\/www.urlaubcornwall.de\/blog\/","name":"Urlaub &amp; Reisen","description":"Urlaub, Reisen, Cornwall und S\u00fcdengland: eine perfekte Kombination","potentialAction":[{"@type":"SearchAction","target":{"@type":"EntryPoint","urlTemplate":"https:\/\/www.urlaubcornwall.de\/blog\/?s={search_term_string}"},"query-input":"required name=search_term_string"}],"inLanguage":"en-US"},{"@type":"WebPage","@id":"https:\/\/www.urlaubcornwall.de\/blog\/geevor-zinn-bergwerk\/","url":"https:\/\/www.urlaubcornwall.de\/blog\/geevor-zinn-bergwerk\/","name":"Geevor Zinn Bergwerk - Urlaub &amp; Reisen","isPartOf":{"@id":"https:\/\/www.urlaubcornwall.de\/blog\/#website"},"datePublished":"2013-12-10T09:52:44+00:00","dateModified":"2020-02-10T10:23:19+00:00","breadcrumb":{"@id":"https:\/\/www.urlaubcornwall.de\/blog\/geevor-zinn-bergwerk\/#breadcrumb"},"inLanguage":"en-US","potentialAction":[{"@type":"ReadAction","target":["https:\/\/www.urlaubcornwall.de\/blog\/geevor-zinn-bergwerk\/"]}]},{"@type":"BreadcrumbList","@id":"https:\/\/www.urlaubcornwall.de\/blog\/geevor-zinn-bergwerk\/#breadcrumb","itemListElement":[{"@type":"ListItem","position":1,"name":"Home","item":"https:\/\/www.urlaubcornwall.de\/blog\/"},{"@type":"ListItem","position":2,"name":"Geevor Zinn Bergwerk"}]}]}},"_links":{"self":[{"href":"https:\/\/www.urlaubcornwall.de\/blog\/wp-json\/wp\/v2\/pages\/11751"}],"collection":[{"href":"https:\/\/www.urlaubcornwall.de\/blog\/wp-json\/wp\/v2\/pages"}],"about":[{"href":"https:\/\/www.urlaubcornwall.de\/blog\/wp-json\/wp\/v2\/types\/page"}],"author":[{"embeddable":true,"href":"https:\/\/www.urlaubcornwall.de\/blog\/wp-json\/wp\/v2\/users\/1"}],"replies":[{"embeddable":true,"href":"https:\/\/www.urlaubcornwall.de\/blog\/wp-json\/wp\/v2\/comments?post=11751"}],"version-history":[{"count":12,"href":"https:\/\/www.urlaubcornwall.de\/blog\/wp-json\/wp\/v2\/pages\/11751\/revisions"}],"predecessor-version":[{"id":39359,"href":"https:\/\/www.urlaubcornwall.de\/blog\/wp-json\/wp\/v2\/pages\/11751\/revisions\/39359"}],"wp:attachment":[{"href":"https:\/\/www.urlaubcornwall.de\/blog\/wp-json\/wp\/v2\/media?parent=11751"}],"curies":[{"name":"wp","href":"https:\/\/api.w.org\/{rel}","templated":true}]}}