{"id":11327,"date":"2013-09-27T15:28:58","date_gmt":"2013-09-27T15:28:58","guid":{"rendered":"https:\/\/www.urlaubcornwall.de\/blog\/?page_id=11327"},"modified":"2017-01-19T12:06:18","modified_gmt":"2017-01-19T12:06:18","slug":"ferienhaeuser-und-ferienwohnungen-direkt-am-meer-in-england-schottland-und-wales","status":"publish","type":"page","link":"https:\/\/www.urlaubcornwall.de\/blog\/ferienhaeuser-und-ferienwohnungen-direkt-am-meer-in-england-schottland-und-wales\/","title":{"rendered":"Ferienh\u00e4user und Ferienwohnungen direkt am Meer in England, Schottland und Wales."},"content":{"rendered":"<div id=\"attachment_5709\" style=\"width: 755px\" class=\"wp-caption aligncenter\"><a href=\"https:\/\/www.urlaubcornwall.de\/blog\/wp-content\/uploads\/2012\/10\/IMG_05991-Rundreise-resized1.jpg\"><img aria-describedby=\"caption-attachment-5709\" loading=\"lazy\" class=\"size-full wp-image-5709 \" style=\"border: 0pt none; padding: 0px;\" src=\"https:\/\/www.urlaubcornwall.de\/blog\/wp-content\/uploads\/2012\/10\/IMG_05991-Rundreise-resized1.jpg\" alt=\"sch\u00f6nsten Str\u00e4nde in Cornwall\" width=\"745\" height=\"215\" srcset=\"https:\/\/www.urlaubcornwall.de\/blog\/wp-content\/uploads\/2012\/10\/IMG_05991-Rundreise-resized1.jpg 745w, https:\/\/www.urlaubcornwall.de\/blog\/wp-content\/uploads\/2012\/10\/IMG_05991-Rundreise-resized1-300x86.jpg 300w\" sizes=\"(max-width: 745px) 100vw, 745px\" \/><\/a><p id=\"caption-attachment-5709\" class=\"wp-caption-text\"><strong>Strandurulaub in Gro\u00dfbritannien<br \/><\/strong><\/p><\/div>\n<p>Von allen L\u00e4ndern der Erde weist die K\u00fcste <a href=\"https:\/\/www.urlaubcornwall.de\/rundreisen\/grossbritannien.php\">Gro\u00dfbritanniens<\/a> einige der kontrastreichsten Landschaften auf. Bei UrlaubCornwall bieten wir Ferienh\u00e4user und Ferienwohnungen in einigen der wundersch\u00f6nsten Orte f\u00fcr einen Strandurlaub in England, Schottland und Wales an. Der Schwerpunkt liegt dabei auf hochwertigen Unterk\u00fcnften in atemberaubenden Orten, ganz in Harmonie mit der Natur.<\/p>\n<p>In England sind <a href=\"https:\/\/www.urlaubcornwall.de\/blog\/trewhiddle-das-perfekte-reiseziel-in-cornwall-fuer-ferien-mit-der-familie-oder-ein-romantisches-wochenende\/\"><span style=\"text-decoration: underline;\"><strong>Trewhiddle<\/strong><\/span><\/a>, in der N\u00e4he von St. Austell, und <a href=\"https:\/\/www.urlaubcornwall.de\/blog\/ferienwohnung-am-fistral-beach-newquay-cornwalls-nordkueste\/\"><span style=\"text-decoration: underline;\"><strong>Fistral Beach<\/strong><\/span><\/a>, unweit von Newquay, ideal gelegen, um ihre jeweiligen Seiten der wundersch\u00f6nen kornischen K\u00fcstenlinie auszukundschaften. Unsere Cottages auf der <a href=\"https:\/\/www.urlaubcornwall.de\/blog\/natural-retreats-auf-der-halbinsel-llyn-wales-luxus-ferienhaeuser-und-ferienwohnungen\/\"><span style=\"text-decoration: underline;\"><strong>Halbinsel Ll\u0177n<\/strong><\/span><\/a> genie\u00dfen nicht nur einen tollen Meerblick, sondern sind auch der perfekte Ort, um Snowdonia und Nordwales zu entdecken.<\/p>\n<p>An der wundersch\u00f6nen und wilden <a href=\"https:\/\/www.urlaubcornwall.de\/blog\/ferienhaeuser-in-john-ogroats-highlands-das-noerdliche-hochland-schottlands\/\"><span style=\"text-decoration: underline;\"><strong>Nordk\u00fcste Schottlands<\/strong><\/span><\/a> k\u00f6nnen Sie in den \u00d6ko-H\u00fctten oder im frisch renovierten Gasthaus in John o\u2019Groats \u00fcbernachten und die perfekte Lage macht den Familienurlaub zum unvergesslichen Erlebnis.<\/p>\n<p><strong>Erfahren Sie mehr \u00fcber unsere Urlaubsretreats am Meer in Gro\u00dfbritannien<\/strong><strong>.<\/strong><\/p>\n<h2>Ferienh\u00e4user &amp; Ferienwohnungen in England<\/h2>\n<p><strong>Fowey, S\u00fcd Cornwall<\/strong><\/p>\n<table>\n<tbody>\n<tr>\n<td><img loading=\"lazy\" class=\"aligncenter size-full wp-image-7093\" style=\"border: 0pt none; padding: 0px;\" src=\"https:\/\/www.urlaubcornwall.de\/blog\/wp-content\/uploads\/2013\/09\/41.jpg\" alt=\"Ferienhaus St Austell \" width=\"148\" height=\"118\"\/><\/td>\n<td>Das perfekte Reiseziel in Cornwall f\u00fcr Ferien mit der Familie oder ein romantisches Wochenende. In einem ruhigen kornischen Tal empfangen Sie diese luxuri\u00f6sen Ferienh\u00e4user und Villen mit 2, 3 oder 4 Schlafzimmern.<a title=\"Familienurlaub Cornwall\" href=\"https:\/\/www.urlaubcornwall.de\/blog\/trewhiddle-das-perfekte-reiseziel-in-cornwall-fuer-ferien-mit-der-familie-oder-ein-romantisches-wochenende\/\"><strong><\/strong><strong><span style=\"text-decoration: underline;\"><br \/>\n<strong>Erfahren Sie mehr<\/strong><\/span><\/strong><strong>&gt;&gt;<\/strong><\/a><\/td>\n<\/tr>\n<\/tbody>\n<\/table>\n<h3>&nbsp;<\/h3>\n<p><strong>Fistral Beach, Nord Cornwall<\/strong><\/p>\n<table>\n<tbody>\n<tr>\n<td><img loading=\"lazy\" class=\"aligncenter size-full wp-image-7093\" style=\"border: 0pt none; padding: 0px;\" src=\"https:\/\/www.urlaubcornwall.de\/blog\/wp-content\/uploads\/2013\/09\/00214.jpg\" alt=\"Ferienwohnungen Newquay\" width=\"148\" height=\"118\"\/><\/td>\n<td>Freuen Sie sich in diesen Ferienwohnungen von Natural Retreats auf luxuri\u00f6se Unterk\u00fcnfte zur Selbstverpflegung mit einem fantastischen Blick auf den Fistral Beach und das Meer.<strong><br \/>\n<\/strong><strong><br \/>\n<\/strong><a href=\"https:\/\/www.urlaubcornwall.de\/blog\/ferienwohnung-am-fistral-beach-newquay-cornwalls-nordkueste\/\"><strong><span style=\"text-decoration: underline;\"><strong>Erfahren Sie mehr<\/strong><\/span><\/strong><strong><\/strong><strong>&gt;&gt;<\/strong><\/a><\/td>\n<\/tr>\n<\/tbody>\n<\/table>\n<h3>&nbsp;<\/h3>\n<p><strong>Ferienh\u00e4user, Cottages &amp; Ferienwohnungen S\u00fcdk\u00fcste England<\/strong><\/p>\n<table>\n<tbody>\n<tr>\n<td><img loading=\"lazy\" class=\"aligncenter size-full wp-image-7093\" style=\"border: 0pt none; padding: 0px;\" src=\"https:\/\/www.urlaubcornwall.de\/blog\/wp-content\/uploads\/2014\/03\/Polurrian-Bay-351.jpg\" alt=\"\" width=\"148\" height=\"118\"\/><\/td>\n<td>W\u00e4hlen Sie aus \u00fcber 900 pers\u00f6nlich inspizierten Ferienh\u00e4usern, Cottages &amp; Ferienwohnungen in <a href=\"http:\/\/www.urlaubcornwall.de\/ferienhaeuser-fewos.php\"><span style=\"text-decoration: underline;\"><strong>Cornwall<\/strong><\/span><\/a>, <a href=\"http:\/\/www.urlaubcornwall.de\/ferienhaeuser-fewos\/devon.html\"><span style=\"text-decoration: underline;\"><strong>Devon<\/strong><\/span><\/a>, <a href=\"http:\/\/www.urlaubcornwall.de\/ferienhaeuser-fewos\/dorset.html\"><span style=\"text-decoration: underline;\"><strong>Dorset<\/strong><\/span><\/a>, <a href=\"https:\/\/www.urlaubcornwall.de\/blog\/ferienhaeuser-und-ferienwohnungen-in-kent\/\"><span style=\"text-decoration: underline;\"><strong>Kent<\/strong><\/span><\/a>, <a href=\"https:\/\/www.urlaubcornwall.de\/blog\/ferienhaeuser-und-ferienwohnungen-in-sussex\/\"><span style=\"text-decoration: underline;\"><strong>Sussex<\/strong><\/span><\/a> und <a href=\"http:\/\/www.urlaubcornwall.de\/ferienhaeuser-fewos\/somerset.html\"><span style=\"text-decoration: underline;\"><strong>Somerset<\/strong><\/span><\/a>. W\u00e4hlen Sie zwischen reetgedeckten Cottages, Luxusferienh\u00e4usern oder gem\u00fctlichen Appartements in bester Lage, die alle bedachtsam \u00fcberpr\u00fcft wurden, so dass Sie keine Entt\u00e4uschungen zu f\u00fcrchten brauchen.<strong><br \/>\n<\/strong><strong><br \/>\n<\/strong><\/td>\n<\/tr>\n<\/tbody>\n<\/table>\n<h3>&nbsp;<\/h3>\n<h2>Ferienh\u00e4user &amp; Ferienwohnungen in Schottland<\/h2>\n<p><strong>John O&#8217;Groats, Nordschottland Highlands<\/strong><\/p>\n<table>\n<tbody>\n<tr>\n<td><img loading=\"lazy\" class=\"aligncenter size-full wp-image-7095\" style=\"border: 0pt none; padding: 0px;\" src=\"https:\/\/www.urlaubcornwall.de\/blog\/wp-content\/uploads\/2013\/09\/0391.jpg\" alt=\"Ferienhaus Schottland \" width=\"148\" height=\"118\"\/><\/td>\n<td>Sie k\u00f6nnen Schwertwale in ihrer nat\u00fcrlichen Umgebung beobachten, einen Blick auf die Nordlichter erhaschen und das alles direkt hier in Gro\u00dfbritannien in John O\u2018Groats, dem n\u00f6rdlichsten Punkt von Schottland.<a href=\"http:\/\/www.urlaubcornwall.de\/ferienhaeuser-fewos\/sonderangebote-somerset.html\"><strong><span style=\"text-decoration: underline;\"><br \/>\n<\/span><\/strong><\/a><a href=\"https:\/\/www.urlaubcornwall.de\/blog\/ferienhaeuser-in-john-ogroats-highlands-das-noerdliche-hochland-schottlands\/\"><strong><span style=\"text-decoration: underline;\"><strong>Erfahren Sie mehr<\/strong><\/span><\/strong><strong>&gt;&gt;<\/strong><\/a><\/td>\n<\/tr>\n<\/tbody>\n<\/table>\n<h3>&nbsp;<\/h3>\n<h2><strong>Ferienh\u00e4user &amp; Ferienwohnungen in Wales<\/strong><\/h2>\n<p><strong>Halbinsel Ll\u0177n, Nordkuste Wales<\/strong><\/p>\n<table>\n<tbody>\n<tr>\n<td><img loading=\"lazy\" class=\"aligncenter size-full wp-image-7095\" style=\"border: 0pt none; padding: 0px;\" src=\"https:\/\/www.urlaubcornwall.de\/blog\/wp-content\/uploads\/2013\/08\/IMGA0012.jpg\" alt=\"Ferienhaus Nordwales \" width=\"148\" height=\"118\"\/><\/td>\n<td>An der walisischen Nordk\u00fcste gelegen, ist das Natural Retreats auf der Halbinsel Ll\u0177n das perfekte Refugium an der K\u00fcste und bietet eine ideale Basis f\u00fcr einen Urlaub in Wales.<a href=\"http:\/\/www.urlaubcornwall.de\/ferienhaeuser-fewos\/sonderangebote-somerset.html\"><strong><span style=\"text-decoration: underline;\"><br \/>\n<\/span><\/strong><\/a><a href=\"https:\/\/www.urlaubcornwall.de\/blog\/natural-retreats-auf-der-halbinsel-llyn-wales-luxus-ferienhaeuser-und-ferienwohnungen\/\"><strong><span style=\"text-decoration: underline;\"><strong>Erfahren Sie mehr<\/strong><\/span><\/strong><strong>&gt;&gt;<\/strong><\/a><\/td>\n<\/tr>\n<\/tbody>\n<\/table>\n<h3>&nbsp;<\/h3>\n<p style=\"text-align: right;\"><a href=\"https:\/\/plus.google.com\/103486003688192803777\/about?rel=author\">Niall MacDougall Google+<\/a><\/p>\n","protected":false},"excerpt":{"rendered":"<p>Von allen L\u00e4ndern der Erde weist die K\u00fcste Gro\u00dfbritanniens einige der kontrastreichsten Landschaften auf. Bei UrlaubCornwall bieten wir Ferienh\u00e4user und Ferienwohnungen in einigen der wundersch\u00f6nsten Orte f\u00fcr einen Strandurlaub in England, Schottland und Wales an. Der Schwerpunkt liegt dabei auf hochwertigen Unterk\u00fcnften in atemberaubenden Orten, ganz in Harmonie mit der Natur. In England sind Trewhiddle, [&hellip;]<\/p>\n","protected":false},"author":1,"featured_media":0,"parent":0,"menu_order":0,"comment_status":"closed","ping_status":"closed","template":"single-four.php","meta":[],"acf":[],"yoast_head":"<!-- This site is optimized with the Yoast SEO plugin v19.4 - https:\/\/yoast.com\/wordpress\/plugins\/seo\/ -->\n<title>Ferienh\u00e4user und Ferienwohnungen direkt am Meer in England, Schottland und Wales. - Urlaub &amp; Reisen<\/title>\n<meta name=\"robots\" content=\"index, follow, max-snippet:-1, max-image-preview:large, max-video-preview:-1\" \/>\n<link rel=\"canonical\" href=\"https:\/\/www.urlaubcornwall.de\/blog\/ferienhaeuser-und-ferienwohnungen-direkt-am-meer-in-england-schottland-und-wales\/\" \/>\n<meta property=\"og:locale\" content=\"en_US\" \/>\n<meta property=\"og:type\" content=\"article\" \/>\n<meta property=\"og:title\" content=\"Ferienh\u00e4user und Ferienwohnungen direkt am Meer in England, Schottland und Wales. - Urlaub &amp; Reisen\" \/>\n<meta property=\"og:description\" content=\"Von allen L\u00e4ndern der Erde weist die K\u00fcste Gro\u00dfbritanniens einige der kontrastreichsten Landschaften auf. Bei UrlaubCornwall bieten wir Ferienh\u00e4user und Ferienwohnungen in einigen der wundersch\u00f6nsten Orte f\u00fcr einen Strandurlaub in England, Schottland und Wales an. Der Schwerpunkt liegt dabei auf hochwertigen Unterk\u00fcnften in atemberaubenden Orten, ganz in Harmonie mit der Natur. In England sind Trewhiddle, [&hellip;]\" \/>\n<meta property=\"og:url\" content=\"https:\/\/www.urlaubcornwall.de\/blog\/ferienhaeuser-und-ferienwohnungen-direkt-am-meer-in-england-schottland-und-wales\/\" \/>\n<meta property=\"og:site_name\" content=\"Urlaub &amp; Reisen\" \/>\n<meta property=\"article:modified_time\" content=\"2017-01-19T12:06:18+00:00\" \/>\n<meta property=\"og:image\" content=\"https:\/\/www.urlaubcornwall.de\/blog\/wp-content\/uploads\/2012\/10\/IMG_05991-Rundreise-resized1.jpg\" \/>\n<meta name=\"twitter:card\" content=\"summary\" \/>\n<meta name=\"twitter:label1\" content=\"Est. reading time\" \/>\n\t<meta name=\"twitter:data1\" content=\"2 minutes\" \/>\n<script type=\"application\/ld+json\" class=\"yoast-schema-graph\">{\"@context\":\"https:\/\/schema.org\",\"@graph\":[{\"@type\":\"WebSite\",\"@id\":\"https:\/\/www.urlaubcornwall.de\/blog\/#website\",\"url\":\"https:\/\/www.urlaubcornwall.de\/blog\/\",\"name\":\"Urlaub &amp; Reisen\",\"description\":\"Urlaub, Reisen, Cornwall und S\u00fcdengland: eine perfekte Kombination\",\"potentialAction\":[{\"@type\":\"SearchAction\",\"target\":{\"@type\":\"EntryPoint\",\"urlTemplate\":\"https:\/\/www.urlaubcornwall.de\/blog\/?s={search_term_string}\"},\"query-input\":\"required name=search_term_string\"}],\"inLanguage\":\"en-US\"},{\"@type\":\"WebPage\",\"@id\":\"https:\/\/www.urlaubcornwall.de\/blog\/ferienhaeuser-und-ferienwohnungen-direkt-am-meer-in-england-schottland-und-wales\/\",\"url\":\"https:\/\/www.urlaubcornwall.de\/blog\/ferienhaeuser-und-ferienwohnungen-direkt-am-meer-in-england-schottland-und-wales\/\",\"name\":\"Ferienh\u00e4user und Ferienwohnungen direkt am Meer in England, Schottland und Wales. - Urlaub &amp; Reisen\",\"isPartOf\":{\"@id\":\"https:\/\/www.urlaubcornwall.de\/blog\/#website\"},\"datePublished\":\"2013-09-27T15:28:58+00:00\",\"dateModified\":\"2017-01-19T12:06:18+00:00\",\"breadcrumb\":{\"@id\":\"https:\/\/www.urlaubcornwall.de\/blog\/ferienhaeuser-und-ferienwohnungen-direkt-am-meer-in-england-schottland-und-wales\/#breadcrumb\"},\"inLanguage\":\"en-US\",\"potentialAction\":[{\"@type\":\"ReadAction\",\"target\":[\"https:\/\/www.urlaubcornwall.de\/blog\/ferienhaeuser-und-ferienwohnungen-direkt-am-meer-in-england-schottland-und-wales\/\"]}]},{\"@type\":\"BreadcrumbList\",\"@id\":\"https:\/\/www.urlaubcornwall.de\/blog\/ferienhaeuser-und-ferienwohnungen-direkt-am-meer-in-england-schottland-und-wales\/#breadcrumb\",\"itemListElement\":[{\"@type\":\"ListItem\",\"position\":1,\"name\":\"Home\",\"item\":\"https:\/\/www.urlaubcornwall.de\/blog\/\"},{\"@type\":\"ListItem\",\"position\":2,\"name\":\"Ferienh\u00e4user und Ferienwohnungen direkt am Meer in England, Schottland und Wales.\"}]}]}<\/script>\n<!-- \/ Yoast SEO plugin. -->","yoast_head_json":{"title":"Ferienh\u00e4user und Ferienwohnungen direkt am Meer in England, Schottland und Wales. - Urlaub &amp; Reisen","robots":{"index":"index","follow":"follow","max-snippet":"max-snippet:-1","max-image-preview":"max-image-preview:large","max-video-preview":"max-video-preview:-1"},"canonical":"https:\/\/www.urlaubcornwall.de\/blog\/ferienhaeuser-und-ferienwohnungen-direkt-am-meer-in-england-schottland-und-wales\/","og_locale":"en_US","og_type":"article","og_title":"Ferienh\u00e4user und Ferienwohnungen direkt am Meer in England, Schottland und Wales. - Urlaub &amp; Reisen","og_description":"Von allen L\u00e4ndern der Erde weist die K\u00fcste Gro\u00dfbritanniens einige der kontrastreichsten Landschaften auf. Bei UrlaubCornwall bieten wir Ferienh\u00e4user und Ferienwohnungen in einigen der wundersch\u00f6nsten Orte f\u00fcr einen Strandurlaub in England, Schottland und Wales an. Der Schwerpunkt liegt dabei auf hochwertigen Unterk\u00fcnften in atemberaubenden Orten, ganz in Harmonie mit der Natur. In England sind Trewhiddle, [&hellip;]","og_url":"https:\/\/www.urlaubcornwall.de\/blog\/ferienhaeuser-und-ferienwohnungen-direkt-am-meer-in-england-schottland-und-wales\/","og_site_name":"Urlaub &amp; Reisen","article_modified_time":"2017-01-19T12:06:18+00:00","og_image":[{"url":"https:\/\/www.urlaubcornwall.de\/blog\/wp-content\/uploads\/2012\/10\/IMG_05991-Rundreise-resized1.jpg"}],"twitter_card":"summary","twitter_misc":{"Est. reading time":"2 minutes"},"schema":{"@context":"https:\/\/schema.org","@graph":[{"@type":"WebSite","@id":"https:\/\/www.urlaubcornwall.de\/blog\/#website","url":"https:\/\/www.urlaubcornwall.de\/blog\/","name":"Urlaub &amp; Reisen","description":"Urlaub, Reisen, Cornwall und S\u00fcdengland: eine perfekte Kombination","potentialAction":[{"@type":"SearchAction","target":{"@type":"EntryPoint","urlTemplate":"https:\/\/www.urlaubcornwall.de\/blog\/?s={search_term_string}"},"query-input":"required name=search_term_string"}],"inLanguage":"en-US"},{"@type":"WebPage","@id":"https:\/\/www.urlaubcornwall.de\/blog\/ferienhaeuser-und-ferienwohnungen-direkt-am-meer-in-england-schottland-und-wales\/","url":"https:\/\/www.urlaubcornwall.de\/blog\/ferienhaeuser-und-ferienwohnungen-direkt-am-meer-in-england-schottland-und-wales\/","name":"Ferienh\u00e4user und Ferienwohnungen direkt am Meer in England, Schottland und Wales. - Urlaub &amp; Reisen","isPartOf":{"@id":"https:\/\/www.urlaubcornwall.de\/blog\/#website"},"datePublished":"2013-09-27T15:28:58+00:00","dateModified":"2017-01-19T12:06:18+00:00","breadcrumb":{"@id":"https:\/\/www.urlaubcornwall.de\/blog\/ferienhaeuser-und-ferienwohnungen-direkt-am-meer-in-england-schottland-und-wales\/#breadcrumb"},"inLanguage":"en-US","potentialAction":[{"@type":"ReadAction","target":["https:\/\/www.urlaubcornwall.de\/blog\/ferienhaeuser-und-ferienwohnungen-direkt-am-meer-in-england-schottland-und-wales\/"]}]},{"@type":"BreadcrumbList","@id":"https:\/\/www.urlaubcornwall.de\/blog\/ferienhaeuser-und-ferienwohnungen-direkt-am-meer-in-england-schottland-und-wales\/#breadcrumb","itemListElement":[{"@type":"ListItem","position":1,"name":"Home","item":"https:\/\/www.urlaubcornwall.de\/blog\/"},{"@type":"ListItem","position":2,"name":"Ferienh\u00e4user und Ferienwohnungen direkt am Meer in England, Schottland und Wales."}]}]}},"_links":{"self":[{"href":"https:\/\/www.urlaubcornwall.de\/blog\/wp-json\/wp\/v2\/pages\/11327"}],"collection":[{"href":"https:\/\/www.urlaubcornwall.de\/blog\/wp-json\/wp\/v2\/pages"}],"about":[{"href":"https:\/\/www.urlaubcornwall.de\/blog\/wp-json\/wp\/v2\/types\/page"}],"author":[{"embeddable":true,"href":"https:\/\/www.urlaubcornwall.de\/blog\/wp-json\/wp\/v2\/users\/1"}],"replies":[{"embeddable":true,"href":"https:\/\/www.urlaubcornwall.de\/blog\/wp-json\/wp\/v2\/comments?post=11327"}],"version-history":[{"count":12,"href":"https:\/\/www.urlaubcornwall.de\/blog\/wp-json\/wp\/v2\/pages\/11327\/revisions"}],"predecessor-version":[{"id":14735,"href":"https:\/\/www.urlaubcornwall.de\/blog\/wp-json\/wp\/v2\/pages\/11327\/revisions\/14735"}],"wp:attachment":[{"href":"https:\/\/www.urlaubcornwall.de\/blog\/wp-json\/wp\/v2\/media?parent=11327"}],"curies":[{"name":"wp","href":"https:\/\/api.w.org\/{rel}","templated":true}]}}